CREATE TABLE `module` (
  `moduleId` int(11) NOT NULL,
  `module` varchar(50) NOT NULL,
  `name` varchar(50) NOT NULL,
  `enabled` tinyint(4) NOT NULL DEFAULT '0',
  `regionSpecific` tinyint(4) NOT NULL DEFAULT '1',
  `description` varchar(254) DEFAULT NULL,
  `schemaVersion` int(11) NOT NULL DEFAULT '1',
  `validExtensions` varchar(254) DEFAULT NULL,
  `previewEnabled` tinyint(4) NOT NULL DEFAULT '1',
  `assignable` tinyint(4) NOT NULL DEFAULT '1',
  `render_as` varchar(10) DEFAULT NULL,
  `settings` text,
  `viewPath` varchar(254) NOT NULL DEFAULT '../modules',
  `class` varchar(254) NOT NULL,
  `defaultDuration` int(11) NOT NULL,
  `installName` varchar(254) DEFAULT NULL
) ENGINE=InnoDB DEFAULT CHARSET=utf8;

--
-- Despejando dados para a tabela `module`
--

INSERT INTO `module` (`moduleId`, `module`, `name`, `enabled`, `regionSpecific`, `description`, `schemaVersion`, `validExtensions`, `previewEnabled`, `assignable`, `render_as`, `settings`, `viewPath`, `class`, `defaultDuration`, `installName`) VALUES
(1, 'Image', 'Image', 1, 0, 'Upload Image files to assign to Layouts', 1, 'jpg,jpeg,png,bmp,gif', 1, 1, NULL, '{\"defaultScaleTypeId\":\"center\"}', '../modules', 'Xibo\\Widget\\Image', 10, NULL),
(2, 'Video', 'Video', 1, 0, 'Upload Video files to assign to Layouts', 1, 'wmv,avi,mpg,mpeg,webm,mp4,m4v,mp3', 0, 1, NULL, '{\"defaultMute\":0}', '../modules', 'Xibo\\Widget\\Video', 0, NULL),
(3, 'Flash', 'Flash', 1, 0, 'Upload SWF files to assign to Layouts', 1, 'swf', 1, 1, NULL, NULL, '../modules', 'Xibo\\Widget\\Flash', 10, NULL),
(4, 'PowerPoint', 'PowerPoint', 1, 0, 'Upload a PowerPoint file to assign to Layouts', 1, 'ppt,pps,pptx', 1, 1, NULL, NULL, '../modules', 'Xibo\\Widget\\PowerPoint', 10, NULL),
(5, 'Webpage', 'Webpage', 1, 1, 'Embed a Webpage', 1, NULL, 1, 1, NULL, NULL, '../modules', 'Xibo\\Widget\\WebPage', 60, NULL),
(6, 'Ticker', 'Ticker', 1, 1, 'Display dynamic feed content', 1, NULL, 1, 1, NULL, '[]', '../modules', 'Xibo\\Widget\\Ticker', 5, NULL),
(7, 'Text', 'Text', 1, 1, 'Add Text directly to a Layout', 1, NULL, 1, 1, NULL, NULL, '../modules', 'Xibo\\Widget\\Text', 5, NULL),
(8, 'Embedded', 'Embedded', 1, 1, 'Embed HTML and JavaScript', 1, NULL, 1, 1, NULL, NULL, '../modules', 'Xibo\\Widget\\Embedded', 60, NULL),
(11, 'datasetview', 'DataSet View', 1, 1, 'Organise and display DataSet data in a tabular format', 1, NULL, 1, 1, NULL, NULL, '../modules', 'Xibo\\Widget\\DataSetView', 60, NULL),
(12, 'shellcommand', 'Shell Command', 1, 1, 'Instruct a Display to execute a command using the operating system shell', 1, NULL, 1, 1, NULL, NULL, '../modules', 'Xibo\\Widget\\ShellCommand', 3, NULL),
(13, 'localvideo', 'Local Video', 1, 1, 'Display Video that only exists on the Display by providing a local file path or URL', 1, NULL, 0, 1, NULL, NULL, '../modules', 'Xibo\\Widget\\LocalVideo', 60, NULL),
(14, 'genericfile', 'Generic File', 1, 0, 'A generic file to be stored in the library', 1, ',js,html,htm', 0, 0, NULL, NULL, '../modules', 'Xibo\\Widget\\GenericFile', 10, NULL),
(15, 'clock', 'Clock', 1, 1, 'Assign a type of Clock or a Countdown', 1, NULL, 1, 1, 'html', '[]', '../modules', 'Xibo\\Widget\\Clock', 5, NULL),
(16, 'font', 'Font', 1, 0, 'A font to use in other Modules', 1, 'ttf,otf,eot,svg,woff', 0, 0, NULL, '[]', '../modules', 'Xibo\\Widget\\Font', 10, NULL),
(17, 'audio', 'Audio', 1, 0, 'Upload Audio files to assign to Layouts', 1, 'mp3,wav', 0, 1, NULL, NULL, '../modules', 'Xibo\\Widget\\Audio', 0, NULL),
(18, 'pdf', 'PDF', 1, 0, 'Upload PDF files to assign to Layouts', 1, 'pdf', 1, 1, 'html', NULL, '../modules', 'Xibo\\Widget\\Pdf', 60, NULL),
(19, 'notificationview', 'Notification', 1, 1, 'Display messages created in the Notification Drawer of the CMS', 1, NULL, 1, 1, 'html', NULL, '../modules', 'Xibo\\Widget\\NotificationView', 10, NULL),
(20, 'subplaylist', 'Sub-Playlist', 1, 1, 'Embed a Sub-Playlist', 1, NULL, 1, 1, 'native', NULL, '../modules', 'Xibo\\Widget\\SubPlaylist', 10, NULL),
(21, 'datasetticker', 'DataSet Ticker', 1, 1, 'Ticker with a DataSet providing the items', 1, NULL, 1, 1, 'html', NULL, '../modules', 'Xibo\\Widget\\DataSetTicker', 10, NULL),
(22, 'playersoftware', 'Player Software', 1, 0, 'A module for managing Player Versions', 1, 'apk,ipk,wgt', 0, 0, NULL, NULL, '../modules', 'Xibo\\Widget\\PlayerSoftware', 10, NULL),
(23, 'htmlpackage', 'HTML Package', 1, 0, 'Upload a complete package to distribute to Players', 1, 'htz', 0, 1, 'native', NULL, '../modules', 'Xibo\\Widget\\HtmlPackage', 60, NULL),
(24, 'videoin', 'Video In', 1, 1, 'Display input from an external source', 1, NULL, 0, 1, 'native', NULL, '../modules', 'Xibo\\Widget\\VideoIn', 60, NULL),
(25, 'hls', 'HLS', 1, 1, 'Display live streamed content', 1, NULL, 1, 1, 'html', NULL, '../modules', 'Xibo\\Widget\\Hls', 60, NULL),
(26, 'calendar', 'Calendar', 1, 1, 'Display events from an iCAL feed', 1, NULL, 1, 1, 'html', NULL, '../modules', 'Xibo\\Widget\\Calendar', 60, NULL),
(27, 'chart', 'Chart', 1, 1, 'Display information held in a DataSet as a type of Chart', 1, NULL, 1, 1, 'html', NULL, '../modules', 'Xibo\\Widget\\Chart', 240, NULL),
(28, 'savedreport', 'Saved Reports', 1, 0, 'A saved report to be stored in the library', 1, 'json', 0, 0, NULL, NULL, '../modules', 'Xibo\\Widget\\SavedReport', 10, 'savedreport'),
(29, 'spacer', 'Spacer', 1, 1, 'Make a Region empty for a specified duration', 1, NULL, 0, 1, 'html', NULL, '../modules', 'Xibo\\Widget\\Spacer', 60, 'spacer'),
(30, 'countdown', 'Countdown', 1, 1, 'Countdown Module', 1, NULL, 1, 1, 'html', NULL, '../modules', 'Xibo\\Widget\\Countdown', 60, 'countdown'),
(31, 'forecastio', 'Weather', 1, 1, 'Weather Powered by DarkSky', 1, NULL, 1, 1, 'html', '{\"apiKey\":\"aee7adc0354c486c14c07d4c09117939\",\"owmApiKey\":null,\"owmIsPaidPlan\":0,\"cachePeriod\":1440}', '../modules', 'Xibo\\Widget\\ForecastIo', 60, 'forecastio');

-- --------------------------------------------------------

--
-- Estrutura para tabela `notification`
--

CREATE TABLE `notification` (
  `notificationId` int(11) NOT NULL,
  `subject` varchar(255) NOT NULL,
  `body` longtext NOT NULL,
  `createDt` int(11) NOT NULL,
  `releaseDt` int(11) NOT NULL,
  `isEmail` tinyint(4) NOT NULL,
  `isInterrupt` tinyint(4) NOT NULL,
  `isSystem` tinyint(4) NOT NULL,
  `userId` int(11) NOT NULL,
  `filename` varchar(1000) DEFAULT NULL,
  `nonusers` varchar(1000) DEFAULT NULL,
  `originalFileName` varchar(254) DEFAULT NULL
) ENGINE=InnoDB DEFAULT CHARSET=utf8;

--
-- Despejando dados para a tabela `notification`
--

INSERT INTO `notification` (`notificationId`, `subject`, `body`, `createDt`, `releaseDt`, `isEmail`, `isInterrupt`, `isSystem`, `userId`, `filename`, `nonusers`, `originalFileName`) VALUES
(131, 'Error publishing layout ID 247', 'Publishing layout ID 247 with name TABELA - Açougue ÍTENS e OFERTAS - MATADOURO failed. With message Layout não encontrado', 1732663490, 1732663490, 1, 0, 1, 1, NULL, NULL, NULL);

-- --------------------------------------------------------

--
-- Estrutura para tabela `oauth_access_tokens`
--

CREATE TABLE `oauth_access_tokens` (
  `access_token` varchar(254) NOT NULL,
  `session_id` int(11) NOT NULL,
  `expire_time` int(11) NOT NULL
) ENGINE=InnoDB DEFAULT CHARSET=utf8;

-- --------------------------------------------------------

--
-- Estrutura para tabela `oauth_access_token_scopes`
--

CREATE TABLE `oauth_access_token_scopes` (
  `id` int(11) NOT NULL,
  `access_token` varchar(254) NOT NULL,
  `scope` varchar(254) NOT NULL
) ENGINE=InnoDB DEFAULT CHARSET=utf8;

-- --------------------------------------------------------

--
-- Estrutura para tabela `oauth_auth_codes`
--

CREATE TABLE `oauth_auth_codes` (
  `auth_code` varchar(254) NOT NULL,
  `session_id` int(11) NOT NULL,
  `expire_time` int(11) NOT NULL,
  `client_redirect_uri` varchar(500) NOT NULL
) ENGINE=InnoDB DEFAULT CHARSET=utf8;

-- --------------------------------------------------------

--
-- Estrutura para tabela `oauth_auth_code_scopes`
--

CREATE TABLE `oauth_auth_code_scopes` (
  `id` int(11) NOT NULL,
  `auth_code` varchar(254) NOT NULL,
  `scope` varchar(254) NOT NULL
) ENGINE=InnoDB DEFAULT CHARSET=utf8;

-- --------------------------------------------------------

--
-- Estrutura para tabela `oauth_clients`
--

CREATE TABLE `oauth_clients` (
  `id` varchar(254) NOT NULL,
  `secret` varchar(254) NOT NULL,
  `name` varchar(254) NOT NULL,
  `userId` int(11) NOT NULL,
  `authCode` tinyint(4) NOT NULL,
  `clientCredentials` tinyint(4) NOT NULL
) ENGINE=InnoDB DEFAULT CHARSET=utf8;

--
-- Despejando dados para a tabela `oauth_clients`
--

INSERT INTO `oauth_clients` (`id`, `secret`, `name`, `userId`, `authCode`, `clientCredentials`) VALUES
('ocDfSFVL355873JodMjU6kV1rVBTBsgY2pXFjTkl', 'QTiRBgH9FY4h8DzO1LECkztReSaDkWZHpDtzpKyezsNRMdsqNEhGqKq4iqufzD90AvCKwrZvBrheDEyUanSTi89zY7hOnrXsdHQx94RMLJdV8BWmKzptglEYGDZwSaoRx9S0ngrPScWCpG6GzfkEh6qpzSHpZTfL7e8fGOE5aSq0fppOZMW1tnT2XMV3yNXD3aaC1mj6i2BCWiTMY4gjes86wlG5gA0x1GyaDxEjdONZennltj8agDN6FmJeIN', 'RADIO', 1, 0, 0);

-- --------------------------------------------------------

--
-- Estrutura para tabela `oauth_client_redirect_uris`
--

CREATE TABLE `oauth_client_redirect_uris` (
  `id` int(11) NOT NULL,
  `client_id` varchar(254) NOT NULL,
  `redirect_uri` varchar(500) NOT NULL
) ENGINE=InnoDB DEFAULT CHARSET=utf8;

-- --------------------------------------------------------

--
-- Estrutura para tabela `oauth_client_scopes`
--

CREATE TABLE `oauth_client_scopes` (
  `id` int(11) NOT NULL,
  `clientId` varchar(254) NOT NULL,
  `scopeId` varchar(254) NOT NULL
) ENGINE=InnoDB DEFAULT CHARSET=utf8;

-- --------------------------------------------------------

--
-- Estrutura para tabela `oauth_refresh_tokens`
--

CREATE TABLE `oauth_refresh_tokens` (
  `refresh_token` varchar(254) NOT NULL,
  `expire_time` int(11) NOT NULL,
  `access_token` varchar(254) NOT NULL
) ENGINE=InnoDB DEFAULT CHARSET=utf8;

-- --------------------------------------------------------

--
-- Estrutura para tabela `oauth_scopes`
--

CREATE TABLE `oauth_scopes` (
  `id` varchar(254) NOT NULL,
  `description` varchar(1000) NOT NULL
) ENGINE=InnoDB DEFAULT CHARSET=utf8;

--
-- Despejando dados para a tabela `oauth_scopes`
--

INSERT INTO `oauth_scopes` (`id`, `description`) VALUES
('all', 'All');

-- --------------------------------------------------------

--
-- Estrutura para tabela `oauth_scope_routes`
--

CREATE TABLE `oauth_scope_routes` (
  `id` int(11) NOT NULL,
  `scopeId` varchar(254) NOT NULL,
  `route` varchar(1000) NOT NULL,
  `method` varchar(8) NOT NULL
) ENGINE=InnoDB DEFAULT CHARSET=utf8;

-- --------------------------------------------------------

--
-- Estrutura para tabela `oauth_sessions`
--

CREATE TABLE `oauth_sessions` (
  `id` int(11) NOT NULL,
  `owner_type` varchar(254) NOT NULL,
  `owner_id` varchar(254) NOT NULL,
  `client_id` varchar(254) NOT NULL,
  `client_redirect_uri` varchar(500) DEFAULT NULL
) ENGINE=InnoDB DEFAULT CHARSET=utf8;

-- --------------------------------------------------------

--
-- Estrutura para tabela `oauth_session_scopes`
--

CREATE TABLE `oauth_session_scopes` (
  `id` int(11) NOT NULL,
  `session_id` int(11) NOT NULL,
  `scope` varchar(254) NOT NULL
) ENGINE=InnoDB DEFAULT CHARSET=utf8;

-- --------------------------------------------------------

--
-- Estrutura para tabela `pages`
--

CREATE TABLE `pages` (
  `pageId` int(11) NOT NULL,
  `name` varchar(50) NOT NULL,
  `title` varchar(100) NOT NULL,
  `asHome` tinyint(4) NOT NULL DEFAULT '0'
) ENGINE=InnoDB DEFAULT CHARSET=utf8;

--
-- Despejando dados para a tabela `pages`
--

INSERT INTO `pages` (`pageId`, `name`, `title`, `asHome`) VALUES
(1, 'icondashboard', 'Icon Dashboard', 1),
(2, 'schedule', 'Schedule', 1),
(3, 'mediamanager', 'Media Dashboard', 1),
(4, 'layout', 'Layout', 1),
(5, 'library', 'Library', 1),
(6, 'display', 'Displays', 1),
(7, 'update', 'Update', 0),
(8, 'admin', 'Administration', 0),
(9, 'group', 'User Groups', 1),
(10, 'log', 'Log', 1),
(11, 'user', 'Users', 1),
(12, 'license', 'Licence', 1),
(13, 'index', 'Home', 0),
(14, 'module', 'Modules', 1),
(15, 'template', 'Templates', 1),
(16, 'fault', 'Report Fault', 1),
(17, 'stats', 'Statistics', 1),
(18, 'manual', 'Manual', 0),
(19, 'resolution', 'Resolutions', 1),
(20, 'help', 'Help Links', 1),
(21, 'clock', 'Clock', 0),
(22, 'displaygroup', 'Display Groups', 1),
(23, 'application', 'Applications', 1),
(24, 'dataset', 'DataSets', 1),
(25, 'campaign', 'Campaigns', 1),
(26, 'transition', 'Transitions', 1),
(27, 'sessions', 'Sessions', 1),
(28, 'preview', 'Preview', 0),
(29, 'statusdashboard', 'Status Dashboard', 1),
(30, 'displayprofile', 'Display Profiles', 1),
(31, 'audit', 'Audit Trail', 0),
(32, 'region', 'Regions', 0),
(33, 'playlist', 'Playlist', 1),
(34, 'maintenance', 'Maintenance', 0),
(35, 'command', 'Commands', 1),
(36, 'notification', 'Notifications', 0),
(37, 'drawer', 'Notification Drawer', 0),
(38, 'daypart', 'Dayparting', 0),
(39, 'task', 'Tasks', 1),
(40, 'playersoftware', 'Player Software', 0),
(41, 'schedulenow', 'Schedule Now', 0),
(42, 'report', 'Report', 0),
(43, 'playlistdashboard', 'Playlist Dashboard', 1);

-- --------------------------------------------------------

--
-- Estrutura para tabela `permission`
--

CREATE TABLE `permission` (
  `permissionId` int(11) NOT NULL,
  `entityId` int(11) NOT NULL,
  `groupId` int(11) NOT NULL,
  `objectId` int(11) NOT NULL,
  `view` tinyint(4) NOT NULL,
  `edit` tinyint(4) NOT NULL,
  `delete` tinyint(4) NOT NULL
) ENGINE=InnoDB DEFAULT CHARSET=utf8;

--
-- Despejando dados para a tabela `permission`
--

INSERT INTO `permission` (`permissionId`, `entityId`, `groupId`, `objectId`, `view`, `edit`, `delete`) VALUES
(1, 1, 1, 1, 1, 0, 0),
(2, 1, 1, 13, 1, 0, 0),
(3, 1, 1, 4, 1, 0, 0),
(4, 1, 1, 5, 1, 0, 0),
(5, 1, 1, 3, 1, 0, 0),
(6, 1, 1, 33, 1, 0, 0),
(7, 1, 1, 28, 1, 0, 0),
(8, 1, 1, 32, 1, 0, 0),
(9, 1, 1, 2, 1, 0, 0),
(10, 1, 1, 29, 1, 0, 0),
(11, 1, 1, 11, 1, 0, 0),
(12, 11, 2, 1, 1, 0, 0),
(13, 11, 2, 2, 1, 0, 0),
(15, 1, 1, 41, 1, 0, 0),
(16, 1, 3, 41, 1, 0, 0),
(17, 1, 4, 41, 1, 0, 0),
(18, 1, 5, 43, 1, 0, 0),
(19, 1, 5, 5, 1, 0, 0),
(20, 1, 5, 11, 1, 0, 0),
(21, 3, 2, 12, 1, 0, 0),
(22, 3, 2, 13, 1, 0, 0),
(23, 3, 2, 14, 1, 0, 0),
(24, 3, 2, 15, 1, 0, 0),
(25, 3, 2, 16, 1, 0, 0),
(26, 1, 8, 24, 1, 0, 0),
(27, 1, 8, 4, 1, 0, 0),
(28, 1, 8, 28, 1, 0, 0),
(29, 9, 8, 6, 1, 1, 0),
(30, 9, 8, 15, 1, 1, 0),
(31, 9, 8, 16, 1, 1, 0),
(32, 9, 8, 17, 1, 1, 0),
(33, 9, 8, 18, 1, 1, 0),
(34, 9, 8, 7, 1, 1, 0),
(35, 4, 8, 31, 1, 1, 0),
(63, 1, 8, 5, 1, 0, 0),
(64, 1, 8, 32, 1, 0, 0),
(242, 7, 8, 321, 1, 0, 0),
(243, 8, 8, 349, 1, 0, 0),
(244, 5, 8, 541, 1, 0, 0),
(245, 5, 8, 542, 1, 0, 0),
(246, 5, 8, 543, 1, 0, 0),
(247, 5, 8, 544, 1, 0, 0),
(248, 5, 8, 545, 1, 0, 0),
(249, 7, 8, 322, 1, 0, 0),
(250, 8, 8, 350, 1, 0, 0),
(251, 5, 8, 546, 1, 0, 0),
(252, 7, 8, 323, 1, 0, 0),
(253, 8, 8, 351, 1, 0, 0),
(254, 5, 8, 547, 1, 0, 0),
(255, 5, 8, 548, 1, 0, 0),
(256, 5, 8, 549, 1, 0, 0),
(257, 5, 8, 550, 1, 0, 0),
(258, 5, 8, 551, 1, 0, 0),
(327, 1, 11, 25, 1, 0, 0),
(328, 1, 11, 24, 1, 0, 0),
(329, 1, 11, 6, 1, 0, 0),
(330, 1, 11, 22, 1, 0, 0),
(331, 1, 11, 1, 1, 0, 0),
(332, 1, 11, 5, 1, 0, 0),
(333, 1, 11, 3, 1, 0, 0),
(334, 1, 11, 28, 1, 0, 0),
(335, 1, 11, 2, 1, 0, 0),
(336, 1, 12, 25, 1, 0, 0),
(337, 1, 12, 24, 1, 0, 0),
(338, 1, 12, 6, 1, 0, 0),
(339, 1, 12, 22, 1, 0, 0),
(340, 1, 12, 4, 1, 0, 0),
(341, 1, 12, 5, 1, 0, 0),
(342, 1, 12, 28, 1, 0, 0),
(343, 1, 12, 2, 1, 0, 0),
(344, 1, 12, 29, 1, 0, 0),
(379, 2, 11, 10, 1, 1, 0),
(380, 2, 12, 11, 1, 1, 0),
(381, 1, 12, 3, 1, 0, 0),
(382, 1, 10, 25, 1, 0, 0),
(383, 1, 10, 24, 1, 0, 0),
(384, 1, 10, 6, 1, 0, 0),
(385, 1, 10, 22, 1, 0, 0),
(386, 1, 10, 1, 1, 0, 0),
(387, 1, 10, 4, 1, 0, 0),
(388, 1, 10, 5, 1, 0, 0),
(389, 1, 10, 28, 1, 0, 0),
(390, 1, 10, 2, 1, 0, 0),
(391, 1, 10, 29, 1, 0, 0),
(392, 2, 10, 8, 1, 1, 0),
(399, 4, 10, 52, 1, 1, 0),
(400, 7, 10, 351, 1, 1, 0),
(401, 8, 10, 379, 1, 1, 0),
(402, 5, 10, 595, 1, 1, 0),
(403, 1, 14, 25, 1, 0, 0),
(404, 1, 14, 24, 1, 0, 0),
(405, 1, 14, 4, 1, 0, 0),
(406, 1, 14, 5, 1, 0, 0),
(407, 1, 14, 3, 1, 0, 0),
(408, 1, 14, 29, 1, 0, 0),
(409, 1, 14, 6, 1, 0, 0),
(410, 1, 14, 22, 1, 0, 0),
(411, 1, 14, 2, 1, 0, 0),
(495, 4, 3, 32, 1, 1, 1),
(508, 4, 16, 32, 1, 1, 0),
(515, 2, 16, 16, 1, 1, 0),
(516, 2, 16, 17, 1, 1, 1),
(517, 1, 16, 25, 1, 0, 0),
(518, 1, 16, 24, 1, 0, 0),
(519, 1, 16, 6, 1, 0, 0),
(520, 1, 16, 22, 1, 0, 0),
(521, 1, 16, 4, 1, 0, 0),
(522, 1, 16, 5, 1, 0, 0),
(523, 1, 16, 33, 1, 0, 0),
(524, 1, 16, 28, 1, 0, 0),
(525, 1, 16, 32, 1, 0, 0),
(526, 1, 16, 2, 1, 0, 0),
(577, 9, 16, 9, 1, 1, 0),
(590, 3, 2, 266, 1, 1, 0),
(620, 9, 16, 47, 1, 1, 0),
(621, 7, 8, 464, 1, 1, 0),
(623, 8, 8, 492, 1, 1, 0),
(625, 5, 8, 813, 1, 1, 0),
(627, 5, 8, 814, 1, 1, 0),
(629, 5, 8, 815, 1, 1, 0),
(631, 5, 8, 816, 1, 1, 0),
(633, 5, 8, 817, 1, 1, 0),
(635, 7, 8, 465, 1, 1, 0),
(637, 8, 8, 493, 1, 1, 0),
(639, 5, 8, 818, 1, 1, 0),
(641, 7, 8, 466, 1, 1, 0),
(643, 8, 8, 494, 1, 1, 0),
(645, 5, 8, 819, 1, 1, 0),
(647, 5, 8, 820, 1, 1, 0),
(649, 5, 8, 821, 1, 1, 0),
(651, 5, 8, 822, 1, 1, 0),
(653, 5, 8, 823, 1, 1, 0),
(655, 4, 14, 62, 1, 1, 0),
(702, 4, 16, 60, 1, 1, 0),
(916, 3, 1, 623, 1, 0, 0),
(917, 3, 16, 623, 1, 0, 0),
(918, 3, 1, 624, 1, 0, 0),
(919, 3, 16, 624, 1, 0, 0),
(920, 3, 1, 625, 1, 0, 0),
(921, 3, 16, 625, 1, 0, 0),
(922, 3, 1, 626, 1, 0, 0),
(923, 3, 16, 626, 1, 0, 0),
(941, 8, 16, 507, 1, 0, 0),
(942, 5, 16, 874, 1, 0, 0),
(957, 7, 14, 540, 1, 1, 0),
(958, 8, 14, 570, 1, 1, 0),
(959, 5, 14, 922, 1, 1, 0),
(960, 5, 14, 923, 1, 1, 0),
(961, 5, 14, 924, 1, 1, 0),
(962, 5, 14, 925, 1, 1, 0),
(963, 5, 14, 926, 1, 1, 0),
(964, 7, 14, 541, 1, 1, 0),
(965, 8, 14, 571, 1, 1, 0),
(966, 5, 14, 927, 1, 1, 0),
(967, 7, 14, 542, 1, 1, 0),
(968, 8, 14, 572, 1, 1, 0),
(969, 5, 14, 928, 1, 1, 0),
(970, 5, 14, 929, 1, 1, 0),
(971, 5, 14, 930, 1, 1, 0),
(972, 5, 14, 931, 1, 1, 0),
(973, 5, 14, 932, 1, 1, 0),
(1088, 2, 14, 21, 1, 1, 0),
(1118, 4, 14, 66, 1, 1, 0),
(1136, 7, 14, 588, 1, 1, 0),
(1137, 8, 14, 618, 1, 1, 0),
(1138, 5, 14, 1020, 1, 1, 0),
(1139, 5, 14, 1021, 1, 1, 0),
(1140, 5, 14, 1022, 1, 1, 0),
(1141, 5, 14, 1023, 1, 1, 0),
(1142, 5, 14, 1024, 1, 1, 0),
(1143, 7, 14, 589, 1, 1, 0),
(1144, 8, 14, 619, 1, 1, 0),
(1145, 5, 14, 1025, 1, 1, 0),
(1146, 7, 14, 590, 1, 1, 0),
(1147, 8, 14, 620, 1, 1, 0),
(1148, 5, 14, 1026, 1, 1, 0),
(1149, 5, 14, 1027, 1, 1, 0),
(1150, 5, 14, 1028, 1, 1, 0),
(1151, 5, 14, 1029, 1, 1, 0),
(1152, 5, 14, 1030, 1, 1, 0),
(1153, 9, 14, 54, 1, 1, 0),
(1154, 9, 14, 55, 1, 1, 0),
(1155, 9, 14, 56, 1, 1, 0),
(1156, 9, 14, 57, 1, 1, 0),
(1157, 9, 14, 59, 1, 1, 0),
(1158, 9, 14, 58, 1, 1, 0),
(1386, 7, 3, 638, 1, 1, 1),
(1387, 7, 16, 638, 1, 1, 0),
(1388, 8, 3, 668, 1, 1, 1),
(1389, 8, 16, 668, 1, 1, 0),
(1390, 5, 3, 1078, 1, 1, 1),
(1391, 5, 16, 1078, 1, 1, 0),
(1392, 7, 3, 639, 1, 1, 1),
(1393, 7, 16, 639, 1, 1, 0),
(1394, 8, 3, 669, 1, 1, 1),
(1395, 8, 16, 669, 1, 1, 0),
(1396, 5, 3, 1079, 1, 1, 1),
(1397, 5, 16, 1079, 1, 1, 0),
(1603, 3, 1, 811, 1, 0, 0),
(1604, 3, 16, 811, 1, 0, 0),
(1987, 3, 1, 946, 1, 0, 0),
(1988, 3, 16, 946, 1, 0, 0),
(1992, 7, 16, 756, 1, 1, 0),
(1993, 8, 16, 786, 1, 1, 0),
(1994, 5, 16, 1196, 1, 1, 0);

-- --------------------------------------------------------

--
-- Estrutura para tabela `permissionentity`
--

CREATE TABLE `permissionentity` (
  `entityId` int(11) NOT NULL,
  `entity` varchar(50) NOT NULL
) ENGINE=InnoDB DEFAULT CHARSET=utf8;

--
-- Despejando dados para a tabela `permissionentity`
--

INSERT INTO `permissionentity` (`entityId`, `entity`) VALUES
(4, 'Xibo\\Entity\\Campaign'),
(12, 'Xibo\\Entity\\Command'),
(9, 'Xibo\\Entity\\DataSet'),
(11, 'Xibo\\Entity\\DayPart'),
(2, 'Xibo\\Entity\\DisplayGroup'),
(3, 'Xibo\\Entity\\Media'),
(10, 'Xibo\\Entity\\Notification'),
(1, 'Xibo\\Entity\\Page'),
(8, 'Xibo\\Entity\\Playlist'),
(7, 'Xibo\\Entity\\Region'),
(5, 'Xibo\\Entity\\Widget');

-- --------------------------------------------------------

--
-- Estrutura para tabela `phinxlog`
--

CREATE TABLE `phinxlog` (
  `version` bigint(20) NOT NULL,
  `migration_name` varchar(100) DEFAULT NULL,
  `start_time` timestamp NULL DEFAULT NULL,
  `end_time` timestamp NULL DEFAULT NULL,
  `breakpoint` tinyint(1) NOT NULL DEFAULT '0'
) ENGINE=InnoDB DEFAULT CHARSET=utf8;

--
-- Despejando dados para a tabela `phinxlog`
--

INSERT INTO `phinxlog` (`version`, `migration_name`, `start_time`, `end_time`, `breakpoint`) VALUES
(20180130073838, 'InstallMigration', '2020-04-22 13:07:57', '2020-04-22 13:07:58', 0),
(20180131113100, 'OldUpgradeStep85Migration', '2020-04-22 13:07:58', '2020-04-22 13:07:58', 0),
(20180131113853, 'OldUpgradeStep86Migration', '2020-04-22 13:07:58', '2020-04-22 13:07:58', 0),
(20180131113941, 'OldUpgradeStep87Migration', '2020-04-22 13:07:58', '2020-04-22 13:07:58', 0),
(20180131113948, 'OldUpgradeStep88Migration', '2020-04-22 13:07:58', '2020-04-22 13:07:58', 0),
(20180131113952, 'OldUpgradeStep92Migration', '2020-04-22 13:07:58', '2020-04-22 13:07:58', 0),
(20180131113957, 'OldUpgradeStep120Migration', '2020-04-22 13:07:58', '2020-04-22 13:07:58', 0),
(20180131114002, 'OldUpgradeStep121Migration', '2020-04-22 13:07:58', '2020-04-22 13:07:58', 0),
(20180131114007, 'OldUpgradeStep122Migration', '2020-04-22 13:07:58', '2020-04-22 13:07:58', 0),
(20180131114013, 'OldUpgradeStep123Migration', '2020-04-22 13:07:58', '2020-04-22 13:07:58', 0),
(20180131114017, 'OldUpgradeStep124Migration', '2020-04-22 13:07:58', '2020-04-22 13:07:58', 0),
(20180131114021, 'OldUpgradeStep125Migration', '2020-04-22 13:07:58', '2020-04-22 13:07:58', 0),
(20180131114025, 'OldUpgradeStep126Migration', '2020-04-22 13:07:58', '2020-04-22 13:07:58', 0),
(20180131114030, 'OldUpgradeStep127Migration', '2020-04-22 13:07:58', '2020-04-22 13:07:58', 0),
(20180131114050, 'OldUpgradeStep128Migration', '2020-04-22 13:07:58', '2020-04-22 13:07:58', 0),
(20180131114058, 'OldUpgradeStep129Migration', '2020-04-22 13:07:58', '2020-04-22 13:07:58', 0),
(20180131114103, 'OldUpgradeStep130Migration', '2020-04-22 13:07:58', '2020-04-22 13:07:58', 0),
(20180131114107, 'OldUpgradeStep131Migration', '2020-04-22 13:07:58', '2020-04-22 13:07:58', 0),
(20180131114110, 'OldUpgradeStep132Migration', '2020-04-22 13:07:58', '2020-04-22 13:07:58', 0),
(20180131114114, 'OldUpgradeStep133Migration', '2020-04-22 13:07:58', '2020-04-22 13:07:58', 0),
(20180131114118, 'OldUpgradeStep134Migration', '2020-04-22 13:07:58', '2020-04-22 13:07:58', 0),
(20180131114123, 'OldUpgradeStep135Migration', '2020-04-22 13:07:58', '2020-04-22 13:07:58', 0),
(20180131122645, 'OneRegionPerPlaylistMigration', '2020-04-22 13:07:58', '2020-04-22 13:07:59', 0),
(20180131123038, 'PlaylistTagsMigration', '2020-04-22 13:07:59', '2020-04-22 13:07:59', 0),
(20180131123248, 'WidgetFromToDtMigration', '2020-04-22 13:07:59', '2020-04-22 13:07:59', 0),
(20180212143336, 'DaypartSystemEntriesAsRecords', '2020-04-22 13:07:59', '2020-04-22 13:07:59', 0),
(20180213173846, 'MailFromNameSettingMigration', '2020-04-22 13:07:59', '2020-04-22 13:07:59', 0),
(20180219141257, 'DisplayGroupClosureIndexToNonUnique', '2020-04-22 13:07:59', '2020-04-22 13:07:59', 0),
(20180223180534, 'DataSetColumnFilterAndSortOptionsMigration', '2020-04-22 13:07:59', '2020-04-22 13:07:59', 0),
(20180302182421, 'WidgetCreatedAndModifiedDtMigration', '2020-04-22 13:07:59', '2020-04-22 13:07:59', 0),
(20180313085749, 'MediaTableEditedIdIndexMigration', '2020-04-22 13:07:59', '2020-04-22 13:07:59', 0),
(20180320154652, 'PlaylistAddDynamicFilterMigration', '2020-04-22 13:07:59', '2020-04-22 13:07:59', 0),
(20180327153325, 'RemoveUserLoggedInMigration', '2020-04-22 13:07:59', '2020-04-22 13:07:59', 0),
(20180514114415, 'FixCaseOnHelpTextFieldMigration', '2020-04-22 13:07:59', '2020-04-22 13:07:59', 0),
(20180515123835, 'LayoutPublishDraftMigration', '2020-04-22 13:07:59', '2020-04-22 13:07:59', 0),
(20180529065816, 'DataSetTruncateFixMigration', '2020-04-22 13:07:59', '2020-04-22 13:07:59', 0),
(20180529073531, 'DisplayAsVncLinkMigration', '2020-04-22 13:07:59', '2020-04-22 13:07:59', 0),
(20180621134013, 'AddWidgetSyncTaskMigration', '2020-04-22 13:07:59', '2020-04-22 13:07:59', 0),
(20180621134250, 'EventLayoutPermissionSettingMigration', '2020-04-22 13:07:59', '2020-04-22 13:07:59', 0),
(20180906115552, 'AddForeignKeysToTagsMigration', '2020-04-22 13:07:59', '2020-04-22 13:07:59', 0),
(20180906115606, 'AddForeignKeysToPermissionsMigration', '2020-04-22 13:07:59', '2020-04-22 13:07:59', 0),
(20180906115712, 'AddForeignKeysToWidgetMediaMigration', '2020-04-22 13:07:59', '2020-04-22 13:07:59', 0),
(20180906131643, 'ForgottenPasswordReminderMigration', '2020-04-22 13:07:59', '2020-04-22 13:08:00', 0),
(20180906131716, 'DataSetRssMigration', '2020-04-22 13:08:00', '2020-04-22 13:08:00', 0),
(20181011160130, 'SimpleSettingsMigration', '2020-04-22 13:08:00', '2020-04-22 13:08:00', 0),
(20181113173310, 'RemoveFinanceModuleMigration', '2020-04-22 13:08:00', '2020-04-22 13:08:00', 0),
(20181113180337, 'SplitTickerModuleMigration', '2020-04-22 13:08:00', '2020-04-22 13:08:00', 0),
(20181126113231, 'Release1812Migration', '2020-04-22 13:08:00', '2020-04-22 13:08:00', 0),
(20181210092443, 'RemoveImageUriModuleMigration', '2020-04-22 13:08:00', '2020-04-22 13:08:00', 0),
(20181212114400, 'CreatePlayerVersionsTableMigration', '2020-04-22 13:08:00', '2020-04-22 13:08:00', 0),
(20181217135044, 'EventSyncMigration', '2020-04-22 13:08:00', '2020-04-22 13:08:00', 0),
(20190121092556, 'PlayerUpgradeAndOverrideConfigMigration', '2020-04-22 13:08:00', '2020-04-22 13:08:00', 0),
(20190125170130, 'PlayerSoftwareVersionFieldMigration', '2020-04-22 13:08:00', '2020-04-22 13:08:00', 0),
(20190129103831, 'AddLinuxDisplayProfileMigration', '2020-04-22 13:08:00', '2020-04-22 13:08:00', 0),
(20190212112534, 'AddProofOfPlayStatsDurationAndCountMigration', '2020-04-22 13:08:00', '2020-04-22 13:08:00', 0),
(20190212115432, 'AddDefaultTransitionDurationSettingMigration', '2020-04-22 13:08:00', '2020-04-22 13:08:00', 0),
(20190213160914, 'AddGlobalStatSettingMigration', '2020-04-22 13:08:00', '2020-04-22 13:08:00', 0),
(20190213162212, 'AddHorizontalMenuSettingMigration', '2020-04-22 13:08:00', '2020-04-22 13:08:00', 0),
(20190214102508, 'AddLayoutEnableStat', '2020-04-22 13:08:00', '2020-04-22 13:08:00', 0),
(20190214102516, 'AddMediaEnableStat', '2020-04-22 13:08:00', '2020-04-22 13:08:00', 0),
(20190220165703, 'AddScheduleRecurrenceMonthlyRepeatsOnMigration', '2020-04-22 13:08:00', '2020-04-22 13:08:00', 0),
(20190227101705, 'MakeDisplayLicenseColumnUniqueMigration', '2020-04-22 13:08:00', '2020-04-22 13:08:00', 0),
(20190228120603, 'AddDynamicCriteriaTagsMigration', '2020-04-22 13:08:00', '2020-04-22 13:08:00', 0),
(20190301115046, 'AdjustGenericfileValidExtensionsMigration', '2020-04-22 13:08:00', '2020-04-22 13:08:00', 0),
(20190315134628, 'AddBandwidthLimitColumnToDisplaygroupMigration', '2020-04-22 13:08:00', '2020-04-22 13:08:00', 0),
(20190322162052, 'AddPublishedDateColumnMigration', '2020-04-22 13:08:00', '2020-04-22 13:08:01', 0),
(20190326163016, 'CreateLayoutHistoryTableMigration', '2020-04-22 13:08:01', '2020-04-22 13:08:01', 0),
(20190328111718, 'AddCampaignStatMigration', '2020-04-22 13:08:01', '2020-04-22 13:08:01', 0),
(20190401150256, 'AddScheduleNowPageMigration', '2020-04-22 13:08:01', '2020-04-22 13:08:01', 0),
(20190509101525, 'CreateReportScheduleTableMigration', '2020-04-22 13:08:01', '2020-04-22 13:08:01', 0),
(20190509102648, 'CreateSavedReportTableMigration', '2020-04-22 13:08:01', '2020-04-22 13:08:01', 0),
(20190509113001, 'AddReportPageMigration', '2020-04-22 13:08:01', '2020-04-22 13:08:01', 0),
(20190510140126, 'TwoFactorAuthMigration', '2020-04-22 13:08:01', '2020-04-22 13:08:01', 0),
(20190514134430, 'NullableTextFieldsMigration', '2020-04-22 13:08:01', '2020-04-22 13:08:01', 0),
(20190515094133, 'AddHtmlDatatypeMigration', '2020-04-22 13:08:01', '2020-04-22 13:08:01', 0),
(20190515105624, 'InstallAdditionalStandardModulesMigration', '2020-04-22 13:08:01', '2020-04-22 13:08:01', 0),
(20190517080033, 'AddForeignKeysToLktagTablesMigration', '2020-04-22 13:08:01', '2020-04-22 13:08:01', 0),
(20190521092700, 'AddReportScheduleTaskMigration', '2020-04-22 13:08:01', '2020-04-22 13:08:01', 0),
(20190521092930, 'AddPreviousRunDateReportScheduleMigration', '2020-04-22 13:08:01', '2020-04-22 13:08:01', 0),
(20190521102635, 'PlaylistDurationUpdateAtTimestamp', '2020-04-22 13:08:01', '2020-04-22 13:08:01', 0),
(20190603083836, 'ChangeStatTableStartEndColumnMigration', '2020-04-22 13:08:01', '2020-04-22 13:08:01', 0),
(20190610150331, 'TagsWithValuesMigration', '2020-04-22 13:08:01', '2020-04-22 13:08:01', 0),
(20190611145607, 'RemoveOldVersionTableMigration', '2020-04-22 13:08:01', '2020-04-22 13:08:01', 0),
(20190612140955, 'DisplayTableDatabaseSchemaAdjustmentsMigration', '2020-04-22 13:08:01', '2020-04-22 13:08:02', 0),
(20190620112611, 'MoveTidyStatsToStatsArchiveTaskMigration', '2020-04-22 13:08:02', '2020-04-22 13:08:02', 0),
(20190620142655, 'AddPlaylistEnableStatMigration', '2020-04-22 13:08:02', '2020-04-22 13:08:02', 0),
(20190626091331, 'WidgetHistoryMigration', '2020-04-22 13:08:02', '2020-04-22 13:08:02', 0),
(20190626110359, 'CreateStatTableMigration', '2020-04-22 13:08:02', '2020-04-22 13:08:02', 0),
(20190628083649, 'AddStatsMigrationTaskMigration', '2020-04-22 13:08:02', '2020-04-22 13:08:02', 0),
(20190710213414, 'AddIsActiveReportScheduleMigration', '2020-04-22 13:08:02', '2020-04-22 13:08:02', 0),
(20190717101342, 'NullableCommandValidationStringMigration', '2020-04-22 13:08:02', '2020-04-22 13:08:02', 0),
(20190719074601, 'MissingDefaultValueMigration', '2020-04-22 13:08:02', '2020-04-22 13:08:02', 0),
(20190725115532, 'AddScheduleReminderTaskMigration', '2020-04-22 13:08:02', '2020-04-22 13:08:02', 0),
(20190801102042, 'DisplayProfileCommandLinkFixMigration', '2020-04-22 13:08:02', '2020-04-22 13:08:02', 0),
(20190801141737, 'DatasetAddCustomHeadersColumnMigration', '2020-04-22 13:08:02', '2020-04-22 13:08:02', 0),
(20190801142302, 'AddDoohUserTypeMigration', '2020-04-22 13:08:02', '2020-04-22 13:08:02', 0),
(20190802145636, 'CreateScheduleReminderTableMigration', '2020-04-22 13:08:02', '2020-04-22 13:08:02', 0),
(20190806144729, 'AddShowContentFromMigration', '2020-04-22 13:08:02', '2020-04-22 13:08:02', 0),
(20190823081448, 'AddImageProcessingTaskMigration', '2020-04-22 13:08:02', '2020-04-22 13:08:02', 0),
(20190828123735, 'AddDefaultSettingResizeLimitResizeThresholdMigration', '2020-04-22 13:08:02', '2020-04-22 13:08:02', 0),
(20190903083314, 'AddGlobalSettingForCascadePermissionsMigration', '2020-04-22 13:08:02', '2020-04-22 13:08:02', 0),
(20190905084201, 'AddSettingForDefaultTransitionTypeMigration', '2020-04-22 13:08:02', '2020-04-22 13:08:02', 0),
(20190905084642, 'AddSettingForAutoLayoutPublishMigration', '2020-04-22 13:08:02', '2020-04-22 13:08:02', 0),
(20190910132520, 'DisplayMoveCmsMigration', '2020-04-22 13:08:02', '2020-04-22 13:08:02', 0),
(20190917093141, 'InterruptLayoutMigration', '2020-04-22 13:08:02', '2020-04-22 13:08:02', 0),
(20190918090608, 'AddDefaultSettingQuickChartMigration', '2020-04-22 13:08:02', '2020-04-22 13:08:02', 0),
(20190919154513, 'AddNotificationAttachmentFilenameNonUsersMigration', '2020-04-22 13:08:02', '2020-04-22 13:08:02', 0),
(20190926135518, 'AddSettingForTransitionAutoApplyToLayoutMigration', '2020-04-22 13:08:02', '2020-04-22 13:08:02', 0),
(20190926140809, 'InstallSavedReportsAndSpacerModulesMigration', '2020-04-22 13:08:02', '2020-04-22 13:08:02', 0),
(20191001092651, 'AddNotificationOriginalFilenameMigration', '2020-04-22 13:08:02', '2020-04-22 13:08:02', 0),
(20191022101141, 'AddCommandEntityToPermissionEntityMigration', '2020-04-22 13:08:02', '2020-04-22 13:08:02', 0),
(20191024152519, 'AddScheduleExclusionsTableMigration', '2020-04-22 13:08:02', '2020-04-22 13:08:02', 0),
(20191122114104, 'FixDuplicateModuleFilesMigration', '2020-04-22 13:08:02', '2020-04-22 13:08:02', 0),
(20191126103120, 'GeoScheduleMigration', '2020-04-22 13:08:02', '2020-04-22 13:08:02', 0),
(20191126141140, 'RemoteDataSetCsvSourceMigration', '2020-04-22 13:08:02', '2020-04-22 13:08:02', 0),
(20191205180116, 'AddPlaylistDashboardPageUserMigration', '2020-04-22 13:08:02', '2020-04-22 13:08:02', 0),
(20200107082625, 'DisplayAddResolutionMigration', '2020-04-22 13:08:02', '2020-04-22 13:08:02', 0),
(20200115115935, 'AddReportScheduleMessageMigration', '2020-04-22 13:08:02', '2020-04-22 13:08:02', 0),
(20200122143630, 'AddReleasedRequiredFileMigration', '2020-04-22 13:08:02', '2020-04-22 13:08:02', 0),
(20200122191232, 'AddCommercialLicenceColumnMigration', '2020-04-22 13:08:02', '2020-04-22 13:08:02', 0),
(20200129104944, 'AddEngagementsStatsMigration', '2020-04-22 13:08:02', '2020-04-22 13:08:02', 0),
(20200130165443, 'CountdownModuleAddMigration', '2020-04-22 13:08:02', '2020-04-22 13:08:02', 0);

-- --------------------------------------------------------

--
-- Estrutura para tabela `player_software`
--

CREATE TABLE `player_software` (
  `versionId` int(11) NOT NULL,
  `player_type` varchar(20) DEFAULT NULL,
  `player_version` varchar(15) DEFAULT NULL,
  `player_code` smallint(6) DEFAULT NULL,
  `mediaId` int(11) NOT NULL,
  `playerShowVersion` varchar(50) NOT NULL
) ENGINE=InnoDB DEFAULT CHARSET=utf8;

-- --------------------------------------------------------

--
-- Estrutura para tabela `playlist`
--

CREATE TABLE `playlist` (
  `playlistId` int(11) NOT NULL,
  `name` varchar(254) NOT NULL,
  `ownerId` int(11) NOT NULL,
  `regionId` int(11) DEFAULT NULL,
  `createdDt` datetime NOT NULL,
  `modifiedDt` datetime NOT NULL,
  `duration` int(11) NOT NULL DEFAULT '0',
  `requiresDurationUpdate` int(11) NOT NULL DEFAULT '0',
  `isDynamic` tinyint(4) NOT NULL DEFAULT '0',
  `filterMediaName` varchar(255) DEFAULT NULL,
  `filterMediaTags` varchar(255) DEFAULT NULL,
  `enableStat` varchar(255) DEFAULT NULL
) ENGINE=InnoDB DEFAULT CHARSET=utf8;

--
-- Despejando dados para a tabela `playlist`
--

INSERT INTO `playlist` (`playlistId`, `name`, `ownerId`, `regionId`, `createdDt`, `modifiedDt`, `duration`, `requiresDurationUpdate`, `isDynamic`, `filterMediaName`, `filterMediaTags`, `enableStat`) VALUES
(106, '1', 1, 78, '2020-12-14 12:34:22', '2021-09-14 16:58:08', 15, 0, 0, NULL, NULL, NULL),
(107, '2', 1, 79, '2020-12-14 12:34:23', '2021-09-14 16:58:08', 10, 0, 0, NULL, NULL, NULL),
(226, 'TABELA AÇOUGUE-1', 1, 198, '2021-01-06 13:35:37', '2021-09-14 16:58:08', 20, 0, 0, NULL, NULL, NULL),
(227, 'TABELA AÇOUGUE-3', 1, 199, '2021-01-06 13:35:37', '2021-09-14 16:58:08', 5, 0, 0, NULL, NULL, NULL),
(228, 'TABELA AÇOUGUE BOVINOS-4', 1, 200, '2021-01-06 13:35:37', '2021-09-14 16:58:08', 10, 0, 0, NULL, NULL, NULL),
(313, 'Tabela - Açougue (Ofertas)-5', 1, 285, '2021-01-07 12:44:33', '2021-09-14 16:58:08', 115, 0, 0, NULL, NULL, NULL),
(314, 'Tabela - Açougue (Ofertas)-6', 1, 286, '2021-01-07 12:44:33', '2021-09-14 16:58:08', 10, 0, 0, NULL, NULL, NULL),
(315, 'TABELA - Açougue ÍTENS e OFERTAS-4', 1, 287, '2021-01-07 12:44:33', '2021-09-14 16:58:08', 115, 0, 0, NULL, NULL, NULL),
(338, 'Tabela - Açougue (Ofertas)-5', 1, 310, '2021-01-09 09:12:41', '2021-09-14 16:58:08', 160, 0, 0, NULL, NULL, NULL),
(339, 'Tabela - Açougue (Ofertas)-6', 1, 311, '2021-01-09 09:12:41', '2021-09-14 16:58:08', 70, 0, 0, NULL, NULL, NULL),
(340, 'TABELA - Açougue ÍTENS e OFERTAS-4', 1, 312, '2021-01-09 09:12:41', '2021-09-14 16:58:08', 160, 0, 0, NULL, NULL, NULL),
(360, 'TABELA AÇOUGUE-1', 1, 332, '2022-04-05 09:52:45', '2022-04-24 12:48:35', 30, 0, 0, NULL, NULL, NULL),
(361, 'TABELA AÇOUGUE-3', 1, 333, '2022-04-05 09:52:45', '2022-04-24 12:48:35', 10, 0, 0, NULL, NULL, NULL),
(362, 'TABELA PADARIA NSA-3', 1, 334, '2022-04-05 09:52:45', '2022-04-24 12:48:35', 10, 0, 0, NULL, NULL, NULL),
(363, 'TABELA AÇOUGUE-1', 1, 335, '2022-04-05 09:52:48', '2022-04-24 12:48:35', 30, 0, 0, NULL, NULL, NULL),
(364, 'TABELA AÇOUGUE-3', 1, 336, '2022-04-05 09:52:48', '2022-04-24 12:48:35', 10, 0, 0, NULL, NULL, NULL),
(365, 'TABELA PADARIA NSA-3', 1, 337, '2022-04-05 09:52:48', '2022-04-24 12:48:35', 10, 0, 0, NULL, NULL, NULL),
(369, 'TABELA AÇOUGUE-1', 1, 341, '2022-04-05 09:52:55', '2022-04-24 12:48:35', 30, 0, 0, NULL, NULL, NULL),
(370, 'TABELA AÇOUGUE-3', 1, 342, '2022-04-05 09:52:55', '2022-04-24 12:48:35', 10, 0, 0, NULL, NULL, NULL),
(371, 'TABELA PADARIA NSA-3', 1, 343, '2022-04-05 09:52:55', '2022-04-24 12:48:35', 10, 0, 0, NULL, NULL, NULL),
(372, 'TABELA AÇOUGUE-1', 1, 344, '2022-04-05 09:53:15', '2022-04-24 12:48:35', 30, 0, 0, NULL, NULL, NULL),
(373, 'TABELA AÇOUGUE-3', 1, 345, '2022-04-05 09:53:15', '2022-04-24 12:48:35', 10, 0, 0, NULL, NULL, NULL),
(379, '1', 1, 351, '2022-04-05 10:36:18', '2022-04-24 12:48:35', 10, 0, 0, NULL, NULL, NULL),
(382, '1', 1, 354, '2022-04-05 10:42:14', '2022-04-05 10:42:15', 0, 0, 0, NULL, NULL, NULL),
(383, 'TABELA AÇOUGUE-2', 1, 355, '2022-04-05 11:11:18', '2022-04-05 11:11:19', 0, 0, 0, NULL, NULL, NULL),
(384, 'TABELA AÇOUGUE-1', 1, 356, '2022-04-05 11:32:07', '2022-04-05 11:32:08', 0, 0, 0, NULL, NULL, NULL),
(385, 'TABELA AÇOUGUE-2', 1, 357, '2022-04-05 11:32:07', '2022-04-05 11:32:08', 0, 0, 0, NULL, NULL, NULL),
(386, 'TABELA AÇOUGUE-3', 1, 358, '2022-04-05 11:32:07', '2022-04-05 11:32:08', 0, 0, 0, NULL, NULL, NULL),
(387, 'TABELA AÇOUGUE BOVINOS-4', 1, 359, '2022-04-05 11:32:07', '2022-04-05 11:32:08', 0, 0, 0, NULL, NULL, NULL),
(426, 'Tabela - Açougue (Ofertas)-5', 8, 398, '2022-05-03 11:25:20', '2022-05-03 11:25:22', 0, 0, 0, NULL, NULL, NULL),
(427, 'Tabela - Açougue (Ofertas)-6', 8, 399, '2022-05-03 11:25:20', '2022-05-03 11:25:22', 0, 0, 0, NULL, NULL, NULL),
(428, 'TABELA - Açougue ÍTENS e OFERTAS-4', 8, 400, '2022-05-03 11:25:20', '2022-05-03 11:25:22', 0, 0, 0, NULL, NULL, NULL),
(433, 'TABELA AÇOUGUE-1', 6, 405, '2022-05-24 13:26:34', '2022-05-24 13:29:09', 0, 0, 0, NULL, NULL, NULL),
(434, 'TABELA AÇOUGUE-3', 6, 406, '2022-05-24 13:26:34', '2022-05-24 13:26:37', 0, 0, 0, NULL, NULL, NULL),
(435, 'Tabela - Açougue (Ofertas)-5', 1, 407, '2022-05-24 13:37:33', '2022-05-24 13:37:36', 0, 0, 0, NULL, NULL, NULL),
(436, 'Tabela - Açougue (Ofertas)-6', 1, 408, '2022-05-24 13:37:33', '2022-05-24 13:37:36', 0, 0, 0, NULL, NULL, NULL),
(437, 'TABELA - Açougue ÍTENS e OFERTAS-4', 1, 409, '2022-05-24 13:37:33', '2022-05-24 13:37:36', 0, 0, 0, NULL, NULL, NULL),
(456, 'TABELA TESTE-1', 1, 428, '2023-05-14 19:37:49', '2023-06-11 20:50:37', 10, 0, 0, NULL, NULL, NULL),
(459, 'Tabela - Açougue (Ofertas)-5', 7, 431, '2023-05-23 20:04:02', '2023-05-23 20:04:06', 0, 0, 0, NULL, NULL, NULL),
(460, 'Tabela - Açougue (Ofertas)-6', 7, 432, '2023-05-23 20:04:02', '2023-05-23 20:04:06', 0, 0, 0, NULL, NULL, NULL),
(461, 'TABELA - Açougue ÍTENS e OFERTAS-4', 7, 433, '2023-05-23 20:04:02', '2023-05-23 20:04:06', 0, 0, 0, NULL, NULL, NULL),
(487, 'PRODUTOS ESPECIAIS-1', 1, 459, '2023-05-25 09:32:19', '2023-06-11 20:50:37', 10, 0, 0, NULL, NULL, NULL),
(488, 'PRODUTOS ESPECIAIS com OFERTAS-2', 1, 460, '2023-05-25 09:32:19', '2023-05-25 09:32:20', 0, 0, 0, NULL, NULL, NULL),
(492, 'Tabela - Açougue (Ofertas)-5', 1, 464, '2023-05-29 13:49:03', '2023-05-29 13:49:05', 0, 0, 0, NULL, NULL, NULL),
(493, 'Tabela - Açougue (Ofertas)-6', 1, 465, '2023-05-29 13:49:03', '2023-05-29 13:49:05', 0, 0, 0, NULL, NULL, NULL),
(494, 'TABELA - Açougue ÍTENS e OFERTAS-4', 1, 466, '2023-05-29 13:49:03', '2023-05-29 13:49:05', 0, 0, 0, NULL, NULL, NULL),
(507, 'PR$OMO01', 12, NULL, '2023-06-28 08:13:57', '2023-09-16 05:24:31', 10, 0, 0, NULL, NULL, 'Inherit'),
(570, 'Tabela - Açougue (Ofertas)-5', 1, 540, '2023-08-28 13:32:13', '2023-08-28 13:32:14', 0, 0, 0, NULL, NULL, NULL),
(571, 'Tabela - Açougue (Ofertas)-6', 1, 541, '2023-08-28 13:32:13', '2023-08-28 13:32:14', 0, 0, 0, NULL, NULL, NULL),
(572, 'TABELA - Açougue ÍTENS e OFERTAS-4', 1, 542, '2023-08-28 13:32:13', '2023-08-28 13:32:14', 0, 0, 0, NULL, NULL, NULL),
(605, 'MATADOURO-1', 1, 575, '2023-09-28 10:18:10', '2023-10-25 18:32:17', 10, 0, 0, NULL, NULL, NULL),
(618, 'Tabela - Açougue (Ofertas)-5', 10, 588, '2023-09-28 10:31:58', '2023-10-25 18:32:18', 160, 0, 0, NULL, NULL, NULL),
(619, 'Tabela - Açougue (Ofertas)-6', 10, 589, '2023-09-28 10:31:58', '2023-10-25 18:32:18', 70, 0, 0, NULL, NULL, NULL),
(620, 'TABELA - Açougue ÍTENS e OFERTAS-4', 10, 590, '2023-09-28 10:31:58', '2023-10-25 18:32:18', 160, 0, 0, NULL, NULL, NULL),
(668, 'PRODUTOS ESPECIAIS com OFERTAS-2', 12, 638, '2024-01-25 09:01:59', '2024-01-25 09:02:58', 0, 0, 0, NULL, NULL, NULL),
(669, 'PRODUTOS ESPECIAIS-1', 12, 639, '2024-01-25 09:01:59', '2024-01-25 09:02:58', 0, 0, 0, NULL, NULL, NULL),
(786, 'PRODUTOS ESPECIAIS-1', 12, 756, '2024-11-05 12:48:51', '2024-11-05 12:49:27', 0, 0, 0, NULL, NULL, NULL);

-- --------------------------------------------------------

--
-- Estrutura para tabela `region`
--

CREATE TABLE `region` (
  `regionId` int(11) NOT NULL,
  `layoutId` int(11) NOT NULL,
  `ownerId` int(11) NOT NULL,
  `name` varchar(254) DEFAULT NULL,
  `width` decimal(10,0) NOT NULL,
  `height` decimal(10,0) NOT NULL,
  `top` decimal(10,0) NOT NULL,
  `left` decimal(10,0) NOT NULL,
  `zIndex` smallint(6) NOT NULL,
  `duration` int(11) NOT NULL DEFAULT '0'
) ENGINE=InnoDB DEFAULT CHARSET=utf8;

--
-- Despejando dados para a tabela `region`
--

INSERT INTO `region` (`regionId`, `layoutId`, `ownerId`, `name`, `width`, `height`, `top`, `left`, `zIndex`, `duration`) VALUES
(78, 41, 1, '1', 1920, 936, 0, 0, 0, 15),
(79, 41, 1, '2', 432, 129, 941, 1470, 0, 10),
(198, 76, 1, 'TABELA AÇOUGUE-1', 1899, 923, 157, 10, 3, 20),
(199, 76, 1, 'TABELA AÇOUGUE-3', 1118, 127, 0, 328, 4, 5),
(200, 76, 1, 'TABELA AÇOUGUE BOVINOS-4', 410, 166, 0, 1495, 0, 10),
(285, 102, 1, 'Tabela - Açougue (Ofertas)-5', 1122, 799, 229, 70, 0, 115),
(286, 102, 1, 'Tabela - Açougue (Ofertas)-6', 621, 741, 272, 1237, 0, 10),
(287, 102, 1, 'TABELA - Açougue ÍTENS e OFERTAS-4', 1438, 168, 0, 86, 0, 115),
(310, 111, 1, 'Tabela - Açougue (Ofertas)-5', 1122, 799, 229, 70, 0, 160),
(311, 111, 1, 'Tabela - Açougue (Ofertas)-6', 621, 741, 272, 1237, 0, 70),
(312, 111, 1, 'TABELA - Açougue ÍTENS e OFERTAS-4', 1438, 168, 0, 86, 0, 160),
(332, 120, 1, 'TABELA AÇOUGUE-1', 1121, 823, 240, 33, 3, 30),
(333, 120, 1, 'TABELA AÇOUGUE-3', 502, 163, 33, 429, 4, 10),
(334, 120, 1, 'TABELA PADARIA NSA-3', 385, 322, 24, 1504, 0, 10),
(335, 121, 1, 'TABELA AÇOUGUE-1', 1121, 823, 240, 33, 3, 30),
(336, 121, 1, 'TABELA AÇOUGUE-3', 502, 163, 33, 429, 4, 10),
(337, 121, 1, 'TABELA PADARIA NSA-3', 385, 322, 24, 1504, 0, 10),
(341, 123, 1, 'TABELA AÇOUGUE-1', 1121, 823, 240, 33, 3, 30),
(342, 123, 1, 'TABELA AÇOUGUE-3', 502, 163, 33, 429, 4, 10),
(343, 123, 1, 'TABELA PADARIA NSA-3', 385, 322, 24, 1504, 0, 10),
(344, 124, 1, 'TABELA AÇOUGUE-1', 1121, 823, 240, 33, 3, 30),
(345, 124, 1, 'TABELA AÇOUGUE-3', 502, 163, 33, 429, 4, 10),
(351, 127, 1, '1', 1920, 1080, 0, 0, 0, 10),
(354, 129, 1, '1', 1280, 720, 0, 0, 0, 5),
(355, 130, 1, 'TABELA AÇOUGUE-2', 1920, 827, 253, 0, 3, 30),
(356, 131, 1, 'TABELA AÇOUGUE-1', 955, 923, 157, 10, 3, 20),
(357, 131, 1, 'TABELA AÇOUGUE-2', 938, 898, 157, 972, 3, 10),
(358, 131, 1, 'TABELA AÇOUGUE-3', 1118, 127, 0, 328, 4, 5),
(359, 131, 1, 'TABELA AÇOUGUE BOVINOS-4', 410, 166, 0, 1495, 0, 10),
(398, 147, 8, 'Tabela - Açougue (Ofertas)-5', 1122, 799, 229, 70, 0, 160),
(399, 147, 8, 'Tabela - Açougue (Ofertas)-6', 621, 741, 272, 1237, 0, 70),
(400, 147, 8, 'TABELA - Açougue ÍTENS e OFERTAS-4', 1438, 168, 0, 86, 0, 160),
(405, 150, 6, 'TABELA AÇOUGUE-1', 1181, 823, 227, 28, 3, 30),
(406, 150, 6, 'TABELA AÇOUGUE-3', 919, 163, 33, 429, 4, 10),
(407, 151, 1, 'Tabela - Açougue (Ofertas)-5', 1122, 799, 229, 70, 0, 160),
(408, 151, 1, 'Tabela - Açougue (Ofertas)-6', 621, 741, 272, 1237, 0, 70),
(409, 151, 1, 'TABELA - Açougue ÍTENS e OFERTAS-4', 1438, 168, 0, 86, 0, 160),
(428, 160, 1, 'TABELA TESTE-1', 1920, 1080, 0, 0, 0, 10),
(431, 162, 7, 'Tabela - Açougue (Ofertas)-5', 1122, 799, 229, 70, 0, 160),
(432, 162, 7, 'Tabela - Açougue (Ofertas)-6', 621, 741, 272, 1237, 0, 70),
(433, 162, 7, 'TABELA - Açougue ÍTENS e OFERTAS-4', 1438, 168, 0, 86, 0, 160),
(459, 177, 1, 'PRODUTOS ESPECIAIS-1', 1920, 1080, 0, 0, 0, 10),
(460, 177, 1, 'PRODUTOS ESPECIAIS com OFERTAS-2', 749, 250, 717, 1116, 0, 5),
(464, 181, 1, 'Tabela - Açougue (Ofertas)-5', 1122, 799, 229, 70, 0, 160),
(465, 181, 1, 'Tabela - Açougue (Ofertas)-6', 621, 741, 272, 1237, 0, 70),
(466, 181, 1, 'TABELA - Açougue ÍTENS e OFERTAS-4', 1438, 168, 0, 86, 0, 160),
(540, 247, 1, 'Tabela - Açougue (Ofertas)-5', 1122, 799, 229, 70, 0, 160),
(541, 247, 1, 'Tabela - Açougue (Ofertas)-6', 621, 741, 272, 1237, 0, 70),
(542, 247, 1, 'TABELA - Açougue ÍTENS e OFERTAS-4', 1438, 168, 0, 86, 0, 160),
(575, 278, 1, 'MATADOURO-1', 1920, 1080, 0, 0, 0, 10),
(588, 283, 10, 'Tabela - Açougue (Ofertas)-5', 1122, 799, 229, 70, 0, 160),
(589, 283, 10, 'Tabela - Açougue (Ofertas)-6', 621, 741, 272, 1237, 0, 70),
(590, 283, 10, 'TABELA - Açougue ÍTENS e OFERTAS-4', 1438, 168, 0, 86, 0, 160),
(638, 331, 12, 'PRODUTOS ESPECIAIS com OFERTAS-2', 749, 250, 717, 1116, 0, 5),
(639, 331, 12, 'PRODUTOS ESPECIAIS-1', 1920, 1080, 0, 0, 0, 10),
(756, 448, 12, 'PRODUTOS ESPECIAIS-1', 1920, 1080, 0, 0, 0, 10);

-- --------------------------------------------------------

--
-- Estrutura para tabela `regionoption`
--

CREATE TABLE `regionoption` (
  `regionId` int(11) NOT NULL,
  `option` varchar(50) NOT NULL,
  `value` text
) ENGINE=InnoDB DEFAULT CHARSET=utf8;

--
-- Despejando dados para a tabela `regionoption`
--

INSERT INTO `regionoption` (`regionId`, `option`, `value`) VALUES
(198, 'loop', '0'),
(198, 'transitionDirection', 'N'),
(198, 'transitionDuration', NULL),
(198, 'transitionType', NULL),
(285, 'loop', '0'),
(285, 'transitionDirection', 'N'),
(285, 'transitionDuration', NULL),
(285, 'transitionType', NULL),
(286, 'loop', '0'),
(286, 'transitionDirection', 'N'),
(286, 'transitionDuration', NULL),
(286, 'transitionType', NULL),
(287, 'loop', '0'),
(287, 'transitionDirection', 'N'),
(287, 'transitionDuration', NULL),
(287, 'transitionType', NULL),
(310, 'loop', '0'),
(310, 'transitionDirection', 'N'),
(310, 'transitionDuration', NULL),
(310, 'transitionType', NULL),
(311, 'loop', '0'),
(311, 'transitionDirection', 'N'),
(311, 'transitionDuration', NULL),
(311, 'transitionType', NULL),
(312, 'loop', '0'),
(312, 'transitionDirection', 'N'),
(312, 'transitionDuration', NULL),
(312, 'transitionType', NULL),
(356, 'loop', '0'),
(356, 'transitionDirection', 'N'),
(356, 'transitionDuration', NULL),
(356, 'transitionType', NULL),
(405, 'loop', '0'),
(405, 'transitionDirection', 'N'),
(405, 'transitionDuration', NULL),
(405, 'transitionType', NULL),
(406, 'loop', '0'),
(406, 'transitionDirection', 'N'),
(406, 'transitionDuration', NULL),
(406, 'transitionType', NULL),
(407, 'loop', '0'),
(407, 'transitionDirection', 'N'),
(407, 'transitionDuration', NULL),
(407, 'transitionType', NULL),
(408, 'loop', '0'),
(408, 'transitionDirection', 'N'),
(408, 'transitionDuration', NULL),
(408, 'transitionType', NULL),
(409, 'loop', '0'),
(409, 'transitionDirection', 'N'),
(409, 'transitionDuration', NULL),
(409, 'transitionType', NULL),
(464, 'loop', '0'),
(464, 'transitionDirection', 'N'),
(464, 'transitionDuration', NULL),
(464, 'transitionType', NULL),
(465, 'loop', '0'),
(465, 'transitionDirection', 'N'),
(465, 'transitionDuration', NULL),
(465, 'transitionType', NULL),
(466, 'loop', '0'),
(466, 'transitionDirection', 'N'),
(466, 'transitionDuration', NULL),
(466, 'transitionType', NULL),
(540, 'loop', '0'),
(540, 'transitionDirection', 'N'),
(540, 'transitionDuration', NULL),
(540, 'transitionType', NULL),
(541, 'loop', '0'),
(541, 'transitionDirection', 'N'),
(541, 'transitionDuration', NULL),
(541, 'transitionType', NULL),
(542, 'loop', '0'),
(542, 'transitionDirection', 'N'),
(542, 'transitionDuration', NULL),
(542, 'transitionType', NULL),
(588, 'loop', '0'),
(588, 'transitionDirection', 'N'),
(588, 'transitionDuration', ''),
(588, 'transitionType', ''),
(589, 'loop', '0'),
(589, 'transitionDirection', 'N'),
(589, 'transitionDuration', ''),
(589, 'transitionType', ''),
(590, 'loop', '0'),
(590, 'transitionDirection', 'N'),
(590, 'transitionDuration', ''),
(590, 'transitionType', '');

-- --------------------------------------------------------

--
-- Estrutura para tabela `reportschedule`
--

CREATE TABLE `reportschedule` (
  `reportScheduleId` int(11) NOT NULL,
  `name` varchar(255) NOT NULL,
  `reportName` varchar(255) NOT NULL,
  `filterCriteria` text,
  `schedule` varchar(255) NOT NULL,
  `lastSavedReportId` int(11) NOT NULL DEFAULT '0',
  `lastRunDt` int(11) NOT NULL DEFAULT '0',
  `previousRunDt` int(11) NOT NULL DEFAULT '0',
  `userId` int(11) NOT NULL,
  `isActive` int(11) NOT NULL DEFAULT '1',
  `createdDt` int(11) NOT NULL,
  `message` varchar(255) DEFAULT NULL
) ENGINE=InnoDB DEFAULT CHARSET=utf8;

-- --------------------------------------------------------

--
-- Estrutura para tabela `requiredfile`
--

CREATE TABLE `requiredfile` (
  `rfId` int(11) NOT NULL,
  `displayId` int(11) NOT NULL,
  `type` varchar(1) NOT NULL,
  `itemId` int(11) DEFAULT NULL,
  `bytesRequested` bigint(20) NOT NULL,
  `complete` tinyint(4) NOT NULL DEFAULT '0',
  `path` varchar(255) DEFAULT NULL,
  `size` bigint(20) NOT NULL DEFAULT '0',
  `released` tinyint(4) NOT NULL DEFAULT '1'
) ENGINE=InnoDB DEFAULT CHARSET=utf8;

--
-- Despejando dados para a tabela `requiredfile`
--

INSERT INTO `requiredfile` (`rfId`, `displayId`, `type`, `itemId`, `bytesRequested`, `complete`, `path`, `size`, `released`) VALUES
(167, 5, 'M', 1, 0, 1, 'jquery-1.11.1.min.js', 95785, 1),
(168, 5, 'M', 33, 0, 1, 'wi-day-sunny.jpg', 1445897, 1),
(169, 5, 'M', 16, 0, 1, '16.otf', 19684, 1),
(170, 5, 'M', 31, 0, 1, 'wi-cloudy.jpg', 379804, 1),
(171, 5, 'M', 14, 0, 1, '14.ttf', 116580, 1),
(172, 5, 'M', 29, 0, 1, 'weathericons-regular-webfont.woff', 40408, 1),
(173, 5, 'M', 12, 0, 1, '12.otf', 30060, 1),
(174, 5, 'M', 27, 0, 1, 'weathericons-regular-webfont.svg', 127706, 1),
(175, 5, 'M', 10, 0, 1, 'xibo-image-render.js', 2988, 1),
(176, 5, 'M', 25, 0, 1, 'weather-icons.min.css', 26633, 1),
(177, 5, 'M', 40, 0, 1, 'wi-windy.jpg', 339716, 1),
(178, 5, 'M', 8, 0, 1, 'xibo-countdown-render.js', 6744, 1),
(179, 5, 'M', 23, 0, 1, 'animate.css', 72259, 1),
(180, 5, 'M', 38, 0, 1, 'wi-rain.jpg', 655983, 1),
(181, 5, 'M', 6, 0, 1, 'jquery-cycle-2.1.6.min.js', 28876, 1),
(182, 5, 'M', 21, 0, 1, 'bootstrap.min.css', 121200, 1),
(183, 5, 'M', 4, 0, 1, 'xibo-text-render.js', 12150, 1),
(184, 5, 'M', 36, 0, 1, 'wi-night-clear.jpg', 738913, 1),
(185, 5, 'M', 19, 0, 1, 'compatibility.js', 18126, 1),
(186, 5, 'M', 2, 0, 1, 'moment.js', 160251, 1),
(187, 5, 'M', 34, 0, 1, 'wi-fog.jpg', 597609, 1),
(188, 5, 'M', 17, 0, 1, 'pdf.js', 333388, 1),
(189, 5, 'M', 32, 0, 1, 'wi-day-cloudy.jpg', 2628732, 1),
(190, 5, 'M', 15, 0, 1, '15.ttf', 45884, 1),
(191, 5, 'M', 30, 0, 1, 'weathericons-regular-webfont.woff2', 44720, 1),
(192, 5, 'M', 13, 0, 1, '13.otf', 27644, 1),
(193, 5, 'M', 28, 0, 1, 'weathericons-regular-webfont.ttf', 67016, 1),
(194, 5, 'M', 11, 0, 1, 'xibo-dataset-render.js', 1687, 1),
(195, 5, 'M', 26, 0, 1, 'weathericons-regular-webfont.eot', 35151, 1),
(196, 5, 'M', 9, 0, 1, 'jquery.marquee.min.js', 2248, 1),
(197, 5, 'M', 24, 0, 1, 'font-awesome.min.css', 23739, 1),
(198, 5, 'M', 39, 0, 1, 'wi-snow.jpg', 782263, 1),
(199, 5, 'M', 7, 0, 1, 'flipclock.min.js', 21107, 1),
(200, 5, 'M', 22, 0, 1, 'WeatherIcons-Regular.otf', 40668, 1),
(201, 5, 'M', 5, 0, 1, 'Chart.min.js', 159638, 1),
(202, 5, 'M', 37, 0, 1, 'wi-night-partly-cloudy.jpg', 220168, 1),
(203, 5, 'M', 20, 0, 1, 'xibo-webpage-render.js', 4832, 1),
(204, 5, 'M', 3, 0, 1, 'xibo-layout-scaler.js', 3694, 1),
(205, 5, 'M', 35, 0, 1, 'wi-hail.jpg', 827270, 1),
(206, 5, 'M', 18, 0, 1, 'pdf.worker.js', 1337459, 1),
(210, 5, 'M', 264, 0, 1, '264.png', 935437, 1),
(216, 5, 'M', 258, 0, 1, '258.png', 570812, 1),
(255, 5, 'M', 300, 0, 1, '300.png', 73682, 1),
(256, 5, 'M', 298, 0, 1, '298.png', 252945, 1),
(257, 5, 'M', 301, 0, 1, '301.png', 939062, 1),
(258, 5, 'M', 299, 0, 1, '299.png', 453999, 1),
(479, 5, 'M', 307, 0, 1, '307.png', 173246, 1),
(480, 5, 'M', 306, 0, 1, '306.png', 110806, 1),
(481, 5, 'M', 305, 0, 1, '305.png', 108553, 1),
(482, 5, 'M', 344, 0, 1, '344.png', 390568, 1),
(483, 5, 'M', 320, 0, 1, '320.png', 528393, 1),
(484, 5, 'M', 319, 0, 1, '319.png', 178830, 1),
(485, 5, 'M', 318, 0, 1, '318.png', 185954, 1),
(486, 5, 'M', 317, 0, 1, '317.png', 163708, 1),
(487, 5, 'M', 316, 0, 1, '316.png', 309626, 1),
(488, 5, 'M', 315, 0, 1, '315.png', 181882, 1),
(489, 5, 'M', 314, 0, 1, '314.png', 82274, 1),
(490, 5, 'M', 311, 0, 1, '311.png', 329522, 1),
(493, 5, 'M', 321, 0, 1, '321.jpg', 823522, 1),
(561, 5, 'M', 346, 0, 1, '346.png', 738395, 1),
(562, 5, 'M', 347, 0, 1, '347.png', 192734, 1),
(563, 5, 'M', 349, 0, 1, '349.png', 236215, 1),
(565, 5, 'M', 350, 0, 1, '350.png', 253989, 1),
(578, 7, 'M', 35, 0, 1, 'wi-hail.jpg', 827270, 1),
(579, 7, 'M', 3, 0, 1, 'xibo-layout-scaler.js', 3694, 1),
(580, 7, 'M', 18, 0, 1, 'pdf.worker.js', 1337459, 1),
(581, 7, 'M', 33, 0, 1, 'wi-day-sunny.jpg', 1445897, 1),
(582, 7, 'M', 1, 0, 1, 'jquery-1.11.1.min.js', 95785, 1),
(583, 7, 'M', 16, 0, 1, '16.otf', 19684, 1),
(584, 7, 'M', 31, 0, 1, 'wi-cloudy.jpg', 379804, 1),
(585, 7, 'M', 14, 0, 1, '14.ttf', 116580, 1),
(586, 7, 'M', 29, 0, 1, 'weathericons-regular-webfont.woff', 40408, 1),
(587, 7, 'M', 12, 0, 1, '12.otf', 30060, 1),
(588, 7, 'M', 27, 0, 1, 'weathericons-regular-webfont.svg', 127706, 1),
(589, 7, 'M', 10, 0, 1, 'xibo-image-render.js', 2988, 1),
(590, 7, 'M', 25, 0, 1, 'weather-icons.min.css', 26633, 1),
(591, 7, 'M', 40, 0, 1, 'wi-windy.jpg', 339716, 1),
(592, 7, 'M', 8, 0, 1, 'xibo-countdown-render.js', 6744, 1),
(593, 7, 'M', 23, 0, 1, 'animate.css', 72259, 1),
(594, 7, 'M', 38, 0, 1, 'wi-rain.jpg', 655983, 1),
(595, 7, 'M', 6, 0, 1, 'jquery-cycle-2.1.6.min.js', 28876, 1),
(596, 7, 'M', 21, 0, 1, 'bootstrap.min.css', 121200, 1),
(597, 7, 'M', 36, 0, 1, 'wi-night-clear.jpg', 738913, 1),
(598, 7, 'M', 4, 0, 1, 'xibo-text-render.js', 12150, 1),
(599, 7, 'M', 19, 0, 1, 'compatibility.js', 18126, 1),
(600, 7, 'M', 34, 0, 1, 'wi-fog.jpg', 597609, 1),
(601, 7, 'M', 2, 0, 1, 'moment.js', 160251, 1),
(602, 7, 'M', 17, 0, 1, 'pdf.js', 333388, 1),
(603, 7, 'M', 32, 0, 1, 'wi-day-cloudy.jpg', 2628732, 1),
(604, 7, 'M', 15, 0, 1, '15.ttf', 45884, 1),
(605, 7, 'M', 30, 0, 1, 'weathericons-regular-webfont.woff2', 44720, 1),
(606, 7, 'M', 13, 0, 1, '13.otf', 27644, 1),
(607, 7, 'M', 28, 0, 1, 'weathericons-regular-webfont.ttf', 67016, 1),
(608, 7, 'M', 11, 0, 1, 'xibo-dataset-render.js', 1687, 1),
(609, 7, 'M', 26, 0, 1, 'weathericons-regular-webfont.eot', 35151, 1),
(610, 7, 'M', 9, 0, 1, 'jquery.marquee.min.js', 2248, 1),
(611, 7, 'M', 24, 0, 1, 'font-awesome.min.css', 23739, 1),
(612, 7, 'M', 39, 0, 1, 'wi-snow.jpg', 782263, 1),
(613, 7, 'M', 7, 0, 1, 'flipclock.min.js', 21107, 1),
(614, 7, 'M', 22, 0, 1, 'WeatherIcons-Regular.otf', 40668, 1),
(615, 7, 'M', 37, 0, 1, 'wi-night-partly-cloudy.jpg', 220168, 1),
(616, 7, 'M', 5, 0, 1, 'Chart.min.js', 159638, 1),
(617, 7, 'M', 20, 0, 1, 'xibo-webpage-render.js', 4832, 1),
(660, 7, 'M', 352, 0, 1, '352.jpg', 238870, 1),
(700, 8, 'M', 35, 0, 1, 'wi-hail.jpg', 827270, 1),
(701, 8, 'M', 3, 0, 1, 'xibo-layout-scaler.js', 3694, 1),
(702, 8, 'M', 18, 0, 1, 'pdf.worker.js', 1337459, 1),
(703, 8, 'M', 33, 0, 1, 'wi-day-sunny.jpg', 1445897, 1),
(704, 8, 'M', 1, 0, 1, 'jquery-1.11.1.min.js', 95785, 1),
(705, 8, 'M', 16, 0, 1, '16.otf', 19684, 1),
(706, 8, 'M', 31, 0, 1, 'wi-cloudy.jpg', 379804, 1),
(707, 8, 'M', 14, 0, 1, '14.ttf', 116580, 1),
(708, 8, 'M', 29, 0, 1, 'weathericons-regular-webfont.woff', 40408, 1),
(709, 8, 'M', 12, 0, 1, '12.otf', 30060, 1),
(710, 8, 'M', 27, 0, 1, 'weathericons-regular-webfont.svg', 127706, 1),
(711, 8, 'M', 10, 0, 1, 'xibo-image-render.js', 2988, 1),
(712, 8, 'M', 25, 0, 1, 'weather-icons.min.css', 26633, 1),
(713, 8, 'M', 40, 0, 1, 'wi-windy.jpg', 339716, 1),
(714, 8, 'M', 8, 0, 1, 'xibo-countdown-render.js', 6744, 1),
(715, 8, 'M', 23, 0, 1, 'animate.css', 72259, 1),
(716, 8, 'M', 38, 0, 1, 'wi-rain.jpg', 655983, 1),
(717, 8, 'M', 6, 0, 1, 'jquery-cycle-2.1.6.min.js', 28876, 1),
(718, 8, 'M', 21, 0, 1, 'bootstrap.min.css', 121200, 1),
(719, 8, 'M', 36, 0, 1, 'wi-night-clear.jpg', 738913, 1),
(720, 8, 'M', 4, 0, 1, 'xibo-text-render.js', 12150, 1),
(721, 8, 'M', 19, 0, 1, 'compatibility.js', 18126, 1),
(722, 8, 'M', 34, 0, 1, 'wi-fog.jpg', 597609, 1),
(723, 8, 'M', 2, 0, 1, 'moment.js', 160251, 1),
(724, 8, 'M', 17, 0, 1, 'pdf.js', 333388, 1),
(725, 8, 'M', 32, 0, 1, 'wi-day-cloudy.jpg', 2628732, 1),
(726, 8, 'M', 15, 0, 1, '15.ttf', 45884, 1),
(727, 8, 'M', 30, 0, 1, 'weathericons-regular-webfont.woff2', 44720, 1),
(728, 8, 'M', 13, 0, 1, '13.otf', 27644, 1),
(729, 8, 'M', 28, 0, 1, 'weathericons-regular-webfont.ttf', 67016, 1),
(730, 8, 'M', 11, 0, 1, 'xibo-dataset-render.js', 1687, 1),
(731, 8, 'M', 26, 0, 1, 'weathericons-regular-webfont.eot', 35151, 1),
(732, 8, 'M', 9, 0, 1, 'jquery.marquee.min.js', 2248, 1),
(733, 8, 'M', 24, 0, 1, 'font-awesome.min.css', 23739, 1),
(734, 8, 'M', 39, 0, 1, 'wi-snow.jpg', 782263, 1),
(735, 8, 'M', 7, 0, 1, 'flipclock.min.js', 21107, 1),
(736, 8, 'M', 22, 0, 1, 'WeatherIcons-Regular.otf', 40668, 1),
(737, 8, 'M', 37, 0, 1, 'wi-night-partly-cloudy.jpg', 220168, 1),
(738, 8, 'M', 5, 0, 1, 'Chart.min.js', 159638, 1),
(739, 8, 'M', 20, 0, 1, 'xibo-webpage-render.js', 4832, 1),
(782, 7, 'L', 41, 0, 1, '41.xlf', 1937, 1),
(783, 7, 'W', 111, 0, 1, NULL, 0, 1),
(784, 7, 'W', 112, 0, 1, NULL, 0, 1),
(785, 5, 'L', 41, 0, 1, '41.xlf', 1937, 1),
(786, 5, 'W', 111, 0, 1, NULL, 0, 1),
(787, 5, 'W', 112, 0, 1, NULL, 0, 1),
(790, 8, 'L', 41, 0, 1, '41.xlf', 1937, 1),
(791, 8, 'W', 111, 0, 1, NULL, 0, 1),
(792, 8, 'W', 112, 0, 1, NULL, 0, 1),
(793, 9, 'M', 15, 0, 1, '15.ttf', 45884, 1),
(794, 9, 'M', 30, 0, 1, 'weathericons-regular-webfont.woff2', 44720, 1),
(795, 9, 'M', 13, 0, 1, '13.otf', 27644, 1),
(796, 9, 'M', 28, 0, 1, 'weathericons-regular-webfont.ttf', 67016, 1),
(797, 9, 'M', 11, 0, 0, 'xibo-dataset-render.js', 1687, 1),
(798, 9, 'M', 26, 0, 1, 'weathericons-regular-webfont.eot', 35151, 1),
(799, 9, 'M', 9, 0, 0, 'jquery.marquee.min.js', 2248, 1),
(800, 9, 'M', 24, 0, 1, 'font-awesome.min.css', 23739, 1),
(801, 9, 'M', 39, 0, 1, 'wi-snow.jpg', 782263, 1),
(802, 9, 'M', 7, 0, 0, 'flipclock.min.js', 21107, 1),
(803, 9, 'M', 22, 0, 1, 'WeatherIcons-Regular.otf', 40668, 1),
(804, 9, 'M', 37, 0, 1, 'wi-night-partly-cloudy.jpg', 220168, 1),
(805, 9, 'M', 5, 0, 0, 'Chart.min.js', 159638, 1),
(806, 9, 'M', 20, 0, 0, 'xibo-webpage-render.js', 4832, 1),
(807, 9, 'M', 35, 0, 1, 'wi-hail.jpg', 827270, 1),
(808, 9, 'M', 3, 0, 0, 'xibo-layout-scaler.js', 3694, 1),
(809, 9, 'M', 18, 0, 0, 'pdf.worker.js', 1337459, 1),
(810, 9, 'M', 33, 0, 1, 'wi-day-sunny.jpg', 1445897, 1),
(811, 9, 'M', 1, 0, 0, 'jquery-1.11.1.min.js', 95785, 1),
(812, 9, 'M', 16, 0, 1, '16.otf', 19684, 1),
(813, 9, 'M', 31, 0, 1, 'wi-cloudy.jpg', 379804, 1),
(814, 9, 'M', 14, 0, 1, '14.ttf', 116580, 1),
(815, 9, 'M', 29, 0, 1, 'weathericons-regular-webfont.woff', 40408, 1),
(816, 9, 'M', 12, 0, 1, '12.otf', 30060, 1),
(817, 9, 'M', 27, 0, 1, 'weathericons-regular-webfont.svg', 127706, 1),
(818, 9, 'M', 10, 0, 0, 'xibo-image-render.js', 2988, 1),
(819, 9, 'M', 25, 0, 1, 'weather-icons.min.css', 26633, 1),
(820, 9, 'M', 40, 0, 1, 'wi-windy.jpg', 339716, 1),
(821, 9, 'M', 8, 0, 0, 'xibo-countdown-render.js', 6744, 1),
(822, 9, 'M', 23, 0, 1, 'animate.css', 72259, 1),
(823, 9, 'M', 38, 0, 1, 'wi-rain.jpg', 655983, 1),
(824, 9, 'M', 6, 0, 0, 'jquery-cycle-2.1.6.min.js', 28876, 1),
(825, 9, 'M', 21, 0, 1, 'bootstrap.min.css', 121200, 1),
(826, 9, 'M', 36, 0, 1, 'wi-night-clear.jpg', 738913, 1),
(827, 9, 'M', 4, 0, 0, 'xibo-text-render.js', 12150, 1),
(828, 9, 'M', 19, 0, 0, 'compatibility.js', 18126, 1),
(829, 9, 'M', 34, 0, 1, 'wi-fog.jpg', 597609, 1),
(830, 9, 'M', 2, 0, 0, 'moment.js', 160251, 1),
(831, 9, 'M', 17, 0, 0, 'pdf.js', 333388, 1),
(832, 9, 'M', 32, 0, 1, 'wi-day-cloudy.jpg', 2628732, 1),
(856, 9, 'M', 321, 0, 1, '321.jpg', 823522, 1),
(858, 9, 'L', 41, 0, 1, '41.xlf', 1937, 1),
(859, 9, 'W', 111, 0, 1, NULL, 0, 1),
(860, 9, 'W', 112, 0, 1, NULL, 0, 1),
(1027, 8, 'M', 321, 0, 1, '321.jpg', 823522, 1),
(1162, 9, 'L', 147, 0, 1, '147.xlf', 13544, 1),
(1163, 9, 'W', 698, 0, 1, NULL, 0, 1),
(1164, 9, 'W', 699, 19986, 1, NULL, 0, 1),
(1165, 9, 'W', 700, 7144, 1, NULL, 0, 1),
(1166, 9, 'W', 701, 4282, 1, NULL, 0, 1),
(1167, 9, 'W', 702, 0, 1, NULL, 0, 1),
(1168, 9, 'W', 703, 2774, 1, NULL, 0, 1),
(1169, 9, 'W', 704, 0, 1, NULL, 0, 1),
(1170, 9, 'W', 705, 0, 1, NULL, 0, 1),
(1171, 9, 'W', 706, 0, 1, NULL, 0, 1),
(1172, 9, 'W', 707, 0, 1, NULL, 0, 1),
(1173, 9, 'W', 708, 0, 1, NULL, 0, 1),
(1174, 7, 'L', 150, 0, 1, '150.xlf', 2972, 1),
(1175, 7, 'W', 713, 48924295, 1, NULL, 0, 1),
(1176, 7, 'W', 714, 0, 1, NULL, 0, 1),
(1271, 12, 'M', 1, 0, 0, 'jquery-1.11.1.min.js', 95785, 1),
(1272, 12, 'M', 33, 0, 1, 'wi-day-sunny.jpg', 1445897, 1),
(1273, 12, 'M', 16, 0, 1, '16.otf', 19684, 1),
(1274, 12, 'M', 31, 0, 1, 'wi-cloudy.jpg', 379804, 1),
(1275, 12, 'M', 14, 0, 1, '14.ttf', 116580, 1),
(1276, 12, 'M', 29, 0, 1, 'weathericons-regular-webfont.woff', 40408, 1),
(1277, 12, 'M', 12, 0, 1, '12.otf', 30060, 1),
(1278, 12, 'M', 27, 0, 1, 'weathericons-regular-webfont.svg', 127706, 1),
(1279, 12, 'M', 10, 0, 0, 'xibo-image-render.js', 2988, 1),
(1280, 12, 'M', 25, 0, 1, 'weather-icons.min.css', 26633, 1),
(1281, 12, 'M', 8, 0, 0, 'xibo-countdown-render.js', 6744, 1),
(1282, 12, 'M', 40, 0, 1, 'wi-windy.jpg', 339716, 1),
(1283, 12, 'M', 23, 0, 1, 'animate.css', 72259, 1),
(1284, 12, 'M', 6, 0, 0, 'jquery-cycle-2.1.6.min.js', 28876, 1),
(1285, 12, 'M', 38, 0, 1, 'wi-rain.jpg', 655983, 1),
(1286, 12, 'M', 21, 0, 1, 'bootstrap.min.css', 121200, 1),
(1287, 12, 'M', 4, 0, 0, 'xibo-text-render.js', 12150, 1),
(1288, 12, 'M', 36, 0, 1, 'wi-night-clear.jpg', 738913, 1),
(1289, 12, 'M', 19, 0, 0, 'compatibility.js', 18126, 1),
(1290, 12, 'M', 2, 0, 0, 'moment.js', 160251, 1),
(1291, 12, 'M', 34, 0, 1, 'wi-fog.jpg', 597609, 1),
(1292, 12, 'M', 17, 0, 0, 'pdf.js', 333388, 1),
(1293, 12, 'M', 32, 0, 1, 'wi-day-cloudy.jpg', 2628732, 1),
(1294, 12, 'M', 15, 0, 1, '15.ttf', 45884, 1),
(1295, 12, 'M', 30, 0, 1, 'weathericons-regular-webfont.woff2', 44720, 1),
(1296, 12, 'M', 13, 0, 1, '13.otf', 27644, 1),
(1297, 12, 'M', 28, 0, 1, 'weathericons-regular-webfont.ttf', 67016, 1),
(1298, 12, 'M', 11, 0, 0, 'xibo-dataset-render.js', 1687, 1),
(1299, 12, 'M', 26, 0, 1, 'weathericons-regular-webfont.eot', 35151, 1),
(1300, 12, 'M', 9, 0, 0, 'jquery.marquee.min.js', 2248, 1),
(1301, 12, 'M', 24, 0, 1, 'font-awesome.min.css', 23739, 1),
(1302, 12, 'M', 7, 0, 0, 'flipclock.min.js', 21107, 1),
(1303, 12, 'M', 39, 0, 1, 'wi-snow.jpg', 782263, 1),
(1304, 12, 'M', 22, 0, 1, 'WeatherIcons-Regular.otf', 40668, 1),
(1305, 12, 'M', 5, 0, 0, 'Chart.min.js', 159638, 1),
(1306, 12, 'M', 37, 0, 1, 'wi-night-partly-cloudy.jpg', 220168, 1),
(1307, 12, 'M', 20, 0, 0, 'xibo-webpage-render.js', 4832, 1),
(1308, 12, 'M', 3, 0, 0, 'xibo-layout-scaler.js', 3694, 1),
(1309, 12, 'M', 35, 0, 1, 'wi-hail.jpg', 827270, 1),
(1310, 12, 'M', 18, 1340424, 0, 'pdf.worker.js', 1337459, 1),
(1341, 8, 'L', 162, 0, 1, '162.xlf', 13539, 1),
(1342, 8, 'W', 770, 0, 1, NULL, 0, 1),
(1343, 8, 'W', 771, 9971, 1, NULL, 0, 1),
(1344, 8, 'W', 772, 0, 1, NULL, 0, 1),
(1345, 8, 'W', 773, 0, 1, NULL, 0, 1),
(1346, 8, 'W', 774, 0, 1, NULL, 0, 1),
(1347, 8, 'W', 775, 2774, 1, NULL, 0, 1),
(1348, 8, 'W', 776, 0, 1, NULL, 0, 1),
(1349, 8, 'W', 777, 0, 1, NULL, 0, 1),
(1350, 8, 'W', 778, 0, 1, NULL, 0, 1),
(1351, 8, 'W', 779, 0, 1, NULL, 0, 1),
(1352, 8, 'W', 780, 0, 1, NULL, 0, 1),
(1408, 5, 'L', 181, 0, 1, '181.xlf', 13957, 1),
(1409, 5, 'W', 813, 6545808, 1, NULL, 0, 1),
(1410, 5, 'W', 814, 10095317, 1, NULL, 0, 1),
(1411, 5, 'W', 815, 3368036, 1, NULL, 0, 1),
(1412, 5, 'W', 816, 3026156, 1, NULL, 0, 1),
(1413, 5, 'W', 817, 4519614, 1, NULL, 0, 1),
(1414, 5, 'W', 818, 2898888, 1, NULL, 0, 1),
(1415, 5, 'W', 819, 2097, 1, NULL, 0, 1),
(1416, 5, 'W', 820, 2101, 1, NULL, 0, 1),
(1417, 5, 'W', 821, 2094, 1, NULL, 0, 1),
(1418, 5, 'W', 822, 2106, 1, NULL, 0, 1),
(1419, 5, 'W', 823, 2106, 1, NULL, 0, 1),
(1526, 15, 'M', 29, 0, 1, 'weathericons-regular-webfont.woff', 40408, 1),
(1527, 15, 'M', 12, 0, 1, '12.otf', 30060, 1),
(1528, 15, 'M', 27, 0, 1, 'weathericons-regular-webfont.svg', 127706, 1),
(1529, 15, 'M', 10, 0, 1, 'xibo-image-render.js', 2988, 1),
(1530, 15, 'M', 25, 0, 1, 'weather-icons.min.css', 26633, 1),
(1531, 15, 'M', 8, 0, 1, 'xibo-countdown-render.js', 6744, 1),
(1532, 15, 'M', 40, 0, 1, 'wi-windy.jpg', 339716, 1),
(1533, 15, 'M', 23, 0, 1, 'animate.css', 72259, 1),
(1534, 15, 'M', 6, 0, 1, 'jquery-cycle-2.1.6.min.js', 28876, 1),
(1535, 15, 'M', 38, 0, 1, 'wi-rain.jpg', 655983, 1),
(1536, 15, 'M', 21, 0, 1, 'bootstrap.min.css', 121200, 1),
(1537, 15, 'M', 4, 0, 1, 'xibo-text-render.js', 12150, 1),
(1538, 15, 'M', 36, 0, 1, 'wi-night-clear.jpg', 738913, 1),
(1539, 15, 'M', 19, 0, 1, 'compatibility.js', 18126, 1),
(1540, 15, 'M', 2, 0, 1, 'moment.js', 160251, 1),
(1541, 15, 'M', 34, 0, 1, 'wi-fog.jpg', 597609, 1),
(1542, 15, 'M', 17, 0, 1, 'pdf.js', 333388, 1),
(1543, 15, 'M', 32, 0, 1, 'wi-day-cloudy.jpg', 2628732, 1),
(1544, 15, 'M', 15, 0, 1, '15.ttf', 45884, 1),
(1545, 15, 'M', 30, 0, 1, 'weathericons-regular-webfont.woff2', 44720, 1),
(1546, 15, 'M', 13, 0, 1, '13.otf', 27644, 1),
(1547, 15, 'M', 28, 0, 1, 'weathericons-regular-webfont.ttf', 67016, 1),
(1548, 15, 'M', 11, 0, 1, 'xibo-dataset-render.js', 1687, 1),
(1549, 15, 'M', 26, 0, 1, 'weathericons-regular-webfont.eot', 35151, 1),
(1550, 15, 'M', 9, 0, 1, 'jquery.marquee.min.js', 2248, 1),
(1551, 15, 'M', 24, 0, 1, 'font-awesome.min.css', 23739, 1),
(1552, 15, 'M', 7, 0, 1, 'flipclock.min.js', 21107, 1),
(1553, 15, 'M', 39, 0, 1, 'wi-snow.jpg', 782263, 1),
(1554, 15, 'M', 22, 0, 1, 'WeatherIcons-Regular.otf', 40668, 1),
(1555, 15, 'M', 5, 0, 1, 'Chart.min.js', 159638, 1),
(1556, 15, 'M', 37, 0, 1, 'wi-night-partly-cloudy.jpg', 220168, 1),
(1557, 15, 'M', 20, 0, 1, 'xibo-webpage-render.js', 4832, 1),
(1558, 15, 'M', 3, 0, 1, 'xibo-layout-scaler.js', 3694, 1),
(1559, 15, 'M', 35, 0, 1, 'wi-hail.jpg', 827270, 1),
(1560, 15, 'M', 18, 0, 1, 'pdf.worker.js', 1337459, 1),
(1561, 15, 'M', 1, 0, 1, 'jquery-1.11.1.min.js', 95785, 1),
(1562, 15, 'M', 33, 0, 1, 'wi-day-sunny.jpg', 1445897, 1),
(1563, 15, 'M', 16, 0, 1, '16.otf', 19684, 1),
(1564, 15, 'M', 31, 0, 1, 'wi-cloudy.jpg', 379804, 1),
(1565, 15, 'M', 14, 0, 1, '14.ttf', 116580, 1),
(1588, 15, 'M', 321, 0, 1, '321.jpg', 823522, 1),
(1601, 8, 'M', 662, 0, 1, 'fonts.css', 382, 1),
(1602, 5, 'M', 662, 0, 1, 'fonts.css', 382, 1),
(1603, 15, 'M', 662, 0, 1, 'fonts.css', 382, 1),
(1604, 16, 'M', 23, 0, 1, 'animate.css', 72259, 1),
(1605, 16, 'M', 38, 0, 1, 'wi-rain.jpg', 655983, 1),
(1606, 16, 'M', 6, 0, 1, 'jquery-cycle-2.1.6.min.js', 32610, 1),
(1607, 16, 'M', 21, 0, 1, 'bootstrap.min.css', 121200, 1),
(1608, 16, 'M', 36, 0, 1, 'wi-night-clear.jpg', 738913, 1),
(1609, 16, 'M', 4, 0, 1, 'xibo-text-render.js', 15884, 1),
(1610, 16, 'M', 19, 0, 1, 'compatibility.js', 21860, 1),
(1611, 16, 'M', 34, 0, 1, 'wi-fog.jpg', 597609, 1),
(1612, 16, 'M', 2, 0, 1, 'moment.js', 163985, 1),
(1613, 16, 'M', 17, 0, 1, 'pdf.js', 337122, 1),
(1614, 16, 'M', 32, 0, 1, 'wi-day-cloudy.jpg', 2628732, 1),
(1615, 16, 'M', 15, 0, 1, '15.ttf', 45884, 1),
(1616, 16, 'M', 30, 0, 1, 'weathericons-regular-webfont.woff2', 44720, 1),
(1617, 16, 'M', 13, 0, 1, '13.otf', 27644, 1),
(1618, 16, 'M', 28, 0, 1, 'weathericons-regular-webfont.ttf', 67016, 1),
(1619, 16, 'M', 11, 0, 1, 'xibo-dataset-render.js', 5421, 1),
(1620, 16, 'M', 26, 0, 1, 'weathericons-regular-webfont.eot', 35151, 1),
(1621, 16, 'M', 662, 0, 1, 'fonts.css', 382, 1),
(1622, 16, 'M', 9, 0, 1, 'jquery.marquee.min.js', 5982, 1),
(1623, 16, 'M', 24, 0, 1, 'font-awesome.min.css', 23739, 1),
(1624, 16, 'M', 39, 0, 1, 'wi-snow.jpg', 782263, 1),
(1625, 16, 'M', 7, 0, 1, 'flipclock.min.js', 24841, 1),
(1626, 16, 'M', 22, 0, 1, 'WeatherIcons-Regular.otf', 40668, 1),
(1627, 16, 'M', 37, 0, 1, 'wi-night-partly-cloudy.jpg', 220168, 1),
(1628, 16, 'M', 5, 0, 1, 'Chart.min.js', 163372, 1),
(1629, 16, 'M', 20, 0, 1, 'xibo-webpage-render.js', 8566, 1),
(1630, 16, 'M', 35, 0, 1, 'wi-hail.jpg', 827270, 1),
(1631, 16, 'M', 3, 0, 1, 'xibo-layout-scaler.js', 7428, 1),
(1632, 16, 'M', 18, 0, 1, 'pdf.worker.js', 1341193, 1),
(1633, 16, 'M', 33, 0, 1, 'wi-day-sunny.jpg', 1445897, 1),
(1634, 16, 'M', 1, 0, 1, 'jquery-1.11.1.min.js', 99519, 1),
(1635, 16, 'M', 16, 0, 1, '16.otf', 19684, 1),
(1636, 16, 'M', 31, 0, 1, 'wi-cloudy.jpg', 379804, 1),
(1637, 16, 'M', 14, 0, 1, '14.ttf', 116580, 1),
(1638, 16, 'M', 29, 0, 1, 'weathericons-regular-webfont.woff', 40408, 1),
(1639, 16, 'M', 12, 0, 1, '12.otf', 30060, 1),
(1640, 16, 'M', 27, 0, 1, 'weathericons-regular-webfont.svg', 127706, 1),
(1641, 16, 'M', 10, 0, 1, 'xibo-image-render.js', 6722, 1),
(1642, 16, 'M', 25, 0, 1, 'weather-icons.min.css', 26633, 1),
(1643, 16, 'M', 40, 0, 1, 'wi-windy.jpg', 339716, 1),
(1644, 16, 'M', 8, 0, 1, 'xibo-countdown-render.js', 10478, 1),
(1645, 16, 'M', 317, 0, 1, '317.png', 163708, 1),
(1646, 16, 'M', 315, 0, 1, '315.png', 181882, 1),
(1647, 16, 'M', 311, 0, 1, '311.png', 329522, 1),
(1648, 16, 'M', 306, 0, 1, '306.png', 110806, 1),
(1649, 16, 'M', 301, 0, 1, '301.png', 939062, 1),
(1650, 16, 'M', 349, 0, 1, '349.png', 236215, 1),
(1651, 16, 'M', 299, 0, 1, '299.png', 453999, 1),
(1652, 16, 'M', 346, 0, 1, '346.png', 738395, 1),
(1653, 16, 'M', 264, 0, 1, '264.png', 935437, 1),
(1654, 16, 'M', 320, 0, 1, '320.png', 528393, 1),
(1655, 16, 'M', 318, 0, 1, '318.png', 185954, 1),
(1656, 16, 'M', 316, 0, 1, '316.png', 309626, 1),
(1657, 16, 'M', 314, 0, 1, '314.png', 82274, 1),
(1658, 16, 'M', 307, 0, 1, '307.png', 173246, 1),
(1659, 16, 'M', 305, 0, 1, '305.png', 108553, 1),
(1660, 16, 'M', 350, 0, 1, '350.png', 253989, 1),
(1661, 16, 'M', 300, 0, 1, '300.png', 73682, 1),
(1662, 16, 'M', 347, 0, 1, '347.png', 192734, 1),
(1663, 16, 'M', 298, 0, 1, '298.png', 252945, 1),
(1664, 16, 'M', 344, 0, 1, '344.png', 390568, 1),
(1665, 16, 'M', 258, 0, 1, '258.png', 570812, 1),
(1666, 16, 'M', 319, 0, 1, '319.png', 178830, 1),
(1667, 16, 'M', 321, 0, 1, '321.jpg', 823522, 1),
(1668, 16, 'L', 247, 0, 1, '247.xlf', 13963, 1),
(1669, 16, 'W', 922, 0, 1, NULL, 0, 1),
(1670, 16, 'W', 923, 0, 1, NULL, 0, 1),
(1671, 16, 'W', 924, 0, 1, NULL, 0, 1),
(1672, 16, 'W', 925, 0, 1, NULL, 0, 1),
(1673, 16, 'W', 926, 0, 1, NULL, 0, 1),
(1674, 16, 'W', 927, 0, 1, NULL, 0, 1),
(1675, 16, 'W', 928, 0, 1, NULL, 0, 1),
(1676, 16, 'W', 929, 0, 1, NULL, 0, 1),
(1677, 16, 'W', 930, 0, 1, NULL, 0, 1),
(1678, 16, 'W', 931, 0, 1, NULL, 0, 1),
(1679, 16, 'W', 932, 0, 1, NULL, 0, 1),
(1692, 15, 'L', 283, 0, 1, '283.xlf', 13870, 1),
(1693, 15, 'W', 1020, 10802, 1, NULL, 0, 1),
(1694, 15, 'W', 1021, 0, 1, NULL, 0, 1),
(1695, 15, 'W', 1022, 0, 1, NULL, 0, 1),
(1696, 15, 'W', 1023, 4289, 1, NULL, 0, 1),
(1697, 15, 'W', 1024, 8598, 1, NULL, 0, 1),
(1698, 15, 'W', 1025, 2774, 1, NULL, 0, 1),
(1699, 15, 'W', 1026, 0, 1, NULL, 0, 1),
(1700, 15, 'W', 1027, 0, 1, NULL, 0, 1),
(1701, 15, 'W', 1028, 0, 1, NULL, 0, 1),
(1702, 15, 'W', 1029, 0, 1, NULL, 0, 1),
(1703, 15, 'W', 1030, 0, 1, NULL, 0, 1),
(1704, 12, 'M', 662, 0, 1, 'fonts.css', 382, 1),
(1717, 7, 'M', 662, 0, 1, 'fonts.css', 382, 1),
(1758, 9, 'M', 662, 0, 1, 'fonts.css', 382, 1),
(1929, 12, 'M', 946, 0, 1, '946.jpeg', 111206, 1),
(1931, 12, 'L', 448, 0, 1, '448.xlf', 575, 1);

-- --------------------------------------------------------

--
-- Estrutura para tabela `resolution`
--

CREATE TABLE `resolution` (
  `resolutionId` int(11) NOT NULL,
  `resolution` varchar(254) NOT NULL,
  `width` smallint(6) NOT NULL,
  `height` smallint(6) NOT NULL,
  `intended_width` smallint(6) NOT NULL,
  `intended_height` smallint(6) NOT NULL,
  `version` tinyint(4) NOT NULL DEFAULT '1',
  `enabled` tinyint(4) NOT NULL DEFAULT '1',
  `userId` int(11) NOT NULL
) ENGINE=InnoDB DEFAULT CHARSET=utf8;

--
-- Despejando dados para a tabela `resolution`
--

INSERT INTO `resolution` (`resolutionId`, `resolution`, `width`, `height`, `intended_width`, `intended_height`, `version`, `enabled`, `userId`) VALUES
(1, '1080p HD Landscape', 800, 450, 1920, 1080, 2, 1, 1),
(2, '720p HD Landscape', 800, 450, 1280, 720, 2, 1, 1),
(3, '1080p HD Portrait', 450, 800, 1080, 1920, 2, 1, 1),
(4, '720p HD Portrait', 450, 800, 720, 1280, 2, 1, 1),
(5, '4k cinema', 800, 450, 4096, 2304, 2, 1, 1),
(6, 'Common PC Monitor 4:3', 800, 600, 1024, 768, 2, 1, 1),
(7, '4k UHD Landscape', 450, 800, 3840, 2160, 2, 1, 1),
(8, '4k UHD Portrait', 800, 450, 2160, 3840, 2, 1, 1);

-- --------------------------------------------------------

--
-- Estrutura para tabela `saved_report`
--

CREATE TABLE `saved_report` (
  `savedReportId` int(11) NOT NULL,
  `saveAs` varchar(255) NOT NULL,
  `reportName` varchar(255) NOT NULL,
  `mediaId` int(11) NOT NULL,
  `reportScheduleId` int(11) NOT NULL,
  `generatedOn` int(11) NOT NULL,
  `userId` int(11) NOT NULL
) ENGINE=InnoDB DEFAULT CHARSET=utf8;

-- --------------------------------------------------------

--
-- Estrutura para tabela `schedule`
--

CREATE TABLE `schedule` (
  `eventId` int(11) NOT NULL,
  `eventTypeId` int(11) NOT NULL,
  `campaignId` int(11) DEFAULT NULL,
  `commandId` int(11) DEFAULT NULL,
  `dayPartId` int(11) NOT NULL DEFAULT '0',
  `userId` int(11) NOT NULL,
  `fromDt` bigint(20) DEFAULT NULL,
  `toDt` bigint(20) DEFAULT NULL,
  `is_priority` tinyint(4) NOT NULL,
  `displayOrder` int(11) NOT NULL DEFAULT '0',
  `lastRecurrenceWatermark` bigint(20) DEFAULT NULL,
  `syncTimezone` tinyint(4) NOT NULL DEFAULT '0',
  `recurrence_type` enum('Minute','Hour','Day','Week','Month','Year') DEFAULT NULL,
  `recurrence_detail` int(11) DEFAULT NULL,
  `recurrence_range` bigint(20) DEFAULT NULL,
  `recurrenceRepeatsOn` varchar(14) DEFAULT NULL,
  `syncEvent` int(11) NOT NULL DEFAULT '0',
  `recurrenceMonthlyRepeatsOn` tinyint(4) NOT NULL DEFAULT '0',
  `shareOfVoice` tinyint(4) DEFAULT NULL,
  `isGeoAware` tinyint(4) NOT NULL DEFAULT '0',
  `geoLocation` text
) ENGINE=InnoDB DEFAULT CHARSET=utf8;

--
-- Despejando dados para a tabela `schedule`
--

INSERT INTO `schedule` (`eventId`, `eventTypeId`, `campaignId`, `commandId`, `dayPartId`, `userId`, `fromDt`, `toDt`, `is_priority`, `displayOrder`, `lastRecurrenceWatermark`, `syncTimezone`, `recurrence_type`, `recurrence_detail`, `recurrence_range`, `recurrenceRepeatsOn`, `syncEvent`, `recurrenceMonthlyRepeatsOn`, `shareOfVoice`, `isGeoAware`, `geoLocation`) VALUES
(3, 1, 31, NULL, 2, 1, 0, 2147483647, 0, 10, NULL, 0, NULL, NULL, NULL, NULL, 0, 0, NULL, 0, NULL),
(5, 1, 50, NULL, 2, 1, 0, 2147483647, 0, 10, NULL, 0, NULL, NULL, NULL, NULL, 0, 0, NULL, 0, NULL),
(7, 1, 57, NULL, 2, 8, 0, 2147483647, 0, 10, NULL, 0, NULL, NULL, NULL, NULL, 0, 0, NULL, 0, NULL),
(8, 1, 56, NULL, 2, 7, 0, 2147483647, 0, 10, NULL, 0, NULL, NULL, NULL, NULL, 0, 0, NULL, 0, NULL),
(9, 1, 60, NULL, 2, 1, 0, 2147483647, 0, 10, NULL, 0, NULL, NULL, NULL, NULL, 0, 0, NULL, 0, NULL),
(10, 1, 62, NULL, 2, 1, 0, 2147483647, 0, 10, NULL, 0, NULL, NULL, NULL, NULL, 0, 0, NULL, 0, NULL),
(11, 1, 60, NULL, 2, 12, 0, 2147483647, 0, 20, NULL, 0, NULL, NULL, NULL, NULL, 0, 0, NULL, 0, NULL),
(12, 1, 60, NULL, 1, 12, 1692967140, 1692967200, 0, 0, NULL, 1, NULL, NULL, NULL, NULL, 0, 0, NULL, 0, NULL);

-- --------------------------------------------------------

--
-- Estrutura para tabela `scheduleexclusions`
--

CREATE TABLE `scheduleexclusions` (
  `scheduleExclusionId` int(11) NOT NULL,
  `eventId` int(11) NOT NULL,
  `fromDt` int(11) NOT NULL,
  `toDt` int(11) NOT NULL
) ENGINE=InnoDB DEFAULT CHARSET=utf8;

-- --------------------------------------------------------

--
-- Estrutura para tabela `schedulereminder`
--

CREATE TABLE `schedulereminder` (
  `scheduleReminderId` int(11) NOT NULL,
  `eventId` int(11) NOT NULL,
  `value` int(11) NOT NULL,
  `type` int(11) NOT NULL,
  `option` int(11) NOT NULL,
  `reminderDt` int(11) NOT NULL,
  `lastReminderDt` int(11) NOT NULL,
  `isEmail` tinyint(4) NOT NULL
) ENGINE=InnoDB DEFAULT CHARSET=utf8;

-- --------------------------------------------------------

--
-- Estrutura para tabela `session`
--

CREATE TABLE `session` (
  `session_id` varchar(160) NOT NULL,
  `session_data` longtext NOT NULL,
  `session_expiration` int(10) UNSIGNED NOT NULL DEFAULT '0',
  `lastAccessed` datetime DEFAULT NULL,
  `userId` int(11) DEFAULT NULL,
  `isExpired` tinyint(4) NOT NULL DEFAULT '1',
  `userAgent` varchar(255) DEFAULT NULL,
  `remoteAddr` varchar(50) DEFAULT NULL
) ENGINE=InnoDB DEFAULT CHARSET=utf8;

--
-- Despejando dados para a tabela `session`
--

INSERT INTO `session` (`session_id`, `session_data`, `session_expiration`, `lastAccessed`, `userId`, `isExpired`, `userAgent`, `remoteAddr`) VALUES
('0047656f54da0cbd38fbe5a14d6bb965', 'init|s:1:\"1\";slim.flash|a:0:{}', 1732288950, '2024-11-22 11:58:30', 0, 0, 'okhttp/3.12.1', '177.184.74.216'),
('00c4c20558383e103939ea06c1f68a8c', 'init|s:1:\"1\";slim.flash|a:0:{}', 1731170304, '2024-11-09 13:14:24', 0, 0, 'okhttp/3.12.1', '177.184.71.220'),
('01506824a41655a93355d42903e50c4f', 'init|s:1:\"1\";slim.flash|a:0:{}', 1731844431, '2024-11-17 08:29:51', 0, 0, 'okhttp/3.12.1', '177.184.78.240'),
('01805139862c1b5251b02303bb5817e4', 'init|s:1:\"1\";slim.flash|a:0:{}', 1731286381, '2024-11-10 21:29:01', 0, 0, 'okhttp/3.12.1', '177.184.71.152'),
('018a77eb7355ccd66294417a474227f6', 'init|s:1:\"1\";slim.flash|a:0:{}', 1731314926, '2024-11-11 05:24:46', 0, 0, 'okhttp/3.12.1', '177.184.71.220'),
('01b20a447a319ac10adb510e5a213c22', 'init|s:1:\"1\";slim.flash|a:0:{}', 1731116303, '2024-11-08 22:14:23', 0, 0, 'okhttp/3.12.1', '177.184.71.220'),
('020611e6120066b8a76c30b7957425da', 'init|s:1:\"1\";slim.flash|a:0:{}', 1731131507, '2024-11-09 02:27:47', 0, 0, 'okhttp/3.12.1', '177.184.71.152'),
('029ee0b33a00be1b52b3433484130e4e', 'init|s:1:\"1\";slim.flash|a:0:{}', 1731592109, '2024-11-14 10:24:29', 0, 0, 'okhttp/3.12.1', '177.184.78.240'),
('035cc491774afacd1cdf1fb65c911c95', 'init|s:1:\"1\";slim.flash|a:0:{}', 1731455703, '2024-11-12 20:31:03', 0, 0, 'okhttp/3.12.1', '177.184.71.220'),
('036fe70e95c76289925bb7059f28604e', 'init|s:1:\"1\";slim.flash|a:0:{}', 1731109104, '2024-11-08 20:14:24', 0, 0, 'okhttp/3.12.1', '177.184.71.220'),
('039e105c45898b696b9f37ea4fe19a89', 'init|s:1:\"1\";slim.flash|a:0:{}', 1730868239, '2024-11-06 01:19:59', 0, 1, 'okhttp/3.12.1', '177.184.71.172'),
('0402ffafbc674d38848f45859b6b51d5', 'init|s:1:\"1\";slim.flash|a:0:{}', 1731682812, '2024-11-15 11:36:12', 0, 0, 'okhttp/3.12.1', '177.184.71.220'),
('04d82fd77f58fa1e72dbc32367fbe82a', 'init|s:1:\"1\";slim.flash|a:0:{}', 1732509549, '2024-11-25 01:15:09', 0, 0, 'okhttp/3.12.1', '177.184.74.96'),
('05039c1a91e14eccef508f9cdf297e02', 'init|s:1:\"1\";slim.flash|a:0:{}', 1731668347, '2024-11-15 07:35:07', 0, 0, 'okhttp/3.12.1', '177.184.71.220'),
('059fd3e5ae205126937323f387e1d813', 'init|s:1:\"1\";slim.flash|a:0:{}', 1732274547, '2024-11-22 07:58:27', 0, 0, 'okhttp/3.12.1', '177.184.74.216'),
('05afc0b621769a2f9607e23b955aa241', 'init|s:1:\"1\";csrfToken|s:40:\"2d6b88fe5de78b77c5448bcd74e03fdeb95c5910\";slim.flash|a:0:{}', 1732673160, '2024-11-26 22:42:00', 0, 0, 'Mozilla/5.0 AppleWebKit/537.36 (KHTML, like Gecko; compatible; ClaudeBot/1.0; +claudebot@anthropic.com)', '18.119.192.2'),
('05cabd8b76f69fa62495ea02531cdd0f', 'init|s:1:\"1\";slim.flash|a:0:{}', 1731531373, '2024-11-13 17:32:13', 0, 0, 'okhttp/3.12.1', '177.184.71.220'),
('05d85eaf18c22d9c8b51c7e5f489677c', 'init|s:1:\"1\";slim.flash|a:0:{}', 1731228713, '2024-11-10 05:27:53', 0, 0, 'okhttp/3.12.1', '177.184.71.152'),
('061e4acf5bde568dcb06fdfc57d0a309', 'init|s:1:\"1\";slim.flash|a:0:{}', 1732095552, '2024-11-20 06:15:12', 0, 0, 'okhttp/3.12.1', '177.184.78.168'),
('0627f89dcd22b926f0e3ddbf74743d9a', 'init|s:1:\"1\";slim.flash|a:0:{}', 1731365516, '2024-11-11 19:27:56', 0, 0, 'okhttp/3.12.1', '177.184.71.220'),
('066ee03b0f3a8f6b067c4e9156a2c9b6', 'init|s:1:\"1\";slim.flash|a:0:{}', 1730915090, '2024-11-06 14:20:50', 0, 1, 'okhttp/3.12.1', '177.184.71.172'),
('06e2b3932532c8333cf579f9331cb825', 'init|s:1:\"1\";csrfToken|s:40:\"6b55e509305e067099d23d71726df8b8e1acdef8\";slim.flash|a:0:{}', 1732539737, '2024-11-25 09:38:17', 0, 0, 'Mozilla/5.0 (compatible; SemrushBot-BA; +http://www.semrush.com/bot.html)', '85.208.98.19'),
('06f682e551f2349a71ea2d8ea5771fb4', 'init|s:1:\"1\";slim.flash|a:0:{}', 1730822968, '2024-11-05 12:45:28', 0, 1, 'okhttp/3.12.1', '177.184.74.84'),
('070c73231401aa6acbad3d735a379648', 'init|s:1:\"1\";slim.flash|a:0:{}', 1731700857, '2024-11-15 16:36:57', 0, 0, 'okhttp/3.12.1', '177.184.71.220'),
('07265c63d989be8695399f658cd86f24', 'init|s:1:\"1\";slim.flash|a:0:{}', 1731675610, '2024-11-15 09:36:10', 0, 0, 'okhttp/3.12.1', '177.184.71.220'),
('0730bd2026166dd4de7728f38eb6fc5f', 'init|s:1:\"1\";slim.flash|a:0:{}', 1731826310, '2024-11-17 03:27:50', 0, 0, 'okhttp/3.12.1', '177.184.78.240'),
('0751680c25220c7e8c3de487fd703d59', 'init|s:1:\"1\";slim.flash|a:0:{}', 1731729832, '2024-11-16 00:39:52', 0, 0, 'okhttp/3.12.1', '177.184.78.240'),
('07830fadd4a58ce87c0833993896e404', 'init|s:1:\"1\";slim.flash|a:0:{}', 1732231343, '2024-11-21 19:58:23', 0, 0, 'okhttp/3.12.1', '177.184.74.216'),
('0839ed141df168a70a4668b6e19c6f3f', 'init|s:1:\"1\";slim.flash|a:0:{}', 1732088352, '2024-11-20 04:15:12', 0, 0, 'okhttp/3.12.1', '177.184.78.168'),
('089590e4741aa3f67634e2248fa8a385', 'init|s:1:\"1\";slim.flash|a:0:{}', 1731387352, '2024-11-12 01:31:52', 0, 0, 'okhttp/3.12.1', '177.184.71.152'),
('08c8983026de32a9b138cc3e231d983a', 'init|s:1:\"1\";slim.flash|a:0:{}', 1731173904, '2024-11-09 14:14:24', 0, 0, 'okhttp/3.12.1', '177.184.71.220'),
('090aadff83b56a4b5ad417df3f2d3913', 'init|s:1:\"1\";slim.flash|a:0:{}', 1730940375, '2024-11-06 21:22:15', 0, 1, 'okhttp/3.12.1', '177.184.71.172'),
('09510f1b25d0620a86bf282030e21452', 'init|s:1:\"1\";slim.flash|a:0:{}', 1732732951, '2024-11-27 15:18:31', 0, 0, 'okhttp/3.12.1', '177.184.74.96'),
('09653e4153ba093dea5735dda66e56d7', 'init|s:1:\"1\";slim.flash|a:0:{}', 1731816792, '2024-11-17 00:49:12', 0, 0, 'okhttp/3.12.1', '177.184.71.220'),
('0968d3a481e8dc2aa2464ed909b57681', 'init|s:1:\"1\";slim.flash|a:0:{}', 1732221037, '2024-11-21 17:06:37', 0, 0, 'okhttp/3.12.1', '177.184.74.216'),
('09a044ab958ddc4d098f6426d09f1399', 'init|s:1:\"1\";slim.flash|a:0:{}', 1731142310, '2024-11-09 05:27:50', 0, 0, 'okhttp/3.12.1', '177.184.71.152'),
('0a19fcd3a3baa81b20e2d3712b4d1336', 'init|s:1:\"1\";slim.flash|a:0:{}', 1731412501, '2024-11-12 08:31:01', 0, 0, 'okhttp/3.12.1', '177.184.71.220'),
('0be56974ce5af75a8ca72ba64145e0a2', 'init|s:1:\"1\";slim.flash|a:0:{}', 1732447700, '2024-11-24 08:04:20', 0, 0, 'okhttp/3.12.1', '177.184.74.216'),
('0d4d93edb1305817e39a1e5ed43a6298', 'init|s:1:\"1\";slim.flash|a:0:{}', 1732099974, '2024-11-20 07:28:54', 0, 0, 'okhttp/3.12.1', '177.184.71.70'),
('0d9be85109aab440c03053c3322f54e5', 'init|s:1:\"1\";slim.flash|a:0:{}', 1731811846, '2024-11-16 23:26:46', 0, 0, 'okhttp/3.12.1', '177.184.78.240'),
('0deb3987fa18b9819905c496bec47e91', 'init|s:1:\"1\";slim.flash|a:0:{}', 1732310549, '2024-11-22 17:58:29', 0, 0, 'okhttp/3.12.1', '177.184.74.216'),
('0df53c7d1d8c0c1d12c01f07a2090490', 'init|s:1:\"1\";slim.flash|a:0:{}', 1731831195, '2024-11-17 04:49:15', 0, 0, 'okhttp/3.12.1', '177.184.71.220'),
('0e1e78f6990f0a6e13e727e83d9d89e4', 'init|s:1:\"1\";slim.flash|a:0:{}', 1732206142, '2024-11-21 12:58:22', 0, 0, 'okhttp/3.12.1', '177.184.74.216'),
('0ea28996a27b00a69bd6283e820f9638', 'init|s:1:\"1\";slim.flash|a:0:{}', 1731105503, '2024-11-08 19:14:23', 0, 1, 'okhttp/3.12.1', '177.184.71.220'),
('0ed43e25c89619505068b92276b64618', 'init|s:1:\"1\";slim.flash|a:0:{}', 1731674384, '2024-11-15 09:15:44', 0, 0, 'okhttp/3.12.1', '177.184.79.229'),
('0f3d7b134320cfdf27a428db8c3c9ffa', 'init|s:1:\"1\";slim.flash|a:0:{}', 1732306950, '2024-11-22 16:58:30', 0, 0, 'okhttp/3.12.1', '177.184.74.216'),
('0f9ed8a7a7c3c10cd21fc84c18751627', 'init|s:1:\"1\";slim.flash|a:0:{}', 1731243173, '2024-11-10 09:28:53', 0, 0, 'okhttp/3.12.1', '177.184.71.152'),
('0feb7a83bbe38a5db99c5022cbd0b428', 'init|s:1:\"1\";slim.flash|a:0:{}', 1731199911, '2024-11-09 21:27:51', 0, 0, 'okhttp/3.12.1', '177.184.71.152'),
('100a00162864bad414a37e58de0f1e6e', 'init|s:1:\"1\";slim.flash|a:0:{}', 1732574366, '2024-11-25 19:15:26', 0, 0, 'okhttp/3.12.1', '177.184.74.96'),
('10fdc7abd46277a80c6e56ec80083a81', 'init|s:1:\"1\";slim.flash|a:0:{}', 1731177504, '2024-11-09 15:14:24', 0, 0, 'okhttp/3.12.1', '177.184.71.220'),
('115fa55ef88db30e94e92d69a9b170a9', 'init|s:1:\"1\";slim.flash|a:0:{}', 1731700904, '2024-11-15 16:37:44', 0, 0, 'okhttp/3.12.1', '177.184.78.240'),
('11ccc68d4b151a5b3657cd9297cc8219', 'init|s:1:\"1\";slim.flash|a:0:{}', 1731553002, '2024-11-13 23:32:42', 0, 0, 'okhttp/3.12.1', '177.184.71.220'),
('11e1cf48c90095caaf57caf406cb07fd', 'init|s:1:\"1\";slim.flash|a:0:{}', 1731724860, '2024-11-15 23:17:00', 0, 0, 'okhttp/3.12.1', '177.184.79.229'),
('125e324a80e4dfe19c82d8512943aca1', 'init|s:1:\"1\";slim.flash|a:0:{}', 1732683534, '2024-11-27 01:34:54', 0, 0, 'okhttp/3.12.1', '177.184.78.126'),
('127d62b1866bb6ed7a5e5f5629a9a4ce', 'init|s:1:\"1\";slim.flash|a:0:{}', 1732166720, '2024-11-21 02:01:20', 0, 0, 'okhttp/3.12.1', '177.184.74.216'),
('12ed1b1b9b0568fdf420e32e4faf6436', 'init|s:1:\"1\";slim.flash|a:0:{}', 1731571000, '2024-11-14 04:32:40', 0, 0, 'okhttp/3.12.1', '177.184.71.220'),
('13491bf603fe669c919ddabcd4ed95e6', 'init|s:1:\"1\";slim.flash|a:0:{}', 1731466512, '2024-11-12 23:31:12', 0, 0, 'okhttp/3.12.1', '177.184.71.220'),
('136edb521b07257086f1b0f8f9452259', 'init|s:1:\"1\";slim.flash|a:0:{}', 1731891544, '2024-11-17 21:35:04', 0, 0, 'okhttp/3.12.1', '177.184.78.240'),
('137e8021b4966a21227e590c1a1eb674', 'init|s:1:\"1\";slim.flash|a:0:{}', 1731398081, '2024-11-12 04:30:41', 0, 0, 'okhttp/3.12.1', '177.184.71.220'),
('14655500128823752590b910f1eec1a8', 'init|s:1:\"1\";slim.flash|a:0:{}', 1731256919, '2024-11-10 13:17:59', 0, 0, 'okhttp/3.12.1', '177.184.71.220'),
('14c10d26c06c72fa135ee830c102ff56', 'init|s:1:\"1\";slim.flash|a:0:{}', 1732144945, '2024-11-20 19:58:25', 0, 0, 'okhttp/3.12.1', '177.184.78.168'),
('14d85ce59145ee0756444ab56d67f269', 'init|s:1:\"1\";slim.flash|a:0:{}', 1732389766, '2024-11-23 15:58:46', 0, 0, 'okhttp/3.12.1', '177.184.74.216'),
('155771c8690862f8deb4694da3501100', 'init|s:1:\"1\";slim.flash|a:0:{}', 1731719011, '2024-11-15 21:39:31', 0, 0, 'okhttp/3.12.1', '177.184.71.220'),
('161b7ffb34960d91b8215c67418d4a40', 'init|s:1:\"1\";slim.flash|a:0:{}', 1731639546, '2024-11-14 23:35:06', 0, 0, 'okhttp/3.12.1', '177.184.71.220'),
('16da12b6c1316dea91e4caf99d2a1d05', 'init|s:1:\"1\";slim.flash|a:0:{}', 1731192711, '2024-11-09 19:27:51', 0, 0, 'okhttp/3.12.1', '177.184.71.152'),
('16e13645d2b92777b3fcb7b696d0d28f', 'init|s:1:\"1\";slim.flash|a:0:{}', 1731239575, '2024-11-10 08:28:55', 0, 0, 'okhttp/3.12.1', '177.184.71.152'),
('17120a36921c240b056797607ec0a6a7', 'init|s:1:\"1\";slim.flash|a:0:{}', 1731325991, '2024-11-11 08:29:11', 0, 0, 'okhttp/3.12.1', '177.184.71.152'),
('181a196572758bfe55ca8a3935cc48db', 'init|s:1:\"1\";slim.flash|a:0:{}', 1730941268, '2024-11-06 21:37:08', 0, 1, 'okhttp/3.12.1', '177.184.71.16'),
('1947ec93ffb2be814cea537d2fcf643b', 'init|s:1:\"1\";csrfToken|s:40:\"366a36251d8a52e83eba3cf2f196227ed06725b2\";slim.flash|a:0:{}', 1731185350, '2024-11-09 17:25:10', 0, 0, 'Mozilla/5.0 (compatible; SemrushBot/7~bl; +http://www.semrush.com/bot.html)', '85.208.96.198'),
('19e4daddcd22db60f47dc8c979bdc4f7', 'init|s:1:\"1\";slim.flash|a:0:{}', 1730934066, '2024-11-06 19:37:06', 0, 1, 'okhttp/3.12.1', '177.184.71.16'),
('19f533a0771b0e33f51d71e7490e38ba', 'init|s:1:\"1\";slim.flash|a:0:{}', 1732148545, '2024-11-20 20:58:25', 0, 0, 'okhttp/3.12.1', '177.184.74.216'),
('1b13fc01dfea61f4d671467cf86960be', 'init|s:1:\"1\";slim.flash|a:0:{}', 1731574601, '2024-11-14 05:32:41', 0, 0, 'okhttp/3.12.1', '177.184.71.220'),
('1b559f7c220727b3e64a7269fd1203c2', 'init|s:1:\"1\";slim.flash|a:0:{}', 1732527554, '2024-11-25 06:15:14', 0, 0, 'okhttp/3.12.1', '177.184.74.96'),
('1b615e7a1384be1fcaba771ea70fdb97', 'init|s:1:\"1\";slim.flash|a:0:{}', 1732184721, '2024-11-21 07:01:21', 0, 0, 'okhttp/3.12.1', '177.184.74.216'),
('1b6a5925dc6c43ca9ea6b032f8619054', 'init|s:1:\"1\";slim.flash|a:0:{}', 1731726217, '2024-11-15 23:39:37', 0, 0, 'okhttp/3.12.1', '177.184.78.240'),
('1c3080853421835bdf535586bef9026f', 'init|s:1:\"1\";slim.flash|a:0:{}', 1732290934, '2024-11-22 12:31:34', 0, 0, 'okhttp/3.12.1', '177.184.74.216'),
('1cf0132b23529eac0d96499e89285576', 'init|s:1:\"1\";slim.flash|a:0:{}', 1731430691, '2024-11-12 13:34:11', 0, 0, 'okhttp/3.12.1', '177.184.71.152'),
('1d309b0f830c9f1cf6e5123e522a7673', 'init|s:1:\"1\";slim.flash|a:0:{}', 1731786427, '2024-11-16 16:23:07', 0, 0, 'okhttp/3.12.1', '177.184.79.229'),
('1d56b938e478b3364263c1848e0d14e6', 'init|s:1:\"1\";slim.flash|a:0:{}', 1731549401, '2024-11-13 22:32:41', 0, 0, 'okhttp/3.12.1', '177.184.71.220'),
('1e5f3f05bf555e1462853414215558c3', 'init|s:1:\"1\";slim.flash|a:0:{}', 1732762887, '2024-11-27 23:37:27', 0, 0, 'okhttp/3.12.1', '177.184.78.126'),
('1e8155f16de8d7bac57e3b12afa72e4b', 'init|s:1:\"1\";csrfToken|s:40:\"522768fe1857b3da6a21f6d04d1a8604794ac737\";slim.flash|a:0:{}userid|i:8;', 1731591494, '2024-11-14 10:14:14', 8, 0, 'Mozilla/5.0 (Windows NT 10.0; Win64; x64) AppleWebKit/537.36 (KHTML, like Gecko) Chrome/109.0.0.0 Safari/537.36', '189.84.180.52'),
('1e8580711eea965b00ef41975e870b4a', 'init|s:1:\"1\";slim.flash|a:0:{}', 1732617580, '2024-11-26 07:15:40', 0, 0, 'okhttp/3.12.1', '177.184.74.96'),
('1ef13e1281b2e9bad75bc3834edaea8e', 'init|s:1:\"1\";slim.flash|a:0:{}', 1730952068, '2024-11-07 00:37:08', 0, 1, 'okhttp/3.12.1', '177.184.71.16'),
('1f15e188d826eaa4c7e83b86dc166bc3', 'init|s:1:\"1\";slim.flash|a:0:{}', 1731351014, '2024-11-11 15:26:14', 0, 0, 'okhttp/3.12.1', '177.184.71.220'),
('1f4d0c3a816adf076316f5c0e029ab55', 'init|s:1:\"1\";slim.flash|a:0:{}', 1732646384, '2024-11-26 15:15:44', 0, 0, 'okhttp/3.12.1', '177.184.74.96'),
('2015483268bb5eef4b3767e2b8811422', 'init|s:1:\"1\";slim.flash|a:0:{}', 1730929490, '2024-11-06 18:20:50', 0, 1, 'okhttp/3.12.1', '177.184.71.172'),
('20c6b95d5a8cd09be0b2c540e1542f8e', 'init|s:1:\"1\";slim.flash|a:0:{}', 1732134077, '2024-11-20 16:57:17', 0, 0, 'okhttp/3.12.1', '177.184.71.87'),
('20f7518b288a47fab965ae4e85591869', 'init|s:1:\"1\";slim.flash|a:0:{}', 1731120705, '2024-11-08 23:27:45', 0, 0, 'okhttp/3.12.1', '177.184.71.152'),
('20fcb5f50c7a592cba9fd61127a5bb9d', 'init|s:1:\"1\";slim.flash|a:0:{}', 1732640226, '2024-11-26 13:33:06', 0, 0, 'okhttp/3.12.1', '177.184.78.126'),
('215442fa4a4563e1e85502fa697bd2c5', 'init|s:1:\"1\";slim.flash|a:0:{}', 1731361916, '2024-11-11 18:27:56', 0, 0, 'okhttp/3.12.1', '177.184.71.220'),
('2293571e4d394ba7e7e2759c5054ea17', 'init|s:1:\"1\";slim.flash|a:0:{}', 1731113465, '2024-11-08 21:27:05', 0, 0, 'okhttp/3.12.1', '177.184.71.152'),
('22a8d11a281a733d54352e8f7cf69361', 'init|s:1:\"1\";slim.flash|a:0:{}', 1732472909, '2024-11-24 15:04:29', 0, 0, 'okhttp/3.12.1', '177.184.74.216'),
('23082332ca3e26a982c3f183b20124d1', 'init|s:1:\"1\";slim.flash|a:0:{}', 1731670786, '2024-11-15 08:15:46', 0, 0, 'okhttp/3.12.1', '177.184.79.229'),
('230c9a31e5339da2abf2761fea4af430', 'init|s:1:\"1\";slim.flash|a:0:{}', 1731542198, '2024-11-13 20:32:38', 0, 0, 'okhttp/3.12.1', '177.184.71.220'),
('239cc227e5c5f1e6575464c934cbe45d', 'init|s:1:\"1\";slim.flash|a:0:{}', 1731884339, '2024-11-17 19:34:59', 0, 0, 'okhttp/3.12.1', '177.184.78.240'),
('2402a519049976e0807ea132b47e042a', 'init|s:1:\"1\";slim.flash|a:0:{}', 1731715370, '2024-11-15 20:38:50', 0, 0, 'okhttp/3.12.1', '177.184.78.240'),
('240beb50ba6e1944e00b5648237a46ec', 'init|s:1:\"1\";slim.flash|a:0:{}', 1732754552, '2024-11-27 21:18:32', 0, 0, 'okhttp/3.12.1', '177.184.74.96'),
('249086216052f1e699efc2c1ca45f5d6', 'init|s:1:\"1\";slim.flash|a:0:{}', 1731484546, '2024-11-13 04:31:46', 0, 0, 'okhttp/3.12.1', '177.184.71.220'),
('250178dc894ace8db3569b9c2765801c', 'init|s:1:\"1\";slim.flash|a:0:{}', 1731340215, '2024-11-11 12:26:15', 0, 0, 'okhttp/3.12.1', '177.184.71.220'),
('2512e0f132bd9731ff70a209cf695ecf', 'init|s:1:\"1\";slim.flash|a:0:{}', 1731668259, '2024-11-15 07:33:39', 0, 0, 'okhttp/3.12.1', '177.184.78.240'),
('2531d4641d0d2e2bf7b047178afc942e', 'init|s:1:\"1\";slim.flash|a:0:{}', 1732654625, '2024-11-26 17:33:05', 0, 0, 'okhttp/3.12.1', '177.184.78.126'),
('25d1cbc9c8edb30c960bda9365711b53', 'init|s:1:\"1\";slim.flash|a:0:{}', 1732199271, '2024-11-21 11:03:51', 0, 0, 'okhttp/3.12.1', '177.184.74.216'),
('25d9c9f48756582ae963581e554ebbbb', 'init|s:1:\"1\";slim.flash|a:0:{}', 1730832485, '2024-11-05 15:24:05', 0, 1, 'okhttp/3.12.1', '177.184.74.52'),
('266a049ef18809253f783fe038c83730', 'init|s:1:\"1\";slim.flash|a:0:{}', 1731106266, '2024-11-08 19:27:06', 0, 1, 'okhttp/3.12.1', '177.184.71.152'),
('268e1d79250e545cf0369e6682021e3c', 'init|s:1:\"1\";slim.flash|a:0:{}', 1732357357, '2024-11-23 06:58:37', 0, 0, 'okhttp/3.12.1', '177.184.74.216'),
('26a4d9dde2b36ecae42220b56ffe70e3', 'init|s:1:\"1\";slim.flash|a:0:{}', 1731156711, '2024-11-09 09:27:51', 0, 0, 'okhttp/3.12.1', '177.184.71.152'),
('27163be1622d5719f3c20e0187febd94', 'init|s:1:\"1\";slim.flash|a:0:{}', 1731351270, '2024-11-11 15:30:30', 0, 0, 'okhttp/3.12.1', '177.184.71.152'),
('273e2d847446bcc88e85ea21c4d7b58a', 'init|s:1:\"1\";slim.flash|a:0:{}', 1731631172, '2024-11-14 21:15:32', 0, 0, 'okhttp/3.12.1', '177.184.79.229'),
('280b96942d95f73b5bf717ecdc687718', 'init|s:1:\"1\";slim.flash|a:0:{}', 1730943976, '2024-11-06 22:22:16', 0, 1, 'okhttp/3.12.1', '177.184.71.172'),
('28d639c5ce8d68418c6740a458fea7a3', 'init|s:1:\"1\";slim.flash|a:0:{}', 1731101897, '2024-11-08 18:14:17', 0, 1, 'okhttp/3.12.1', '177.184.71.220'),
('2946a088998cc82672f9dd8f352844db', 'init|s:1:\"1\";csrfToken|s:40:\"75837791d8d4479819eb2785da8ab8a367c33500\";slim.flash|a:0:{}userid|i:12;', 1732027161, '2024-11-19 11:15:21', 12, 0, 'Mozilla/5.0 (Windows NT 10.0; Win64; x64) AppleWebKit/537.36 (KHTML, like Gecko) Chrome/109.0.0.0 Safari/537.36', '177.184.74.155'),
('29793856af955ddc1de8efd3485e21d4', 'init|s:1:\"1\";slim.flash|a:0:{}', 1732476508, '2024-11-24 16:04:28', 0, 0, 'okhttp/3.12.1', '177.184.74.216'),
('2a1b9b509a0f3f54cb876425863af70e', 'init|s:1:\"1\";slim.flash|a:0:{}', 1732224659, '2024-11-21 18:06:59', 0, 0, 'okhttp/3.12.1', '177.184.74.216'),
('2a47048389866cf33985b56a99f702c2', 'init|s:1:\"1\";slim.flash|a:0:{}', 1732694347, '2024-11-27 04:35:07', 0, 0, 'okhttp/3.12.1', '177.184.78.126'),
('2a4728b15705826a108c365e23e2274e', 'init|s:1:\"1\";slim.flash|a:0:{}', 1732364557, '2024-11-23 08:58:37', 0, 0, 'okhttp/3.12.1', '177.184.74.216'),
('2a8f921645d00d36e2a555a0208e7759', 'init|s:1:\"1\";slim.flash|a:0:{}', 1731322392, '2024-11-11 07:29:12', 0, 0, 'okhttp/3.12.1', '177.184.71.152'),
('2b63b856d1988054ea9b576105128e76', 'init|s:1:\"1\";slim.flash|a:0:{}', 1732505948, '2024-11-25 00:15:08', 0, 0, 'okhttp/3.12.1', '177.184.74.96'),
('2b9826ff6746741d9e0f8373e2441890', 'init|s:1:\"1\";slim.flash|a:0:{}', 1732761752, '2024-11-27 23:18:32', 0, 0, 'okhttp/3.12.1', '177.184.74.96'),
('2c1621672273965565f704693977d2f5', 'init|s:1:\"1\";slim.flash|a:0:{}', 1732718551, '2024-11-27 11:18:31', 0, 0, 'okhttp/3.12.1', '177.184.74.96'),
('2c5a44c706a7f43c1ccf1b256efbc64c', 'init|s:1:\"1\";slim.flash|a:0:{}', 1731599367, '2024-11-14 12:25:27', 0, 0, 'okhttp/3.12.1', '177.184.78.240'),
('2cffecb48057e594ef0ab9ed18b5e67e', 'init|s:1:\"1\";slim.flash|a:0:{}', 1731199173, '2024-11-09 21:15:33', 0, 0, 'okhttp/3.12.1', '177.184.71.220'),
('2d1687a2c2b912caa8232db0f43cd323', 'init|s:1:\"1\";slim.flash|a:0:{}', 1732278151, '2024-11-22 08:58:31', 0, 0, 'okhttp/3.12.1', '177.184.74.216'),
('2d502d1a00490a5ffcc9760d30299af6', 'init|s:1:\"1\";slim.flash|a:0:{}', 1731711719, '2024-11-15 19:37:59', 0, 0, 'okhttp/3.12.1', '177.184.78.240'),
('2e206cb4aab4c5013a3cdddbae067a29', 'init|s:1:\"1\";slim.flash|a:0:{}', 1732502348, '2024-11-24 23:15:08', 0, 0, 'okhttp/3.12.1', '177.184.74.96'),
('2eb147e4c50a4295b02c17b1928528ac', 'init|s:1:\"1\";slim.flash|a:0:{}', 1731706846, '2024-11-15 18:16:46', 0, 0, 'okhttp/3.12.1', '177.184.79.229'),
('2ee7ffa5ffdd4da3238a9f7652395a8c', 'init|s:1:\"1\";slim.flash|a:0:{}', 1732234944, '2024-11-21 20:58:24', 0, 0, 'okhttp/3.12.1', '177.184.74.216'),
('2f2a389ec1cf66c97f72fff357cb7d07', 'init|s:1:\"1\";slim.flash|a:0:{}', 1731779195, '2024-11-16 14:22:35', 0, 0, 'okhttp/3.12.1', '177.184.78.240'),
('2f50f106be92741b326df3445ece2c0c', 'init|s:1:\"1\";slim.flash|a:0:{}', 1731109866, '2024-11-08 20:27:06', 0, 0, 'okhttp/3.12.1', '177.184.71.152'),
('2f6f6d2007a2ef1d0de3e19e1de435e4', 'init|s:1:\"1\";slim.flash|a:0:{}', 1731405371, '2024-11-12 06:32:11', 0, 0, 'okhttp/3.12.1', '177.184.71.152'),
('2fd11e0451232f57115fe9c96ce36ac0', 'init|s:1:\"1\";slim.flash|a:0:{}', 1732429616, '2024-11-24 03:02:56', 0, 0, 'okhttp/3.12.1', '177.184.74.216'),
('2fd889047c58387e4f582b13ea019a7c', 'init|s:1:\"1\";slim.flash|a:0:{}', 1731688788, '2024-11-15 13:15:48', 0, 0, 'okhttp/3.12.1', '177.184.79.229'),
('3022fbdfa40fabb89332c01eac2b1f94', 'init|s:1:\"1\";slim.flash|a:0:{}', 1730937667, '2024-11-06 20:37:07', 0, 1, 'okhttp/3.12.1', '177.184.71.16'),
('312b751ef93845a42c6c32b3b18370ba', 'init|s:1:\"1\";slim.flash|a:0:{}', 1730944874, '2024-11-06 22:37:14', 0, 1, 'okhttp/3.12.1', '177.184.71.16'),
('313a35367e87dc2a7766730ffb56a06f', 'init|s:1:\"1\";slim.flash|a:0:{}', 1731581850, '2024-11-14 07:33:30', 0, 0, 'okhttp/3.12.1', '177.184.71.220'),
('315afc9a52c61982dd7c87f1d105e967', 'init|s:1:\"1\";slim.flash|a:0:{}', 1732303348, '2024-11-22 15:58:28', 0, 0, 'okhttp/3.12.1', '177.184.74.216'),
('31ac62f398ff4372c76073de1d5958b0', 'init|s:1:\"1\";slim.flash|a:0:{}', 1731235972, '2024-11-10 07:28:52', 0, 0, 'okhttp/3.12.1', '177.184.71.152'),
('31fbaedb2f5806c9e5eab4a415902956', 'init|s:1:\"1\";slim.flash|a:0:{}', 1731293588, '2024-11-10 23:29:08', 0, 0, 'okhttp/3.12.1', '177.184.71.152'),
('325156a65f2ac63bc730cc9f899b8277', 'init|s:1:\"1\";slim.flash|a:0:{}', 1731797319, '2024-11-16 19:24:39', 0, 0, 'okhttp/3.12.1', '177.184.78.240'),
('328eddf18bed4200c3a6ca754db6fb1e', 'init|s:1:\"1\";slim.flash|a:0:{}', 1732260145, '2024-11-22 03:58:25', 0, 0, 'okhttp/3.12.1', '177.184.74.216'),
('329d4f49d5306700a271b348f6cf233d', 'init|s:1:\"1\";slim.flash|a:0:{}', 1731124306, '2024-11-09 00:27:46', 0, 0, 'okhttp/3.12.1', '177.184.71.152'),
('32de71014de392d408cdf04d33ae8e8a', 'init|s:1:\"1\";slim.flash|a:0:{}', 1730958374, '2024-11-07 02:22:14', 0, 1, 'okhttp/3.12.1', '177.184.71.172'),
('331991814c97d648afedab7bb5fa9b65', 'init|s:1:\"1\";slim.flash|a:0:{}', 1731376434, '2024-11-11 22:29:54', 0, 0, 'okhttp/3.12.1', '177.184.71.220'),
('3319b5f9fafc3c103f22151f6add41ae', 'init|s:1:\"1\";slim.flash|a:0:{}', 1731264136, '2024-11-10 15:18:16', 0, 0, 'okhttp/3.12.1', '177.184.71.220'),
('333f282971db26b8fa65091a53972a8c', 'init|s:1:\"1\";slim.flash|a:0:{}', 1731650079, '2024-11-15 02:30:39', 0, 0, 'okhttp/3.12.1', '177.184.78.240'),
('33847177a6a757e92320299df6c919a9', 'init|s:1:\"1\";slim.flash|a:0:{}', 1731178312, '2024-11-09 15:27:52', 0, 0, 'okhttp/3.12.1', '177.184.71.152'),
('33951237079c9e943fe312a3e5fb9ec7', 'init|s:1:\"1\";slim.flash|a:0:{}', 1732319733, '2024-11-22 20:31:33', 0, 0, 'okhttp/3.12.1', '177.184.74.216'),
('33a65859806c9453ebd2cd7595f05816', 'init|s:1:\"1\";slim.flash|a:0:{}', 1732256545, '2024-11-22 02:58:25', 0, 0, 'okhttp/3.12.1', '177.184.74.216'),
('33c738d72d40b8f1dbd955e20f06ff3c', 'init|s:1:\"1\";slim.flash|a:0:{}', 1730839799, '2024-11-05 17:25:59', 0, 1, 'okhttp/3.12.1', '177.184.74.52'),
('33fd8c89c2c81e75bdf1cf2833f61411', 'init|s:1:\"1\";slim.flash|a:0:{}', 1732321351, '2024-11-22 20:58:31', 0, 0, 'okhttp/3.12.1', '177.184.74.216'),
('340fa977b377fda6e39709d91b462b82', 'init|s:1:\"1\";slim.flash|a:0:{}', 1732660884, '2024-11-26 19:17:24', 0, 0, 'okhttp/3.12.1', '177.184.74.96'),
('348ef8e1745f263c097c6ed74a38753d', 'init|s:1:\"1\";slim.flash|a:0:{}', 1732209742, '2024-11-21 13:58:22', 0, 0, 'okhttp/3.12.1', '177.184.74.216'),
('349d7543533ef3fc86971b3045063bd6', 'init|s:1:\"1\";slim.flash|a:0:{}', 1730976448, '2024-11-07 07:23:28', 0, 1, 'okhttp/3.12.1', '177.184.71.152'),
('34d06cbaf5731ea3ae3ff7e72bbe1859', 'init|s:1:\"1\";slim.flash|a:0:{}', 1732242660, '2024-11-21 23:07:00', 0, 0, 'okhttp/3.12.1', '177.184.74.216'),
('3505f2a87840de4f63b8fa8b75f3c833', 'init|s:1:\"1\";csrfToken|s:40:\"4c1d58944850ca82b4564a821fcb92befba17773\";slim.flash|a:0:{}userid|i:4;', 1732027477, '2024-11-19 11:20:37', 4, 0, 'Mozilla/5.0 (Windows NT 10.0; Win64; x64) AppleWebKit/537.36 (KHTML, like Gecko) Chrome/131.0.0.0 Safari/537.36', '177.184.79.229'),
('351d078241402e0c152ef7362fa42aeb', 'init|s:1:\"1\";slim.flash|a:0:{}', 1731347670, '2024-11-11 14:30:30', 0, 0, 'okhttp/3.12.1', '177.184.71.152'),
('352887095daab9833220405824776fb0', 'init|s:1:\"1\";slim.flash|a:0:{}', 1732585177, '2024-11-25 22:15:37', 0, 0, 'okhttp/3.12.1', '177.184.74.96'),
('3550a929c98a5dfeae666cc5e0e29ef7', 'init|s:1:\"1\";csrfToken|s:40:\"248a78daea742a1859540decff4b524384cd2603\";slim.flash|a:0:{}userid|i:4;', 1731431633, '2024-11-12 13:49:53', 4, 0, 'Mozilla/5.0 (Windows NT 10.0; Win64; x64) AppleWebKit/537.36 (KHTML, like Gecko) Chrome/130.0.0.0 Safari/537.36', '177.184.71.152'),
('3553c3e56b50691e37d72be16f714e8b', 'init|s:1:\"1\";slim.flash|a:0:{}', 1730886271, '2024-11-06 06:20:31', 0, 1, 'okhttp/3.12.1', '177.184.71.172'),
('356c34dddef3549ad2939f36e34ee4fe', 'init|s:1:\"1\";csrfToken|s:40:\"de8533a959cf99d811b437ef4c83ec8734da0252\";slim.flash|a:0:{}userid|i:10;', 1731594783, '2024-11-14 11:09:03', 10, 0, 'Mozilla/5.0 (Windows NT 10.0; Win64; x64) AppleWebKit/537.36 (KHTML, like Gecko) Chrome/109.0.0.0 Safari/537.36', '177.184.78.240'),
('35735dec1a4528636e40880f97883443', 'init|s:1:\"1\";slim.flash|a:0:{}', 1731567402, '2024-11-14 03:32:42', 0, 0, 'okhttp/3.12.1', '177.184.71.220'),
('35dd85dd59622b7e2040b17ea6c5dcf6', 'init|s:1:\"1\";slim.flash|a:0:{}', 1732314149, '2024-11-22 18:58:29', 0, 0, 'okhttp/3.12.1', '177.184.74.216'),
('35fbfca47a3915e69ebf35ed30e5673c', 'init|s:1:\"1\";slim.flash|a:0:{}', 1731722611, '2024-11-15 22:39:31', 0, 0, 'okhttp/3.12.1', '177.184.71.220'),
('3624173b41d3dfd4c9eda348750b6045', 'init|s:1:\"1\";slim.flash|a:0:{}', 1731717658, '2024-11-15 21:16:58', 0, 0, 'okhttp/3.12.1', '177.184.79.229'),
('37075731ef163301b01713c41689415d', 'init|s:1:\"1\";slim.flash|a:0:{}', 1730959301, '2024-11-07 02:37:41', 0, 1, 'okhttp/3.12.1', '177.184.71.16'),
('3739ecaef2dc13ce2056aa9d53f1b454', 'init|s:1:\"1\";slim.flash|a:0:{}', 1731663584, '2024-11-15 06:15:44', 0, 0, 'okhttp/3.12.1', '177.184.79.229'),
('3748eb9acd80e1979d23bfe59b1ced56', 'init|s:1:\"1\";slim.flash|a:0:{}', 1732188140, '2024-11-21 07:58:20', 0, 0, 'okhttp/3.12.1', '177.184.74.216'),
('377ece4b9e0c2a8ebcaa8c9932bdeaa3', 'init|s:1:\"1\";slim.flash|a:0:{}', 1731376550, '2024-11-11 22:31:50', 0, 0, 'okhttp/3.12.1', '177.184.71.152'),
('379c979beedde2e4133e29a8b1b6304b', 'init|s:1:\"1\";slim.flash|a:0:{}', 1732299748, '2024-11-22 14:58:28', 0, 0, 'okhttp/3.12.1', '177.184.74.216'),
('3817616d5ff2a8ce7cc4a6c5b77d5440', 'init|s:1:\"1\";slim.flash|a:0:{}', 1730875440, '2024-11-06 03:20:00', 0, 1, 'okhttp/3.12.1', '177.184.71.172'),
('384520a56ff9c347e27880f1c1c14fd9', 'init|s:1:\"1\";slim.flash|a:0:{}', 1732155834, '2024-11-20 22:59:54', 0, 0, 'okhttp/3.12.1', '177.184.74.216'),
('38535935bd6619675c859d8c705c24bc', 'init|s:1:\"1\";slim.flash|a:0:{}', 1732794241, '2024-11-28 08:20:01', 0, 0, 'okhttp/3.12.1', '177.184.74.96'),
('385e5d33b7fe57cefdc438c5ec7bcfb8', 'init|s:1:\"1\";slim.flash|a:0:{}', 1731153112, '2024-11-09 08:27:52', 0, 0, 'okhttp/3.12.1', '177.184.71.152'),
('38e58a1456a26bc09e39988e2bab3fad', 'init|s:1:\"1\";slim.flash|a:0:{}', 1730872664, '2024-11-06 02:33:44', 0, 1, 'okhttp/3.12.1', '177.184.71.16'),
('38e6b830425e0035ba233c038bb341cd', 'init|s:1:\"1\";slim.flash|a:0:{}', 1731686425, '2024-11-15 12:36:25', 0, 0, 'okhttp/3.12.1', '177.184.71.220'),
('39090f8236a47dfa4e83c90867a640be', 'init|s:1:\"1\";slim.flash|a:0:{}', 1731920537, '2024-11-18 05:38:17', 0, 0, 'okhttp/3.12.1', '177.184.78.240'),
('396e23226ce8b262f6bf91192eb5d234', 'init|s:1:\"1\";slim.flash|a:0:{}', 1731148703, '2024-11-09 07:14:23', 0, 0, 'okhttp/3.12.1', '177.184.71.220'),
('39c3494dfd4eea8272fd6f8cff7b4e62', 'init|s:1:\"1\";slim.flash|a:0:{}', 1731779221, '2024-11-16 14:23:01', 0, 0, 'okhttp/3.12.1', '177.184.79.229'),
('3a4f46552bc9f51e41362b6e162df8bb', 'init|s:1:\"1\";slim.flash|a:0:{}', 1730973701, '2024-11-07 06:37:41', 0, 1, 'okhttp/3.12.1', '177.184.71.16'),
('3ae0ff0ad5c4eda67f943bb1d05258ad', 'init|s:1:\"1\";slim.flash|a:0:{}', 1731516973, '2024-11-13 13:32:13', 0, 0, 'okhttp/3.12.1', '177.184.71.220'),
('3b146bcf23ded55d09e3171b7ffe134c', 'init|s:1:\"1\";slim.flash|a:0:{}', 1731819048, '2024-11-17 01:26:48', 0, 0, 'okhttp/3.12.1', '177.184.78.240'),
('3b32d506ffbdc894c178deba9d0feb5f', 'init|s:1:\"1\";slim.flash|a:0:{}', 1731671864, '2024-11-15 08:33:44', 0, 0, 'okhttp/3.12.1', '177.184.78.240'),
('3c347de2ea4d833955b1cb4c3bd94d8f', 'init|s:1:\"1\";csrfToken|s:40:\"b6dd1a88525dff74780abd92cd23b13a0c803adf\";slim.flash|a:0:{}userid|i:10;', 1731592936, '2024-11-14 10:38:16', 10, 0, 'Mozilla/5.0 (Windows NT 10.0; Win64; x64) AppleWebKit/537.36 (KHTML, like Gecko) Chrome/109.0.0.0 Safari/537.36', '177.184.78.240'),
('3c57f1c5e20e1fe5bbfcdf576d3b720d', 'init|s:1:\"1\";slim.flash|a:0:{}', 1731423300, '2024-11-12 11:31:00', 0, 0, 'okhttp/3.12.1', '177.184.71.220'),
('3c77c79711362e059a157008d0993b37', 'init|s:1:\"1\";slim.flash|a:0:{}', 1731895147, '2024-11-17 22:35:07', 0, 0, 'okhttp/3.12.1', '177.184.78.240'),
('3ca341c72eeceb29346c3cd879b7d606', 'init|s:1:\"1\";slim.flash|a:0:{}', 1731711812, '2024-11-15 19:39:32', 0, 0, 'okhttp/3.12.1', '177.184.71.220'),
('3ce3c9534b12a8360d9adf9c1c08775f', 'init|s:1:\"1\";slim.flash|a:0:{}', 1731739269, '2024-11-16 03:17:09', 0, 0, 'okhttp/3.12.1', '177.184.78.240'),
('3cf013588f234bcdfb84de957f854931', 'init|s:1:\"1\";slim.flash|a:0:{}', 1731704508, '2024-11-15 17:37:48', 0, 0, 'okhttp/3.12.1', '177.184.78.240'),
('3cff65d44c9a17de105b3d63049c3e48', 'init|s:1:\"1\";slim.flash|a:0:{}', 1731246119, '2024-11-10 10:17:59', 0, 0, 'okhttp/3.12.1', '177.184.71.220'),
('3d420442e10700468ea9da5c0b9a86f0', 'init|s:1:\"1\";slim.flash|a:0:{}', 1732523952, '2024-11-25 05:15:12', 0, 0, 'okhttp/3.12.1', '177.184.74.96'),
('3d6228df5f3f03a6879ee1d4e0bf4293', 'init|s:1:\"1\";slim.flash|a:0:{}', 1731761124, '2024-11-16 09:21:24', 0, 0, 'okhttp/3.12.1', '177.184.78.240'),
('3e2de314e95ed479f4a306e5ca59f43b', 'init|s:1:\"1\";slim.flash|a:0:{}', 1731740635, '2024-11-16 03:39:55', 0, 0, 'okhttp/3.12.1', '177.184.71.220'),
('3e6c10dc1b17b8d995b1fce751e1183c', 'init|s:1:\"1\";slim.flash|a:0:{}', 1732748487, '2024-11-27 19:37:27', 0, 0, 'okhttp/3.12.1', '177.184.78.126'),
('3e79e19a8bab0dcad81aefeb337073c4', 'init|s:1:\"1\";slim.flash|a:0:{}', 1730966502, '2024-11-07 04:37:42', 0, 1, 'okhttp/3.12.1', '177.184.71.16'),
('3ea4ef31aa7943149063ce8914534663', 'init|s:1:\"1\";slim.flash|a:0:{}', 1731099062, '2024-11-08 17:27:02', 0, 1, 'okhttp/3.12.1', '177.184.71.152'),
('3f2d482bd1f470606fbec894e448d5db', 'init|s:1:\"1\";slim.flash|a:0:{}', 1731506173, '2024-11-13 10:32:13', 0, 0, 'okhttp/3.12.1', '177.184.71.220'),
('3f7c2a7716b22392996b4750b94a8f82', 'init|s:1:\"1\";slim.flash|a:0:{}', 1731221513, '2024-11-10 03:27:53', 0, 0, 'okhttp/3.12.1', '177.184.71.152'),
('3fc8edc3270a18558c6b6bb607a7d4fd', 'init|s:1:\"1\";slim.flash|a:0:{}', 1731625050, '2024-11-14 19:33:30', 0, 0, 'okhttp/3.12.1', '177.184.71.220'),
('3fd0cc42e1f529f4a104b371ee8978fc', 'init|s:1:\"1\";slim.flash|a:0:{}', 1732603180, '2024-11-26 03:15:40', 0, 0, 'okhttp/3.12.1', '177.184.74.96'),
('3fe34ad5772a7a82930028397cc63de7', 'init|s:1:\"1\";slim.flash|a:0:{}', 1732696951, '2024-11-27 05:18:31', 0, 0, 'okhttp/3.12.1', '177.184.74.96'),
('405222a3a51794a07c91f6e30d29163b', 'init|s:1:\"1\";slim.flash|a:0:{}', 1731841994, '2024-11-17 07:49:14', 0, 0, 'okhttp/3.12.1', '177.184.71.220'),
('40dbcd545253c56110604499d8f732ed', 'init|s:1:\"1\";slim.flash|a:0:{}', 1732679934, '2024-11-27 00:34:54', 0, 0, 'okhttp/3.12.1', '177.184.78.126'),
('41244c60e8f5a9f20e44e08e75c55e7a', 'init|s:1:\"1\";slim.flash|a:0:{}', 1731794868, '2024-11-16 18:43:48', 0, 0, 'okhttp/3.12.1', '177.184.71.220'),
('414dc93d348be86ea31e7c658d61d8b5', 'init|s:1:\"1\";slim.flash|a:0:{}', 1732722151, '2024-11-27 12:18:31', 0, 0, 'okhttp/3.12.1', '177.184.74.96'),
('41742282919a67e65408b546fb8c4f5b', 'init|s:1:\"1\";slim.flash|a:0:{}', 1731152303, '2024-11-09 08:14:23', 0, 0, 'okhttp/3.12.1', '177.184.71.220'),
('41c6541eaf66d851392503928b9d90bf', 'init|s:1:\"1\";slim.flash|a:0:{}', 1732316133, '2024-11-22 19:31:33', 0, 0, 'okhttp/3.12.1', '177.184.74.216'),
('41dea4f6094207f36fffb6c0e9cf8827', 'init|s:1:\"1\";slim.flash|a:0:{}', 1730965576, '2024-11-07 04:22:16', 0, 1, 'okhttp/3.12.1', '177.184.71.172'),
('41f4512c87c14a60f8f60c5230b1b247', 'init|s:1:\"1\";slim.flash|a:0:{}', 1730922290, '2024-11-06 16:20:50', 0, 1, 'okhttp/3.12.1', '177.184.71.172'),
('42b6bfba8557781a824bf58e0a33fc6c', 'init|s:1:\"1\";slim.flash|a:0:{}', 1731249718, '2024-11-10 11:17:58', 0, 0, 'okhttp/3.12.1', '177.184.71.220'),
('42ba5ebc3bc5262944fd152bb4f49afe', 'init|s:1:\"1\";slim.flash|a:0:{}', 1731909690, '2024-11-18 02:37:30', 0, 0, 'okhttp/3.12.1', '177.184.78.240'),
('42d2e0a5d02a0d4692cd75e275d0a403', 'init|s:1:\"1\";slim.flash|a:0:{}', 1731452103, '2024-11-12 19:31:03', 0, 0, 'okhttp/3.12.1', '177.184.71.220'),
('43478392acdcb8ae331ce27a87732078', 'init|s:1:\"1\";slim.flash|a:0:{}', 1732797841, '2024-11-28 09:20:01', 0, 0, 'okhttp/3.12.1', '177.184.74.96'),
('4365114d6af0c491a09ff02d3e0cb4b5', 'init|s:1:\"1\";slim.flash|a:0:{}', 1731588494, '2024-11-14 09:24:14', 0, 0, 'okhttp/3.12.1', '177.184.78.240'),
('43cd8ac289313c0d07c3b60f27ba736e', 'init|s:1:\"1\";slim.flash|a:0:{}', 1731227975, '2024-11-10 05:15:35', 0, 0, 'okhttp/3.12.1', '177.184.71.220'),
('43ddf7976a697bbd327901eb92e020b5', 'init|s:1:\"1\";slim.flash|a:0:{}', 1731282368, '2024-11-10 20:22:08', 0, 0, 'okhttp/3.12.1', '177.184.71.220'),
('43f7e32512887239b075a077bc164cc7', 'init|s:1:\"1\";slim.flash|a:0:{}', 1731585451, '2024-11-14 08:33:31', 0, 0, 'okhttp/3.12.1', '177.184.71.220'),
('4482ae0f97d52d338372bd54f814a9d9', 'init|s:1:\"1\";slim.flash|a:0:{}', 1732624781, '2024-11-26 09:15:41', 0, 0, 'okhttp/3.12.1', '177.184.74.96'),
('44ca30bd87b5c1a0fb5a4078744864f6', 'init|s:1:\"1\";slim.flash|a:0:{}', 1730836165, '2024-11-05 16:25:25', 0, 1, 'okhttp/3.12.1', '177.184.74.52'),
('44d99d28194fc3613d331c9ec6fdf97b', 'init|s:1:\"1\";slim.flash|a:0:{}', 1732545556, '2024-11-25 11:15:16', 0, 0, 'okhttp/3.12.1', '177.184.74.96'),
('459ffa40e7567c2f78ef7af7e400d969', 'init|s:1:\"1\";slim.flash|a:0:{}', 1731098296, '2024-11-08 17:14:16', 0, 1, 'okhttp/3.12.1', '177.184.71.220'),
('463096e81486522045c5641f8da36ea2', 'init|s:1:\"1\";slim.flash|a:0:{}', 1731387235, '2024-11-12 01:29:55', 0, 0, 'okhttp/3.12.1', '177.184.71.220'),
('46634dbabf387ded306e414d7de512a3', 'init|s:1:\"1\";slim.flash|a:0:{}', 1731203512, '2024-11-09 22:27:52', 0, 0, 'okhttp/3.12.1', '177.184.71.152'),
('466cc4d3a3aa918cff300b1789484f49', 'init|s:1:\"1\";slim.flash|a:0:{}', 1731621092, '2024-11-14 18:27:32', 0, 0, 'okhttp/3.12.1', '177.184.78.240'),
('469e5bfde27d37f01b1e32eece3e1f63', 'init|s:1:\"1\";slim.flash|a:0:{}', 1732242144, '2024-11-21 22:58:24', 0, 0, 'okhttp/3.12.1', '177.184.74.216'),
('46b3b073addb11971ae57fadd4aead43', 'init|s:1:\"1\";slim.flash|a:0:{}', 1732081150, '2024-11-20 02:15:10', 0, 0, 'okhttp/3.12.1', '177.184.78.168'),
('471ae0cc0e060bcfe895c408b43d6dbe', 'init|s:1:\"1\";csrfToken|s:40:\"10d93d2f122e5a77c8e55a3b19459973eb4e2548\";slim.flash|a:0:{}userid|i:12;', 1731585516, '2024-11-14 08:34:36', 12, 0, 'Mozilla/5.0 (Windows NT 10.0; Win64; x64) AppleWebKit/537.36 (KHTML, like Gecko) Chrome/130.0.0.0 Safari/537.36 Edg/130.0.0.0', '177.184.71.220'),
('47285e1c8be111105595ae51dbad8dac', 'init|s:1:\"1\";slim.flash|a:0:{}', 1732264313, '2024-11-22 05:07:53', 0, 0, 'okhttp/3.12.1', '177.184.74.216'),
('477328294918712c34060167138112e6', 'init|s:1:\"1\";slim.flash|a:0:{}', 1732689752, '2024-11-27 03:18:32', 0, 0, 'okhttp/3.12.1', '177.184.74.96'),
('47a9b613d06ca6bbb7e830f48049391c', 'init|s:1:\"1\";slim.flash|a:0:{}', 1730843012, '2024-11-05 18:19:32', 0, 1, 'okhttp/3.12.1', '177.184.71.172'),
('47ae952fe2ab91f9926c09236c8d1d9e', 'init|s:1:\"1\";slim.flash|a:0:{}', 1731786455, '2024-11-16 16:23:35', 0, 0, 'okhttp/3.12.1', '177.184.78.240'),
('48bf480ee2cfdfae3c2a180fa7315cef', 'init|s:1:\"1\";slim.flash|a:0:{}', 1731383752, '2024-11-12 00:31:52', 0, 0, 'okhttp/3.12.1', '177.184.71.152'),
('49767a63b2d457f6440c124496a600a5', 'init|s:1:\"1\";slim.flash|a:0:{}', 1730984502, '2024-11-07 09:37:42', 0, 1, 'okhttp/3.12.1', '177.184.71.16'),
('49814f438f95d121e7ff4daff016a2c0', 'init|s:1:\"1\";slim.flash|a:0:{}', 1730887183, '2024-11-06 06:35:43', 0, 1, 'okhttp/3.12.1', '177.184.71.16'),
('49dbac6b7ae8f67f8516974d02d82bed', 'init|s:1:\"1\";slim.flash|a:0:{}', 1732253457, '2024-11-22 02:06:57', 0, 0, 'okhttp/3.12.1', '177.184.74.216'),
('4a0c64e89f6ebe3aaaca57dfc399df77', 'init|s:1:\"1\";slim.flash|a:0:{}', 1732675337, '2024-11-26 23:18:17', 0, 0, 'okhttp/3.12.1', '177.184.74.96'),
('4a127d8dfa6c97bacdb28023feeb990c', 'init|s:1:\"1\";slim.flash|a:0:{}', 1731697258, '2024-11-15 15:36:58', 0, 0, 'okhttp/3.12.1', '177.184.71.220'),
('4a1c1ec7c70f3ac6a6490039851d21c6', 'init|s:1:\"1\";slim.flash|a:0:{}', 1732239059, '2024-11-21 22:06:59', 0, 0, 'okhttp/3.12.1', '177.184.74.216'),
('4a7faa58aa144b905cadfca5fa2ce591', 'init|s:1:\"1\";csrfToken|s:40:\"85b305de7ef2f17d169e82c0d0ef8fa092a01127\";slim.flash|a:0:{}', 1731693529, '2024-11-15 14:34:49', 0, 0, 'Mozilla/5.0 (Windows NT 10.0; Win64; x64) AppleWebKit/537.36 (KHTML, like Gecko) Chrome/130.0.0.0 Safari/537.36 Edg/130.0.0.0', '177.184.71.220'),
('4a948cc35cd474424ce2f48fb3aec545', 'init|s:1:\"1\";slim.flash|a:0:{}', 1732375359, '2024-11-23 11:58:39', 0, 0, 'okhttp/3.12.1', '177.184.74.216'),
('4aaa85f8d47189aaa0ebb2ab693ee641', 'init|s:1:\"1\";slim.flash|a:0:{}', 1731628353, '2024-11-14 20:28:33', 0, 0, 'okhttp/3.12.1', '177.184.78.240'),
('4ab95fce699913c4d26c45964f413587', 'init|s:1:\"1\";slim.flash|a:0:{}', 1731137903, '2024-11-09 04:14:23', 0, 0, 'okhttp/3.12.1', '177.184.71.220'),
('4ae703a4d1e09d6eb37fa19971d841c4', 'init|s:1:\"1\";slim.flash|a:0:{}', 1732339350, '2024-11-23 01:58:30', 0, 0, 'okhttp/3.12.1', '177.184.74.216'),
('4c631901b23e73824e23a8f2c7b201a8', 'init|s:1:\"1\";slim.flash|a:0:{}', 1730926867, '2024-11-06 17:37:07', 0, 1, 'okhttp/3.12.1', '177.184.71.16'),
('4c67c5245c0de6ce0126f17c523ec68d', 'init|s:1:\"1\";csrfToken|s:40:\"01188f7402c5445c0bf09efd954b572cdac9708e\";slim.flash|a:0:{}', 1732114972, '2024-11-20 11:38:52', 0, 0, 'Mozilla/5.0 (compatible; SemrushBot-BA; +http://www.semrush.com/bot.html)', '85.208.98.20'),
('4c762a7e0249f7aa252080680263b985', 'init|s:1:\"1\";slim.flash|a:0:{}', 1731459311, '2024-11-12 21:31:11', 0, 0, 'okhttp/3.12.1', '177.184.71.220'),
('4d8fae7e34be618a05a5868e58669c64', 'init|s:1:\"1\";slim.flash|a:0:{}', 1731304390, '2024-11-11 02:29:10', 0, 0, 'okhttp/3.12.1', '177.184.71.152'),
('4de09ba2fe751ca75be83cbad43b4d93', 'init|s:1:\"1\";slim.flash|a:0:{}', 1731718971, '2024-11-15 21:38:51', 0, 0, 'okhttp/3.12.1', '177.184.78.240'),
('4ea6861c853751f2f9f99a49a4be5595', 'init|s:1:\"1\";slim.flash|a:0:{}', 1731181109, '2024-11-09 16:14:29', 0, 0, 'okhttp/3.12.1', '177.184.71.220'),
('4eab84001b95b0374ede9f1f3378d560', 'init|s:1:\"1\";csrfToken|s:40:\"6c701bb3a23d94edb55c73a84d2c20dc1c0270a1\";slim.flash|a:0:{}userid|i:4;', 1732027710, '2024-11-19 11:24:30', 4, 0, 'Mozilla/5.0 (Windows NT 10.0; Win64; x64) AppleWebKit/537.36 (KHTML, like Gecko) Chrome/109.0.0.0 Safari/537.36', '177.184.74.155'),
('4f237fc120e8a7927e94684a4a9ca554', 'init|s:1:\"1\";slim.flash|a:0:{}', 1731394549, '2024-11-12 03:31:49', 0, 0, 'okhttp/3.12.1', '177.184.71.152'),
('4f59734f0a9eacdf33eb83d1b9d9282c', 'init|s:1:\"1\";slim.flash|a:0:{}', 1732678936, '2024-11-27 00:18:16', 0, 0, 'okhttp/3.12.1', '177.184.74.96'),
('4fe2605d98cbfdde6e4281a5b7baf2f6', 'init|s:1:\"1\";slim.flash|a:0:{}', 1732777287, '2024-11-28 03:37:27', 0, 0, 'okhttp/3.12.1', '177.184.78.126'),
('4ffba60ffc72f0a2c9ae2800e16685d1', 'init|s:1:\"1\";slim.flash|a:0:{}', 1731664659, '2024-11-15 06:33:39', 0, 0, 'okhttp/3.12.1', '177.184.78.240'),
('503df91c38eb7cbad14bd9697d065d29', 'init|s:1:\"1\";slim.flash|a:0:{}', 1732687134, '2024-11-27 02:34:54', 0, 0, 'okhttp/3.12.1', '177.184.78.126'),
('505df2455b322c624cd358e94905062e', 'init|s:1:\"1\";slim.flash|a:0:{}', 1731556602, '2024-11-14 00:32:42', 0, 0, 'okhttp/3.12.1', '177.184.71.220'),
('507aee21d4bebd08fabc4faf78f75d29', 'init|s:1:\"1\";slim.flash|a:0:{}', 1731750317, '2024-11-16 06:21:17', 0, 0, 'okhttp/3.12.1', '177.184.78.240'),
('50e7742f16fefadabb1f62701f1a2950', 'init|s:1:\"1\";slim.flash|a:0:{}', 1731412611, '2024-11-12 08:32:51', 0, 0, 'okhttp/3.12.1', '177.184.71.152'),
('511c77a5fba2070ea3b8c186eda1b950', 'init|s:1:\"1\";slim.flash|a:0:{}', 1731325772, '2024-11-11 08:25:32', 0, 0, 'okhttp/3.12.1', '177.184.71.220'),
('51713867aa99001121d61f5214c28959', 'init|s:1:\"1\";slim.flash|a:0:{}', 1730879864, '2024-11-06 04:33:44', 0, 1, 'okhttp/3.12.1', '177.184.71.16'),
('52286f8bf94a9ae2a39116cf833d9fd1', 'init|s:1:\"1\";slim.flash|a:0:{}', 1731661146, '2024-11-15 05:35:06', 0, 0, 'okhttp/3.12.1', '177.184.71.220'),
('522a4c47662b8027de78335899f4cec1', 'init|s:1:\"1\";slim.flash|a:0:{}', 1731764773, '2024-11-16 10:22:13', 0, 0, 'okhttp/3.12.1', '177.184.79.229'),
('52ace434c26878022e81ba8b541ae522', 'init|s:1:\"1\";slim.flash|a:0:{}', 1732549155, '2024-11-25 12:15:15', 0, 0, 'okhttp/3.12.1', '177.184.74.96'),
('52cace59449fc472adebe17756471fb2', 'init|s:1:\"1\";slim.flash|a:0:{}', 1731887940, '2024-11-17 20:35:00', 0, 0, 'okhttp/3.12.1', '177.184.78.240'),
('533ccb04b409186d7007c6a67f1c6f5b', 'init|s:1:\"1\";slim.flash|a:0:{}', 1731764465, '2024-11-16 10:17:05', 0, 0, 'okhttp/3.12.1', '177.184.79.229'),
('539afd9bbe9ea37244b1c74d7ae0e129', 'init|s:1:\"1\";slim.flash|a:0:{}', 1731213572, '2024-11-10 01:15:32', 0, 0, 'okhttp/3.12.1', '177.184.71.220'),
('5448cd77eb3a910f4b240831a50ef291', 'init|s:1:\"1\";slim.flash|a:0:{}', 1731607051, '2024-11-14 14:33:31', 0, 0, 'okhttp/3.12.1', '177.184.71.220'),
('54c9312a16cb5c24115c525632a80414', 'init|s:1:\"1\";slim.flash|a:0:{}', 1731444903, '2024-11-12 17:31:03', 0, 0, 'okhttp/3.12.1', '177.184.71.220'),
('54e079df2de67b2b4eee1b6159da05e0', 'init|s:1:\"1\";slim.flash|a:0:{}', 1732353757, '2024-11-23 05:58:37', 0, 0, 'okhttp/3.12.1', '177.184.74.216'),
('5506d4725c3a8b42e191c545c16dc7cf', 'init|s:1:\"1\";slim.flash|a:0:{}', 1731649174, '2024-11-15 02:15:34', 0, 0, 'okhttp/3.12.1', '177.184.79.229'),
('552bdbff4b8c42d33ded8b8425d05016', 'init|s:1:\"1\";slim.flash|a:0:{}', 1732697948, '2024-11-27 05:35:08', 0, 0, 'okhttp/3.12.1', '177.184.78.126'),
('55597b37258d885323188f38787be34b', 'init|s:1:\"1\";slim.flash|a:0:{}', 1730821413, '2024-11-05 12:19:33', 0, 1, 'okhttp/3.12.1', '177.184.71.172'),
('558c894fde16bda0d891a997d5ad2e7a', 'init|s:1:\"1\";slim.flash|a:0:{}', 1732707752, '2024-11-27 08:18:32', 0, 0, 'okhttp/3.12.1', '177.184.74.96'),
('55a02f9420b55592c8bb9e59300a4e8d', 'init|s:1:\"1\";slim.flash|a:0:{}', 1730826560, '2024-11-05 13:45:20', 0, 1, 'okhttp/3.12.1', '177.184.74.84'),
('55a5da33cd6bda6525858d5cc8ff95c6', 'init|s:1:\"1\";slim.flash|a:0:{}', 1731155903, '2024-11-09 09:14:23', 0, 0, 'okhttp/3.12.1', '177.184.71.220'),
('56c6524f99574847eeeadf3e73a4d740', 'init|s:1:\"1\";slim.flash|a:0:{}', 1731300790, '2024-11-11 01:29:10', 0, 0, 'okhttp/3.12.1', '177.184.71.152'),
('571ffa6233b5729f666f1de70017adc2', 'init|s:1:\"1\";slim.flash|a:0:{}', 1732729351, '2024-11-27 14:18:31', 0, 0, 'okhttp/3.12.1', '177.184.74.96'),
('5750dbeedd29429bdf07227d8e46d605', 'init|s:1:\"1\";csrfToken|s:40:\"a773a68ef7c130173f42041758743c5f73844d6f\";slim.flash|a:0:{}', 1731523362, '2024-11-13 15:18:42', 0, 0, 'Mozilla/5.0 (Windows NT 10.0; Win64; x64) AppleWebKit/537.36 (KHTML, like Gecko) Chrome/109.0.0.0 Safari/537.36', '177.184.71.141'),
('5790350eb37ecb32655ad36ae1ccd1d1', 'init|s:1:\"1\";slim.flash|a:0:{}', 1731898805, '2024-11-17 23:36:05', 0, 0, 'okhttp/3.12.1', '177.184.78.240'),
('582a00596033fb6879bc8a8069e6d36a', 'init|s:1:\"1\";slim.flash|a:0:{}', 1732741259, '2024-11-27 17:36:59', 0, 0, 'okhttp/3.12.1', '177.184.78.126'),
('584efef57171af0ec42c220199965c9f', 'init|s:1:\"1\";slim.flash|a:0:{}', 1731202773, '2024-11-09 22:15:33', 0, 0, 'okhttp/3.12.1', '177.184.71.220'),
('585742f3fff104887b8ed7374126a901', 'init|s:1:\"1\";slim.flash|a:0:{}', 1732224144, '2024-11-21 17:58:24', 0, 0, 'okhttp/3.12.1', '177.184.74.216'),
('5867d1e9eae306dbf39c7048832a7000', 'init|s:1:\"1\";slim.flash|a:0:{}', 1731624693, '2024-11-14 19:27:33', 0, 0, 'okhttp/3.12.1', '177.184.78.240'),
('58bcb5a2128109a7012dff9d89480145', 'init|s:1:\"1\";slim.flash|a:0:{}', 1731267879, '2024-11-10 16:20:39', 0, 0, 'okhttp/3.12.1', '177.184.71.220'),
('5900f3efa63a52a561f6e890902ee04b', 'init|s:1:\"1\";slim.flash|a:0:{}', 1732454905, '2024-11-24 10:04:25', 0, 0, 'okhttp/3.12.1', '177.184.74.216'),
('5913abdc2434b291c6c5de2dc6fdc211', 'init|s:1:\"1\";slim.flash|a:0:{}', 1732263745, '2024-11-22 04:58:25', 0, 0, 'okhttp/3.12.1', '177.184.74.216'),
('597253d78d6db1fb734e62c338598599', 'init|s:1:\"1\";slim.flash|a:0:{}', 1731279180, '2024-11-10 19:29:00', 0, 0, 'okhttp/3.12.1', '177.184.71.152'),
('599da85ed5761a390445d1f651723e84', 'init|s:1:\"1\";slim.flash|a:0:{}', 1731117066, '2024-11-08 22:27:06', 0, 0, 'okhttp/3.12.1', '177.184.71.152'),
('59af9f95636c647130135be7e833f88f', 'init|s:1:\"1\";slim.flash|a:0:{}', 1732552755, '2024-11-25 13:15:15', 0, 0, 'okhttp/3.12.1', '177.184.74.96'),
('59ce648a242e2e21a1644026833af04e', 'init|s:1:\"1\";slim.flash|a:0:{}', 1731815448, '2024-11-17 00:26:48', 0, 0, 'okhttp/3.12.1', '177.184.78.240'),
('59d40fdf12477883229c81b83fd02579', 'init|s:1:\"1\";csrfToken|s:40:\"1f711413e81d81ef6790d8b406a9bb600f4bcd72\";slim.flash|a:0:{}userid|i:7;', 1732201348, '2024-11-21 11:38:28', 7, 0, 'Mozilla/5.0 (Windows NT 10.0; Win64; x64) AppleWebKit/537.36 (KHTML, like Gecko) Chrome/109.0.0.0 Safari/537.36', '177.184.74.155'),
('5abcee7f43a74db0da4d0de080efb693', 'init|s:1:\"1\";slim.flash|a:0:{}', 1732296148, '2024-11-22 13:58:28', 0, 0, 'okhttp/3.12.1', '177.184.74.216'),
('5abe8d9795d639928667b5746b9d1840', 'init|s:1:\"1\";slim.flash|a:0:{}', 1732787042, '2024-11-28 06:20:02', 0, 0, 'okhttp/3.12.1', '177.184.74.96'),
('5b51b4f3df256e6320cfce2c3fb3e923', 'init|s:1:\"1\";slim.flash|a:0:{}', 1732407767, '2024-11-23 20:58:47', 0, 0, 'okhttp/3.12.1', '177.184.74.216'),
('5b9ba38696153bf7ab136b180c7cfc33', 'init|s:1:\"1\";slim.flash|a:0:{}', 1731282780, '2024-11-10 20:29:00', 0, 0, 'okhttp/3.12.1', '177.184.71.152'),
('5bc4a04fde72271cee372c36b0c10857', 'init|s:1:\"1\";slim.flash|a:0:{}', 1732657283, '2024-11-26 18:17:23', 0, 0, 'okhttp/3.12.1', '177.184.74.96'),
('5c9e824b328f2f28629559d025b72380', 'init|s:1:\"1\";slim.flash|a:0:{}', 1731733412, '2024-11-16 01:39:32', 0, 0, 'okhttp/3.12.1', '177.184.71.220'),
('5d2782af43c92415ce77acddb3819e60', 'init|s:1:\"1\";slim.flash|a:0:{}', 1731354716, '2024-11-11 16:27:56', 0, 0, 'okhttp/3.12.1', '177.184.71.220'),
('5d650af786a37a06bb75b772bf06fa81', 'init|s:1:\"1\";slim.flash|a:0:{}', 1732711351, '2024-11-27 09:18:31', 0, 0, 'okhttp/3.12.1', '177.184.74.96'),
('5db97208249f9b8da252db64eb41d65e', 'init|s:1:\"1\";slim.flash|a:0:{}', 1732750953, '2024-11-27 20:18:33', 0, 0, 'okhttp/3.12.1', '177.184.74.96'),
('5dedacd6ef2a74cba0009e93d2ff8727', 'init|s:1:\"1\";slim.flash|a:0:{}', 1731634774, '2024-11-14 22:15:34', 0, 0, 'okhttp/3.12.1', '177.184.79.229'),
('5e61bb9db3452d4ac264d3e7686a714f', 'init|s:1:\"1\";csrfToken|s:40:\"e163914cc091e996808e6b87b80c696bc25e2777\";slim.flash|a:0:{}', 1731254456, '2024-11-10 12:36:56', 0, 0, 'Mozilla/5.0 AppleWebKit/537.36 (KHTML, like Gecko; compatible; bingbot/2.0; +http://www.bing.com/bingbot.htm) Chrome/116.0.1938.76 Safari/537.36', '52.167.144.17'),
('5e92d02d8e1eb8e5fdf514af3a24b63d', 'init|s:1:\"1\";csrfToken|s:40:\"ead6e3224667c0d768fbf85f3dea24bf15db596f\";slim.flash|a:0:{}userid|i:4;', 1732547505, '2024-11-25 11:47:45', 4, 0, 'Mozilla/5.0 (Windows NT 10.0; Win64; x64) AppleWebKit/537.36 (KHTML, like Gecko) Chrome/131.0.0.0 Safari/537.36', '177.184.78.126'),
('5ee2e8c8eb156f83b22911552898f7b2', 'init|s:1:\"1\";slim.flash|a:0:{}', 1732541955, '2024-11-25 10:15:15', 0, 0, 'okhttp/3.12.1', '177.184.74.96'),
('5f0375f10e9ffd2350475c17ec96fe4d', 'init|s:1:\"1\";slim.flash|a:0:{}', 1731307990, '2024-11-11 03:29:10', 0, 0, 'okhttp/3.12.1', '177.184.71.152'),
('5f44009e813ab945c28a04ee85cf98e7', 'init|s:1:\"1\";slim.flash|a:0:{}', 1731268373, '2024-11-10 16:28:53', 0, 0, 'okhttp/3.12.1', '177.184.71.152'),
('5f8cb85915abaff13ee934d4624d57c7', 'init|s:1:\"1\";slim.flash|a:0:{}', 1732400569, '2024-11-23 18:58:49', 0, 0, 'okhttp/3.12.1', '177.184.74.216'),
('5fcf68960d1b9f70e8ba9d891c06d412', 'init|s:1:\"1\";slim.flash|a:0:{}', 1732134081, '2024-11-20 16:57:21', 0, 0, 'okhttp/3.12.1', '177.184.71.87'),
('5fe86fbde0b8e61d274d593f22c8b9ad', 'init|s:1:\"1\";csrfToken|s:40:\"ae8f64068ed2cb98a08059794d6eba67b9c6a433\";slim.flash|a:1:{s:10:\"priorRoute\";s:36:\"/serraazul/web/user/form/preferences\";}', 1731344359, '2024-11-11 13:35:19', 0, 0, 'Mozilla/5.0 (Macintosh; Intel Mac OS X 10_10_1) AppleWebKit/600.2.5 (KHTML, like Gecko) Version/8.0.2 Safari/600.2.5 (Amazonbot/0.1; +https://developer.amazon.com/support/amazonbot)', '52.201.155.215'),
('601c0d789c6a948f0ff8de389f9b9594', 'init|s:1:\"1\";slim.flash|a:0:{}', 1731354871, '2024-11-11 16:30:31', 0, 0, 'okhttp/3.12.1', '177.184.71.152'),
('602a2a487a95d2b73cbaa4e0b9b198c9', 'init|s:1:\"1\";slim.flash|a:0:{}', 1731602969, '2024-11-14 13:25:29', 0, 0, 'okhttp/3.12.1', '177.184.78.240'),
('602c63fd8fdcdf3f0cf2ddbfab7533be', 'init|s:1:\"1\";slim.flash|a:0:{}', 1731916932, '2024-11-18 04:38:12', 0, 0, 'okhttp/3.12.1', '177.184.78.240'),
('60c33c54663b5d6ae1dba5fddaef670f', 'init|s:1:\"1\";slim.flash|a:0:{}', 1732202953, '2024-11-21 12:05:13', 0, 0, 'okhttp/3.12.1', '177.184.74.216'),
('616851646e6563e6a465c65f63318720', 'init|s:1:\"1\";slim.flash|a:0:{}', 1732220545, '2024-11-21 16:58:25', 0, 0, 'okhttp/3.12.1', '177.184.74.216'),
('619de74f9aff3bce9a27aaeae2321920', 'init|s:1:\"1\";slim.flash|a:0:{}', 1732451306, '2024-11-24 09:04:26', 0, 0, 'okhttp/3.12.1', '177.184.74.216'),
('61e50315c349ce4aea24aac1416b5800', 'init|s:1:\"1\";csrfToken|s:40:\"f3556b5bcb7b5e076c6b10c7bbffe51296f2d8cf\";slim.flash|a:0:{}userid|i:7;', 1731590444, '2024-11-14 09:57:03', 7, 0, 'Mozilla/5.0 (Windows NT 10.0; Win64; x64) AppleWebKit/537.36 (KHTML, like Gecko) Chrome/109.0.0.0 Safari/537.36', '177.184.78.215'),
('622e5b2b514ac27301f64a3f86088f2d', 'init|s:1:\"1\";slim.flash|a:0:{}', 1731837171, '2024-11-17 06:28:51', 0, 0, 'okhttp/3.12.1', '177.184.78.240');
INSERT INTO `session` (`session_id`, `session_data`, `session_expiration`, `lastAccessed`, `userId`, `isExpired`, `userAgent`, `remoteAddr`) VALUES
('62e3458445b7ea296dee1c6fd1dcc691', 'init|s:1:\"1\";slim.flash|a:0:{}', 1731823992, '2024-11-17 02:49:12', 0, 0, 'okhttp/3.12.1', '177.184.71.220'),
('63003b41c92b4586b0ae9297125fec4f', 'init|s:1:\"1\";slim.flash|a:0:{}', 1731336832, '2024-11-11 11:29:52', 0, 0, 'okhttp/3.12.1', '177.184.71.152'),
('63031c625b9e62eaeef55bb78580b984', 'init|s:1:\"1\";slim.flash|a:0:{}', 1730876266, '2024-11-06 03:33:46', 0, 1, 'okhttp/3.12.1', '177.184.71.16'),
('6345a9ee4cf1aaa54537109a72c41223', 'init|s:1:\"1\";slim.flash|a:0:{}', 1732346557, '2024-11-23 03:58:37', 0, 0, 'okhttp/3.12.1', '177.184.74.216'),
('6353bdb9990ff609aecae5f5e1395757', 'init|s:1:\"1\";slim.flash|a:0:{}', 1731217911, '2024-11-10 02:27:51', 0, 0, 'okhttp/3.12.1', '177.184.71.152'),
('63553ff318e6be8feeba7045296b8b56', 'init|s:1:\"1\";slim.flash|a:0:{}', 1730835811, '2024-11-05 16:19:31', 0, 1, 'okhttp/3.12.1', '177.184.71.172'),
('636e2878b5a14c3b1b2879b866171094', 'init|s:1:\"1\";slim.flash|a:0:{}', 1731869756, '2024-11-17 15:31:56', 0, 0, 'okhttp/3.12.1', '177.184.78.240'),
('636e3115c46bc6f0e42aeb9e9347cab2', 'init|s:1:\"1\";slim.flash|a:0:{}', 1731873416, '2024-11-17 16:32:56', 0, 0, 'okhttp/3.12.1', '177.184.78.240'),
('637c0ac56b3764d655d843a2ae1ffa73', 'init|s:1:\"1\";slim.flash|a:0:{}', 1732332152, '2024-11-22 23:58:32', 0, 0, 'okhttp/3.12.1', '177.184.74.216'),
('63e09f7eb4f108e32137d2e164babe2c', 'init|s:1:\"1\";slim.flash|a:0:{}', 1731784067, '2024-11-16 15:43:47', 0, 0, 'okhttp/3.12.1', '177.184.71.220'),
('641cc6750a58732297e0fe2a2480da76', 'init|s:1:\"1\";slim.flash|a:0:{}', 1730977301, '2024-11-07 07:37:41', 0, 1, 'okhttp/3.12.1', '177.184.71.16'),
('64275cd11576e7aa8ad8100a0e18fa6d', 'init|s:1:\"1\";slim.flash|a:0:{}', 1732350157, '2024-11-23 04:58:37', 0, 0, 'okhttp/3.12.1', '177.184.74.216'),
('6440079f4486dbf0946e6db435ad5053', 'init|s:1:\"1\";slim.flash|a:0:{}', 1732213752, '2024-11-21 15:05:12', 0, 0, 'okhttp/3.12.1', '177.184.74.216'),
('64562828a24411b5349cd1130753ae57', 'init|s:1:\"1\";slim.flash|a:0:{}', 1730923268, '2024-11-06 16:37:08', 0, 1, 'okhttp/3.12.1', '177.184.71.16'),
('64c6efc5372e24d8f63bd469723928ce', 'init|s:1:\"1\";slim.flash|a:0:{}', 1731159504, '2024-11-09 10:14:24', 0, 0, 'okhttp/3.12.1', '177.184.71.220'),
('64d0fe9db5a39142634f933c19295dc7', 'init|s:1:\"1\";slim.flash|a:0:{}', 1732170139, '2024-11-21 02:58:19', 0, 0, 'okhttp/3.12.1', '177.184.74.216'),
('64d65e8faf57006b8015d3b3c8ff9d39', 'init|s:1:\"1\";slim.flash|a:0:{}', 1730828613, '2024-11-05 14:19:33', 0, 1, 'okhttp/3.12.1', '177.184.71.172'),
('650b8b4919aa16b7565b80a8f9f0a4b6', 'init|s:1:\"1\";slim.flash|a:0:{}', 1731491773, '2024-11-13 06:32:13', 0, 0, 'okhttp/3.12.1', '177.184.71.220'),
('659d90055faba24844bbf3f40abd6017', 'init|s:1:\"1\";slim.flash|a:0:{}', 1732747352, '2024-11-27 19:18:32', 0, 0, 'okhttp/3.12.1', '177.184.74.96'),
('661a1a81a6b027dd377a5ca2b57ccb09', 'init|s:1:\"1\";slim.flash|a:0:{}', 1731181922, '2024-11-09 16:28:02', 0, 0, 'okhttp/3.12.1', '177.184.71.152'),
('662635633044c894a99ec1c020ca7214', 'init|s:1:\"1\";slim.flash|a:0:{}', 1732166544, '2024-11-21 01:58:24', 0, 0, 'okhttp/3.12.1', '177.184.74.216'),
('6647fc0181c03c7a22b2e135e2c2a45b', 'init|s:1:\"1\";slim.flash|a:0:{}', 1732783431, '2024-11-28 05:19:51', 0, 0, 'okhttp/3.12.1', '177.184.74.96'),
('66fdac3fe54a9a616a551c44640ea0b9', 'init|s:1:\"1\";slim.flash|a:0:{}', 1731798469, '2024-11-16 19:43:49', 0, 0, 'okhttp/3.12.1', '177.184.71.220'),
('671026ce1d4fd296744544c4cd2a6d73', 'init|s:1:\"1\";slim.flash|a:0:{}', 1732577966, '2024-11-25 20:15:26', 0, 0, 'okhttp/3.12.1', '177.184.74.96'),
('6724cbb1bf1f063c837327f04a0089eb', 'init|s:1:\"1\";slim.flash|a:0:{}', 1731782796, '2024-11-16 15:22:36', 0, 0, 'okhttp/3.12.1', '177.184.78.240'),
('678f7357434870e8f4e051baa622e830', 'init|s:1:\"1\";slim.flash|a:0:{}', 1731238818, '2024-11-10 08:16:18', 0, 0, 'okhttp/3.12.1', '177.184.71.220'),
('679506e642a5f7c0a2b23a873b7350ad', 'init|s:1:\"1\";slim.flash|a:0:{}', 1731225112, '2024-11-10 04:27:52', 0, 0, 'okhttp/3.12.1', '177.184.71.152'),
('67c792b0c73ece8f2db7027db5f5f43a', 'init|s:1:\"1\";slim.flash|a:0:{}', 1731656382, '2024-11-15 04:15:42', 0, 0, 'okhttp/3.12.1', '177.184.79.229'),
('67d372ec19f1a94c30bae39ce774d745', 'init|s:1:\"1\";slim.flash|a:0:{}', 1730904289, '2024-11-06 11:20:49', 0, 1, 'okhttp/3.12.1', '177.184.71.172'),
('67d5540d68132fcb0fe62549e0897b9a', 'init|s:1:\"1\";slim.flash|a:0:{}', 1731726211, '2024-11-15 23:39:31', 0, 0, 'okhttp/3.12.1', '177.184.71.220'),
('67e6541b44cf43db0a9e59dd32964102', 'init|s:1:\"1\";slim.flash|a:0:{}', 1731123503, '2024-11-09 00:14:23', 0, 0, 'okhttp/3.12.1', '177.184.71.220'),
('684c2755e59c69cdc82783c49969f15e', 'init|s:1:\"1\";slim.flash|a:0:{}', 1731838393, '2024-11-17 06:49:13', 0, 0, 'okhttp/3.12.1', '177.184.71.220'),
('686f39b77802035466278e481bdbbb7e', 'init|s:1:\"1\";slim.flash|a:0:{}', 1732173920, '2024-11-21 04:01:20', 0, 0, 'okhttp/3.12.1', '177.184.74.216'),
('6921c92933012298138c43aa60ef605f', 'init|s:1:\"1\";slim.flash|a:0:{}', 1731675488, '2024-11-15 09:34:08', 0, 0, 'okhttp/3.12.1', '177.184.78.240'),
('6962a5ddfda4fc173384a3fcdc8ce7d1', 'init|s:1:\"1\";slim.flash|a:0:{}', 1731358316, '2024-11-11 17:27:56', 0, 0, 'okhttp/3.12.1', '177.184.71.220'),
('69b478faf75e6783e3782a8968bb19c4', 'init|s:1:\"1\";slim.flash|a:0:{}', 1732048695, '2024-11-19 17:14:15', 0, 0, 'okhttp/3.12.1', '177.184.78.168'),
('69fdaab29aa70a2bcc1c5ba2e1c13290', 'init|s:1:\"1\";slim.flash|a:0:{}', 1731845595, '2024-11-17 08:49:15', 0, 0, 'okhttp/3.12.1', '177.184.71.220'),
('6a396c8e4cc0626ec0e1ac568e1d671e', 'init|s:1:\"1\";slim.flash|a:0:{}', 1731704611, '2024-11-15 17:39:31', 0, 0, 'okhttp/3.12.1', '177.184.71.220'),
('6b6cc0e9287697f31e6af7f1f789dd03', 'init|s:1:\"1\";slim.flash|a:0:{}', 1731380150, '2024-11-11 23:31:50', 0, 0, 'okhttp/3.12.1', '177.184.71.152'),
('6bbf3134d399c45a640203664b5b4cab', 'init|s:1:\"1\";slim.flash|a:0:{}', 1732396974, '2024-11-23 17:58:54', 0, 0, 'okhttp/3.12.1', '177.184.74.216'),
('6c398520f83d58101ead24f4f16a333f', 'init|s:1:\"1\";slim.flash|a:0:{}', 1732077550, '2024-11-20 01:15:10', 0, 0, 'okhttp/3.12.1', '177.184.78.168'),
('6c3d600941a342123d57877df238a285', 'init|s:1:\"1\";slim.flash|a:0:{}', 1732045096, '2024-11-19 16:14:16', 0, 0, 'okhttp/3.12.1', '177.184.78.168'),
('6c6094600caa2a154dc80a1c3775a6f0', 'init|s:1:\"1\";slim.flash|a:0:{}', 1731209973, '2024-11-10 00:15:33', 0, 0, 'okhttp/3.12.1', '177.184.71.220'),
('6c6dbc681b64a1f1a8c4d030761ed3ce', 'init|s:1:\"1\";slim.flash|a:0:{}', 1731130702, '2024-11-09 02:14:22', 0, 0, 'okhttp/3.12.1', '177.184.71.220'),
('6c7a9a0e5d3f92a9366281a45c23482b', 'init|s:1:\"1\";slim.flash|a:0:{}', 1731614250, '2024-11-14 16:33:30', 0, 0, 'okhttp/3.12.1', '177.184.71.220'),
('6d449c71dd2c8f202a4ce66e753002ab', 'init|s:1:\"1\";slim.flash|a:0:{}', 1732704152, '2024-11-27 07:18:32', 0, 0, 'okhttp/3.12.1', '177.184.74.96'),
('6e1010d12cc28e3deba90c65f7eee990', 'init|s:1:\"1\";slim.flash|a:0:{}', 1731659983, '2024-11-15 05:15:43', 0, 0, 'okhttp/3.12.1', '177.184.79.229'),
('6e2b9cada3b1434d09b782a7219aade9', 'init|s:1:\"1\";slim.flash|a:0:{}', 1731401771, '2024-11-12 05:32:11', 0, 0, 'okhttp/3.12.1', '177.184.71.152'),
('6e349fa92a72066474d6557c05567e94', 'init|s:1:\"1\";slim.flash|a:0:{}', 1732177340, '2024-11-21 04:58:20', 0, 0, 'okhttp/3.12.1', '177.184.74.216'),
('6e3d586492230a02fab6c7f2bbc67388', 'init|s:1:\"1\";slim.flash|a:0:{}', 1732639182, '2024-11-26 13:15:42', 0, 0, 'okhttp/3.12.1', '177.184.74.96'),
('6e5878e6f7d1a8423960d62f5c8493f1', 'init|s:1:\"1\";slim.flash|a:0:{}', 1730905202, '2024-11-06 11:36:02', 0, 1, 'okhttp/3.12.1', '177.184.71.16'),
('6e63d2153270d5b637c38d06b1efb401', 'init|s:1:\"1\";slim.flash|a:0:{}', 1731657545, '2024-11-15 04:35:05', 0, 0, 'okhttp/3.12.1', '177.184.71.220'),
('6ee210bd60b3cb9b88a6703ea420b073', 'init|s:1:\"1\";slim.flash|a:0:{}', 1731697245, '2024-11-15 15:36:45', 0, 0, 'okhttp/3.12.1', '177.184.78.240'),
('6f808a7019d9fbefe9bd8a8167007648', 'init|s:1:\"1\";slim.flash|a:0:{}', 1732267345, '2024-11-22 05:58:25', 0, 0, 'okhttp/3.12.1', '177.184.74.216'),
('6f90b13be87d0448345d062021923a5d', 'init|s:1:\"1\";slim.flash|a:0:{}', 1731473724, '2024-11-13 01:31:24', 0, 0, 'okhttp/3.12.1', '177.184.71.220'),
('6ff636d23dd36568fcad205d761251ea', 'init|s:1:\"1\";slim.flash|a:0:{}', 1731318792, '2024-11-11 06:29:12', 0, 0, 'okhttp/3.12.1', '177.184.71.152'),
('70685b59dc75ead9ad4ea29aa8a284ac', 'init|s:1:\"1\";slim.flash|a:0:{}', 1731924141, '2024-11-18 06:38:21', 0, 0, 'okhttp/3.12.1', '177.184.78.240'),
('70d6cf6d5d6efebdaee9f4ce7a8c3cf3', 'init|s:1:\"1\";slim.flash|a:0:{}', 1732465705, '2024-11-24 13:04:25', 0, 0, 'okhttp/3.12.1', '177.184.74.216'),
('711580b373a0ae16f9662761a57e1831', 'init|s:1:\"1\";slim.flash|a:0:{}', 1732252944, '2024-11-22 01:58:24', 0, 0, 'okhttp/3.12.1', '177.184.74.216'),
('7214e443855f4b9ff122fd5fe8bfe05d', 'init|s:1:\"1\";slim.flash|a:0:{}', 1731362071, '2024-11-11 18:30:31', 0, 0, 'okhttp/3.12.1', '177.184.71.152'),
('725dd96621949ba42f244160f1c6c8fd', 'init|s:1:\"1\";slim.flash|a:0:{}', 1731477325, '2024-11-13 02:31:25', 0, 0, 'okhttp/3.12.1', '177.184.71.220'),
('726262b232f56f73cd5f40db86af426b', 'init|s:1:\"1\";slim.flash|a:0:{}', 1731708212, '2024-11-15 18:39:32', 0, 0, 'okhttp/3.12.1', '177.184.71.220'),
('728ac903d84df1a64f0a31a920cd8c66', 'init|s:1:\"1\";slim.flash|a:0:{}', 1731639157, '2024-11-14 23:28:37', 0, 0, 'okhttp/3.12.1', '177.184.78.240'),
('732135122a5b2ad648d463d36ba2c4fa', 'init|s:1:\"1\";csrfToken|s:40:\"3da0a454d4686a99ae49b744a4634abab79686d6\";slim.flash|a:1:{s:10:\"priorRoute\";s:36:\"/serraazul/web/user/form/preferences\";}', 1732453167, '2024-11-24 09:35:27', 0, 0, 'Mozilla/5.0 (compatible; SemrushBot/7~bl; +http://www.semrush.com/bot.html)', '185.191.171.4'),
('738e9e733f781b324289c8d235660e85', 'init|s:1:\"1\";slim.flash|a:0:{}', 1731750067, '2024-11-16 06:17:07', 0, 0, 'okhttp/3.12.1', '177.184.79.229'),
('73df43e626edd0a6a21e79d32446575c', 'init|s:1:\"1\";slim.flash|a:0:{}', 1732462104, '2024-11-24 12:04:24', 0, 0, 'okhttp/3.12.1', '177.184.74.216'),
('73f810ad0728e3b30271b37739dcd021', 'init|s:1:\"1\";slim.flash|a:0:{}', 1731802069, '2024-11-16 20:43:49', 0, 0, 'okhttp/3.12.1', '177.184.71.220'),
('740a055e705d4425cf3228f4e42cc672', 'init|s:1:\"1\";slim.flash|a:0:{}', 1730871839, '2024-11-06 02:19:59', 0, 1, 'okhttp/3.12.1', '177.184.71.172'),
('7443b56a2b713ede68c7d0377fd6c0f1', 'init|s:1:\"1\";slim.flash|a:0:{}', 1731434100, '2024-11-12 14:31:00', 0, 0, 'okhttp/3.12.1', '177.184.71.220'),
('74bfaf1d122b0c4104d6938678f8947d', 'init|s:1:\"1\";slim.flash|a:0:{}', 1731760865, '2024-11-16 09:17:05', 0, 0, 'okhttp/3.12.1', '177.184.79.229'),
('74e389c30acc561618fea1f5344cad90', 'init|s:1:\"1\";slim.flash|a:0:{}', 1732206553, '2024-11-21 13:05:13', 0, 0, 'okhttp/3.12.1', '177.184.74.216'),
('7505433713f20e5bcfa08fc8789e1986', 'init|s:1:\"1\";slim.flash|a:0:{}', 1732386158, '2024-11-23 14:58:38', 0, 0, 'okhttp/3.12.1', '177.184.74.216'),
('7521af73bddeb550e4fb7096f69e4217', 'init|s:1:\"1\";slim.flash|a:0:{}', 1732433299, '2024-11-24 04:04:19', 0, 0, 'okhttp/3.12.1', '177.184.74.216'),
('755e2aa168f7c3d769982775990db4f4', 'init|s:1:\"1\";slim.flash|a:0:{}', 1732173740, '2024-11-21 03:58:20', 0, 0, 'okhttp/3.12.1', '177.184.74.216'),
('76116b6c6b6e764eabae0d8025052576', 'init|s:1:\"1\";slim.flash|a:0:{}', 1731527783, '2024-11-13 16:32:23', 0, 0, 'okhttp/3.12.1', '177.184.71.220'),
('76a9ab6bd4cb4c8c2bfa5764de78a4b2', 'init|s:1:\"1\";slim.flash|a:0:{}', 1732084751, '2024-11-20 03:15:11', 0, 0, 'okhttp/3.12.1', '177.184.78.168'),
('76aa5471b7bb12dfba75940c73c721d4', 'init|s:1:\"1\";slim.flash|a:0:{}', 1732267914, '2024-11-22 06:07:54', 0, 0, 'okhttp/3.12.1', '177.184.74.216'),
('76e7742de14c77a5f89239209300d0ab', 'init|s:1:\"1\";slim.flash|a:0:{}', 1731653739, '2024-11-15 03:31:39', 0, 0, 'okhttp/3.12.1', '177.184.78.240'),
('76f7f28f462cf4b295687b8bef4c0282', 'init|s:1:\"1\";slim.flash|a:0:{}', 1732188320, '2024-11-21 08:01:20', 0, 0, 'okhttp/3.12.1', '177.184.74.216'),
('7720ed5b4a53214ddc63f01225a6d749', 'init|s:1:\"1\";slim.flash|a:0:{}', 1731127908, '2024-11-09 01:27:48', 0, 0, 'okhttp/3.12.1', '177.184.71.152'),
('7757bf9c0e70b5c708a4b7675f667655', 'init|s:1:\"1\";csrfToken|s:40:\"61ac527bb6457e84c2087085fa55694e3d92d11c\";slim.flash|a:0:{}', 1732539693, '2024-11-25 09:37:33', 0, 0, 'Mozilla/5.0 (compatible; SemrushBot-BA; +http://www.semrush.com/bot.html)', '85.208.98.16'),
('77939665840ef81e131be6ef1ab0df6b', 'init|s:1:\"1\";slim.flash|a:0:{}', 1732736552, '2024-11-27 16:18:32', 0, 0, 'okhttp/3.12.1', '177.184.74.96'),
('78e4e04eda264107bdf492e63c98d980', 'init|s:1:\"1\";slim.flash|a:0:{}', 1732418627, '2024-11-23 23:59:47', 0, 0, 'okhttp/3.12.1', '177.184.74.216'),
('78faae6bae9e749911564014158b2311', 'init|s:1:\"1\";slim.flash|a:0:{}', 1731278679, '2024-11-10 19:20:39', 0, 0, 'okhttp/3.12.1', '177.184.71.220'),
('78fea58bfcf774fd3401f7ec2daa9bbe', 'init|s:1:\"1\";slim.flash|a:0:{}', 1731398152, '2024-11-12 04:31:52', 0, 0, 'okhttp/3.12.1', '177.184.71.152'),
('791858a77b50dcca49f53560f2562860', 'init|s:1:\"1\";slim.flash|a:0:{}', 1731617432, '2024-11-14 17:26:32', 0, 0, 'okhttp/3.12.1', '177.184.78.240'),
('7952346182bf613fed1696267241303b', 'init|s:1:\"1\";slim.flash|a:0:{}', 1731271479, '2024-11-10 17:20:39', 0, 0, 'okhttp/3.12.1', '177.184.71.220'),
('79e36359db3748d3709462e1d6cfdc66', 'init|s:1:\"1\";slim.flash|a:0:{}', 1732287333, '2024-11-22 11:31:33', 0, 0, 'okhttp/3.12.1', '177.184.74.216'),
('79fd70c2cc7279b8033d24ae299355fa', 'init|s:1:\"1\";slim.flash|a:0:{}', 1732292552, '2024-11-22 12:58:32', 0, 0, 'okhttp/3.12.1', '177.184.74.216'),
('7a05e4cea710adffc26a42c49e970fe0', 'init|s:1:\"1\";slim.flash|a:0:{}', 1731693645, '2024-11-15 14:36:45', 0, 0, 'okhttp/3.12.1', '177.184.78.240'),
('7a1167029bdb75a544842f7a54c88eeb', 'init|s:1:\"1\";slim.flash|a:0:{}', 1732141327, '2024-11-20 18:58:07', 0, 0, 'okhttp/3.12.1', '177.184.78.168'),
('7c46bb3fee52e62f353887207b590d64', 'init|s:1:\"1\";slim.flash|a:0:{}', 1732301734, '2024-11-22 15:31:34', 0, 0, 'okhttp/3.12.1', '177.184.74.216'),
('7c473fb965ea2656ecb73d044d866658', 'init|s:1:\"1\";slim.flash|a:0:{}', 1732270947, '2024-11-22 06:58:27', 0, 0, 'okhttp/3.12.1', '177.184.74.216'),
('7c9a72f2b728d5ef8fec5606d17618ac', 'init|s:1:\"1\";slim.flash|a:0:{}', 1732726822, '2024-11-27 13:36:22', 0, 0, 'okhttp/3.12.1', '177.184.78.126'),
('7d81c03353839f063c98581699332614', 'init|s:1:\"1\";slim.flash|a:0:{}', 1732758152, '2024-11-27 22:18:32', 0, 0, 'okhttp/3.12.1', '177.184.74.96'),
('7da26219d84fa652b70c1d6b09fcbef1', 'init|s:1:\"1\";slim.flash|a:0:{}', 1731596251, '2024-11-14 11:33:31', 0, 0, 'okhttp/3.12.1', '177.184.71.220'),
('7e37e9cee7f475ceffbbcdc8c76a2392', 'init|s:1:\"1\";slim.flash|a:0:{}', 1730897089, '2024-11-06 09:20:49', 0, 1, 'okhttp/3.12.1', '177.184.71.172'),
('7e734388411a8f3eb57e4765f4f456c3', 'init|s:1:\"1\";slim.flash|a:0:{}', 1731866154, '2024-11-17 14:31:54', 0, 0, 'okhttp/3.12.1', '177.184.78.240'),
('7f64604fb155aefd9abde3b9183e645e', 'init|s:1:\"1\";slim.flash|a:0:{}', 1731858896, '2024-11-17 12:30:56', 0, 0, 'okhttp/3.12.1', '177.184.78.240'),
('7f6f0d214b5e05c8b95fe7f21c752606', 'init|s:1:\"1\";slim.flash|a:0:{}', 1731689986, '2024-11-15 13:35:46', 0, 0, 'okhttp/3.12.1', '177.184.78.240'),
('7f7754b218babc6ab5553245810c1703', 'init|s:1:\"1\";slim.flash|a:0:{}', 1732563565, '2024-11-25 16:15:25', 0, 0, 'okhttp/3.12.1', '177.184.74.96'),
('7f82e77fefbc4f6b1fc78c07acfc2dd5', 'init|s:1:\"1\";slim.flash|a:0:{}', 1731635946, '2024-11-14 22:35:06', 0, 0, 'okhttp/3.12.1', '177.184.71.220'),
('7f84c4ef1ab4098d91c876d0f4f691d4', 'init|s:1:\"1\";slim.flash|a:0:{}', 1731253318, '2024-11-10 12:17:58', 0, 0, 'okhttp/3.12.1', '177.184.71.220'),
('7f8b5ebe0f2878dbf76a7bed1b4a0829', 'init|s:1:\"1\";slim.flash|a:0:{}', 1731737012, '2024-11-16 02:39:32', 0, 0, 'okhttp/3.12.1', '177.184.71.220'),
('7fc34953692c1fb5592a48ba2defcb24', 'init|s:1:\"1\";slim.flash|a:0:{}', 1731224374, '2024-11-10 04:15:34', 0, 0, 'okhttp/3.12.1', '177.184.71.220'),
('7fca66b8488b7128f12b199fb348b55e', 'init|s:1:\"1\";slim.flash|a:0:{}', 1731285968, '2024-11-10 21:22:08', 0, 0, 'okhttp/3.12.1', '177.184.71.220'),
('80296b7759385f9a4f81eac7953e7638', 'init|s:1:\"1\";csrfToken|s:40:\"b5b0cca1f05b3809c3ac0eab2fb207f630209512\";slim.flash|a:0:{}', 1730974104, '2024-11-07 06:44:24', 0, 1, 'Mozilla/5.0 (compatible; SemrushBot-BA; +http://www.semrush.com/bot.html)', '85.208.98.20'),
('8038761d34c82d29c6efc3dcdbbbc00f', 'init|s:1:\"1\";slim.flash|a:0:{}', 1732791700, '2024-11-28 07:37:40', 0, 0, 'okhttp/3.12.1', '177.184.78.126'),
('8070d2c18439a2235666de2fad6f9fae', 'init|s:1:\"1\";slim.flash|a:0:{}', 1731762379, '2024-11-16 09:42:19', 0, 0, 'okhttp/3.12.1', '177.184.71.220'),
('80a9422cdc5d4833edd8d642dfcc167d', 'init|s:1:\"1\";slim.flash|a:0:{}', 1731682725, '2024-11-15 11:34:45', 0, 0, 'okhttp/3.12.1', '177.184.78.240'),
('80c722884e9ae8d0f2137825be2be490', 'init|s:1:\"1\";slim.flash|a:0:{}', 1731746464, '2024-11-16 05:17:04', 0, 0, 'okhttp/3.12.1', '177.184.79.229'),
('81c8a8de43ba0a36f647d9865d7acd3d', 'init|s:1:\"1\";slim.flash|a:0:{}', 1732177521, '2024-11-21 05:01:21', 0, 0, 'okhttp/3.12.1', '177.184.74.216'),
('81d13447e15ec279aed2c764ccc7268f', 'init|s:1:\"1\";slim.flash|a:0:{}', 1732052301, '2024-11-19 18:14:21', 0, 0, 'okhttp/3.12.1', '177.184.78.168'),
('826b6d82ebec5a94c4f376658135f353', 'init|s:1:\"1\";slim.flash|a:0:{}', 1731509774, '2024-11-13 11:32:14', 0, 0, 'okhttp/3.12.1', '177.184.71.220'),
('82cb4f5ee88d47ade8d5a49b396b3819', 'init|s:1:\"1\";slim.flash|a:0:{}', 1732538355, '2024-11-25 09:15:15', 0, 0, 'okhttp/3.12.1', '177.184.74.96'),
('831ce604c5842de6f4aa9cf55fb229ee', 'init|s:1:\"1\";slim.flash|a:0:{}', 1731787668, '2024-11-16 16:43:48', 0, 0, 'okhttp/3.12.1', '177.184.71.220'),
('844ee92bf318eb440afe6b12eba1ad52', 'init|s:1:\"1\";slim.flash|a:0:{}', 1730889888, '2024-11-06 07:20:48', 0, 1, 'okhttp/3.12.1', '177.184.71.172'),
('84a0f9c000abf779559569da7109539f', 'init|s:1:\"1\";slim.flash|a:0:{}', 1731409011, '2024-11-12 07:32:51', 0, 0, 'okhttp/3.12.1', '177.184.71.152'),
('84e0a5bec54a17e9282b92b1dcbf89fb', 'init|s:1:\"1\";slim.flash|a:0:{}', 1731394435, '2024-11-12 03:29:55', 0, 0, 'okhttp/3.12.1', '177.184.71.220'),
('8575bf088b5e402998d91e1f6549c612', 'init|s:1:\"1\";csrfToken|s:40:\"7a080747d49b51bfcd27a706e5a2bf5045499bd9\";slim.flash|a:1:{s:10:\"priorRoute\";s:32:\"/serraazul/web/user/form/profile\";}', 1732442326, '2024-11-24 06:34:46', 0, 0, 'Mozilla/5.0 (compatible; SemrushBot/7~bl; +http://www.semrush.com/bot.html)', '185.191.171.3'),
('86fb189b19b3e805f9d19c002d13db09', 'init|s:1:\"1\";slim.flash|a:0:{}', 1731427032, '2024-11-12 12:33:12', 0, 0, 'okhttp/3.12.1', '177.184.71.152'),
('876f3ccc1cd4fdc8913448a9b3bd845c', 'init|s:1:\"1\";slim.flash|a:0:{}', 1730955701, '2024-11-07 01:37:41', 0, 1, 'okhttp/3.12.1', '177.184.71.16'),
('87c30b927429aa2cdd334d67c196aec7', 'init|s:1:\"1\";slim.flash|a:0:{}', 1730983648, '2024-11-07 09:23:28', 0, 1, 'okhttp/3.12.1', '177.184.71.152'),
('87c6fecf9bfee34752fa1c2f724edef1', 'init|s:1:\"1\";slim.flash|a:0:{}', 1732317751, '2024-11-22 19:58:31', 0, 0, 'okhttp/3.12.1', '177.184.74.216'),
('87de80166f5293daf634e0b09efb40e4', 'init|s:1:\"1\";slim.flash|a:0:{}', 1731584838, '2024-11-14 08:23:18', 0, 0, 'okhttp/3.12.1', '177.184.78.240'),
('881020d892dbb0901f6e36cdd74eecf5', 'init|s:1:\"1\";slim.flash|a:0:{}', 1731775593, '2024-11-16 13:22:33', 0, 0, 'okhttp/3.12.1', '177.184.78.240'),
('884722729062ff4ea1478ed03fee62e0', 'init|s:1:\"1\";slim.flash|a:0:{}', 1732159338, '2024-11-20 23:58:18', 0, 0, 'okhttp/3.12.1', '177.184.74.216'),
('884871d138e2a946dbc69198e2117295', 'init|s:1:\"1\";slim.flash|a:0:{}', 1732690747, '2024-11-27 03:35:07', 0, 0, 'okhttp/3.12.1', '177.184.78.126'),
('8848e88af95019472c71186a43f901a5', 'init|s:1:\"1\";slim.flash|a:0:{}', 1731257573, '2024-11-10 13:28:53', 0, 0, 'okhttp/3.12.1', '177.184.71.152'),
('8865352ce2df1aba91c714eab83de19b', 'init|s:1:\"1\";slim.flash|a:0:{}', 1732102752, '2024-11-20 08:15:12', 0, 0, 'okhttp/3.12.1', '177.184.78.168'),
('888e8c0e78bf3e9405dbfa1901fab4b5', 'init|s:1:\"1\";slim.flash|a:0:{}', 1732055901, '2024-11-19 19:14:21', 0, 0, 'okhttp/3.12.1', '177.184.78.168'),
('88e6d6eec19e4daf472978fa87e7ee31', 'init|s:1:\"1\";slim.flash|a:0:{}', 1731927801, '2024-11-18 07:39:21', 0, 0, 'okhttp/3.12.1', '177.184.78.240'),
('88e7b561e8f6a994b29d5aafbc406864', 'init|s:1:\"1\";slim.flash|a:0:{}', 1731800926, '2024-11-16 20:24:46', 0, 0, 'okhttp/3.12.1', '177.184.78.240'),
('88f54e9db8681c1e8dac5c86a63552ee', 'init|s:1:\"1\";slim.flash|a:0:{}', 1732099152, '2024-11-20 07:15:12', 0, 0, 'okhttp/3.12.1', '177.184.78.168'),
('88ff18a9561da3c55d339bebce01f562', 'init|s:1:\"1\";slim.flash|a:0:{}', 1731610652, '2024-11-14 15:33:32', 0, 0, 'okhttp/3.12.1', '177.184.71.220'),
('89c9e2d42cb522c3a03d8426ecf526ef', 'init|s:1:\"1\";slim.flash|a:0:{}', 1731448503, '2024-11-12 18:31:03', 0, 0, 'okhttp/3.12.1', '177.184.71.220'),
('89ce12d5174e159275122de57d0521d0', 'init|s:1:\"1\";slim.flash|a:0:{}', 1730925891, '2024-11-06 17:20:51', 0, 1, 'okhttp/3.12.1', '177.184.71.172'),
('89d08d848b43db883c5716299eacb310', 'init|s:1:\"1\";slim.flash|a:0:{}', 1732795299, '2024-11-28 08:37:39', 0, 0, 'okhttp/3.12.1', '177.184.78.126'),
('8aaf2223840d184880f67ee61540a593', 'init|s:1:\"1\";slim.flash|a:0:{}', 1730988102, '2024-11-07 10:37:42', 0, 1, 'okhttp/3.12.1', '177.184.71.16'),
('8b6b9c0f041e218ad0c3d9aa08d62a4d', 'init|s:1:\"1\";slim.flash|a:0:{}', 1731729812, '2024-11-16 00:39:32', 0, 0, 'okhttp/3.12.1', '177.184.71.220'),
('8b8f032f543860530e5e30c275b64782', 'init|s:1:\"1\";slim.flash|a:0:{}', 1732070348, '2024-11-19 23:15:08', 0, 0, 'okhttp/3.12.1', '177.184.78.168'),
('8b8f6fb76c23cbb70b8c0a232f94d3cf', 'init|s:1:\"1\";slim.flash|a:0:{}', 1731416101, '2024-11-12 09:31:01', 0, 0, 'okhttp/3.12.1', '177.184.71.220'),
('8c32b4df5a01bc3673e8015381f2943f', 'init|s:1:\"1\";slim.flash|a:0:{}', 1731804527, '2024-11-16 21:24:47', 0, 0, 'okhttp/3.12.1', '177.184.78.240'),
('8cff85ea9740bfd33029c3a0109dca00', 'init|s:1:\"1\";slim.flash|a:0:{}', 1732335751, '2024-11-23 00:58:31', 0, 0, 'okhttp/3.12.1', '177.184.74.216'),
('8d13711a770b8505e4212072546474cc', 'init|s:1:\"1\";csrfToken|s:40:\"e0810af2c9498ad88a2937aa1f184e1c5de40034\";slim.flash|a:0:{}', 1732665642, '2024-11-26 20:36:42', 0, 0, 'Mozilla/5.0 AppleWebKit/537.36 (KHTML, like Gecko; compatible; ClaudeBot/1.0; +claudebot@anthropic.com)', '18.118.19.123'),
('8d7dc365f58a693739d83e745bcb4456', 'init|s:1:\"1\";slim.flash|a:0:{}', 1731488173, '2024-11-13 05:32:13', 0, 0, 'okhttp/3.12.1', '177.184.71.220'),
('8e0af7d7e4664b4ed6d34bb40d97c5bb', 'init|s:1:\"1\";slim.flash|a:0:{}', 1731739262, '2024-11-16 03:17:02', 0, 0, 'okhttp/3.12.1', '177.184.79.229'),
('8f7144884c70431715bfd45cb5417f0e', 'init|s:1:\"1\";slim.flash|a:0:{}', 1731686384, '2024-11-15 12:35:44', 0, 0, 'okhttp/3.12.1', '177.184.78.240'),
('8f8746aa513bfc00a3267f678621100a', 'init|s:1:\"1\";slim.flash|a:0:{}', 1731834795, '2024-11-17 05:49:15', 0, 0, 'okhttp/3.12.1', '177.184.71.220'),
('8f9caec9673b4fccee5ac158479e0972', 'init|s:1:\"1\";slim.flash|a:0:{}', 1732682551, '2024-11-27 01:18:31', 0, 0, 'okhttp/3.12.1', '177.184.74.96'),
('8f9d287d057d9c3cdb9065b8b5f9d89b', 'init|s:1:\"1\";slim.flash|a:0:{}', 1732371759, '2024-11-23 10:58:39', 0, 0, 'okhttp/3.12.1', '177.184.74.216'),
('8ff685725fc0ebe085949643b2bd1891', 'init|s:1:\"1\";slim.flash|a:0:{}', 1731214311, '2024-11-10 01:27:51', 0, 0, 'okhttp/3.12.1', '177.184.71.152'),
('9043c444f8124eccd94ee20d4c9acc0b', 'init|s:1:\"1\";csrfToken|s:40:\"837b93a35e3ebc714de2d19cb0bf808529a5de5c\";slim.flash|a:0:{}userid|i:4;', 1731603925, '2024-11-14 13:41:25', 4, 0, 'Mozilla/5.0 (Windows NT 10.0; Win64; x64) AppleWebKit/537.36 (KHTML, like Gecko) Chrome/109.0.0.0 Safari/537.36', '177.184.78.240'),
('907ea732d095007cb893515eac7ccbc7', 'init|s:1:\"1\";slim.flash|a:0:{}', 1731171112, '2024-11-09 13:27:52', 0, 0, 'okhttp/3.12.1', '177.184.71.152'),
('90a6d661fba1f6809991314009b03e54', 'init|s:1:\"1\";slim.flash|a:0:{}', 1731765980, '2024-11-16 10:42:20', 0, 0, 'okhttp/3.12.1', '177.184.71.220'),
('90e2f8de752d15bfb67e8837ecc12bf2', 'init|s:1:\"1\";slim.flash|a:0:{}', 1731848033, '2024-11-17 09:29:53', 0, 0, 'okhttp/3.12.1', '177.184.78.240'),
('90f1d2aa5ca7fffae87f590b7f7a11ba', 'init|s:1:\"1\";slim.flash|a:0:{}', 1732404168, '2024-11-23 19:58:48', 0, 0, 'okhttp/3.12.1', '177.184.74.216'),
('914f5d1aedda9ea2701080c88bcbac10', 'init|s:1:\"1\";slim.flash|a:0:{}', 1730969236, '2024-11-07 05:23:16', 0, 1, 'okhttp/3.12.1', '177.184.71.152'),
('917f3260601c4c4526c7a659a936ca83', 'init|s:1:\"1\";slim.flash|a:0:{}', 1731652781, '2024-11-15 03:15:41', 0, 0, 'okhttp/3.12.1', '177.184.79.229'),
('92585a19d34ebb87f340229144deb37f', 'init|s:1:\"1\";slim.flash|a:0:{}', 1731710460, '2024-11-15 19:17:00', 0, 0, 'okhttp/3.12.1', '177.184.79.229'),
('92d95c47b881fc133cf409879c8ac3c9', 'init|s:1:\"1\";slim.flash|a:0:{}', 1731419829, '2024-11-12 10:33:09', 0, 0, 'okhttp/3.12.1', '177.184.71.152'),
('9359ef2fa92783555078bee0d1f5dd34', 'init|s:1:\"1\";slim.flash|a:0:{}', 1731470125, '2024-11-13 00:31:25', 0, 0, 'okhttp/3.12.1', '177.184.71.220'),
('93a84beb338af307ef1898f86b10140d', 'init|s:1:\"1\";slim.flash|a:0:{}', 1732181121, '2024-11-21 06:01:21', 0, 0, 'okhttp/3.12.1', '177.184.74.216'),
('93d62cbd51a5b6b3995d4919ed5d2975', 'init|s:1:\"1\";slim.flash|a:0:{}', 1731220773, '2024-11-10 03:15:33', 0, 0, 'okhttp/3.12.1', '177.184.71.220'),
('940df8e88ebb2fc7e27517f675004adc', 'init|s:1:\"1\";slim.flash|a:0:{}', 1731808187, '2024-11-16 22:25:47', 0, 0, 'okhttp/3.12.1', '177.184.78.240'),
('9452eafff93b8e7492a026569222911a', 'init|s:1:\"1\";slim.flash|a:0:{}', 1731347414, '2024-11-11 14:26:14', 0, 0, 'okhttp/3.12.1', '177.184.71.220'),
('94625942938f80e061540e5d501c65e4', 'init|s:1:\"1\";slim.flash|a:0:{}', 1732780890, '2024-11-28 04:37:30', 0, 0, 'okhttp/3.12.1', '177.184.78.126'),
('949ca1a8cd1278aaa917d8d6f9a504cf', 'init|s:1:\"1\";slim.flash|a:0:{}', 1731174712, '2024-11-09 14:27:52', 0, 0, 'okhttp/3.12.1', '177.184.71.152'),
('94a97b33cbd971f27b7c3019f46fdb0b', 'init|s:1:\"1\";slim.flash|a:0:{}', 1732195519, '2024-11-21 10:01:19', 0, 0, 'okhttp/3.12.1', '177.184.74.216'),
('94b6b59832e00c379050345488a3e582', 'init|s:1:\"1\";slim.flash|a:0:{}', 1731661001, '2024-11-15 05:32:41', 0, 0, 'okhttp/3.12.1', '177.184.78.240'),
('94f970be0e7f4cb73b5e48e5cb7c1a53', 'init|s:1:\"1\";slim.flash|a:0:{}', 1730947574, '2024-11-06 23:22:14', 0, 1, 'okhttp/3.12.1', '177.184.71.172'),
('958feb372770acf87d5e66fb76e6fe0a', 'init|s:1:\"1\";slim.flash|a:0:{}', 1731769580, '2024-11-16 11:42:20', 0, 0, 'okhttp/3.12.1', '177.184.71.220'),
('96390a5ee2456efd0a365d7143cd8a58', 'init|s:1:\"1\";slim.flash|a:0:{}', 1731369344, '2024-11-11 20:31:44', 0, 0, 'okhttp/3.12.1', '177.184.71.152'),
('964ec7576dc3ebc66e317befb5a00a0a', 'init|s:1:\"1\";slim.flash|a:0:{}', 1731498974, '2024-11-13 08:32:14', 0, 0, 'okhttp/3.12.1', '177.184.71.220'),
('96848e6888bc4e8c72a5f5cb67996841', 'init|s:1:\"1\";slim.flash|a:0:{}', 1732281749, '2024-11-22 09:58:29', 0, 0, 'okhttp/3.12.1', '177.184.74.216'),
('968dcd0c883572dcc3e4791c2d654e74', 'init|s:1:\"1\";slim.flash|a:0:{}', 1732701548, '2024-11-27 06:35:08', 0, 0, 'okhttp/3.12.1', '177.184.78.126'),
('96b14fb9d89693272ca240d9f778783e', 'init|s:1:\"1\";slim.flash|a:0:{}', 1732672699, '2024-11-26 22:34:19', 0, 0, 'okhttp/3.12.1', '177.184.78.126'),
('96bbb873a8e934dec53ab4b72bda6161', 'init|s:1:\"1\";slim.flash|a:0:{}', 1731685189, '2024-11-15 12:15:49', 0, 0, 'okhttp/3.12.1', '177.184.79.229'),
('96ec30aed1c6b99731ebc1ed4132bd8a', 'init|s:1:\"1\";slim.flash|a:0:{}', 1731545808, '2024-11-13 21:32:48', 0, 0, 'okhttp/3.12.1', '177.184.71.220'),
('978fcd73699d65cf30b972f157317968', 'init|s:1:\"1\";csrfToken|s:40:\"09f179d77c43710bca7be5d9f58535878a0be90c\";slim.flash|a:0:{}userid|i:10;', 1732199956, '2024-11-21 11:15:16', 10, 0, 'Mozilla/5.0 (Windows NT 10.0; Win64; x64) AppleWebKit/537.36 (KHTML, like Gecko) Chrome/109.0.0.0 Safari/537.36', '177.184.74.155'),
('97c14174bdad8975ecbe28849a39eab9', 'init|s:1:\"1\";slim.flash|a:0:{}', 1731333231, '2024-11-11 10:29:51', 0, 0, 'okhttp/3.12.1', '177.184.71.152'),
('97dd35edf903ed640c5959d1d23c9d43', 'init|s:1:\"1\";slim.flash|a:0:{}', 1731145102, '2024-11-09 06:14:22', 0, 0, 'okhttp/3.12.1', '177.184.71.220'),
('983737314ff076f50717103fe67fd8d9', 'init|s:1:\"1\";slim.flash|a:0:{}', 1731390949, '2024-11-12 02:31:49', 0, 0, 'okhttp/3.12.1', '177.184.71.152'),
('9867a0e4b9d9799437dcd3ef6d7f871c', 'init|s:1:\"1\";slim.flash|a:0:{}', 1732275114, '2024-11-22 08:07:54', 0, 0, 'okhttp/3.12.1', '177.184.74.216'),
('9890f39589567dccd4933c8a4062bca3', 'init|s:1:\"1\";slim.flash|a:0:{}', 1731613830, '2024-11-14 16:26:30', 0, 0, 'okhttp/3.12.1', '177.184.78.240'),
('98f8bc2414832506df629089bb01d836', 'init|s:1:\"1\";slim.flash|a:0:{}', 1731617851, '2024-11-14 17:33:31', 0, 0, 'okhttp/3.12.1', '177.184.71.220'),
('9945abe30ad57ccd29fac98e62427d5f', 'init|s:1:\"1\";slim.flash|a:0:{}', 1732411409, '2024-11-23 21:59:29', 0, 0, 'okhttp/3.12.1', '177.184.74.216'),
('99803d8fa4382afb877cb1687b1431ab', 'init|s:1:\"1\";slim.flash|a:0:{}', 1731189111, '2024-11-09 18:27:51', 0, 0, 'okhttp/3.12.1', '177.184.71.152'),
('9a2e0ed449e5f4065017df75cd839a3a', 'init|s:1:\"1\";slim.flash|a:0:{}', 1732595979, '2024-11-26 01:15:39', 0, 0, 'okhttp/3.12.1', '177.184.74.96'),
('9a431d58f77721b2b93243c749dfadff', 'init|s:1:\"1\";slim.flash|a:0:{}', 1731667183, '2024-11-15 07:15:43', 0, 0, 'okhttp/3.12.1', '177.184.79.229'),
('9b0a1b3f5986f7dcaa23c4f31a6282f3', 'init|s:1:\"1\";slim.flash|a:0:{}', 1732740153, '2024-11-27 17:18:33', 0, 0, 'okhttp/3.12.1', '177.184.74.96'),
('9b2378e6a16206370779aa6add9ac545', 'init|s:1:\"1\";slim.flash|a:0:{}', 1732066749, '2024-11-19 22:15:09', 0, 0, 'okhttp/3.12.1', '177.184.78.168'),
('9b2e51e8037948ad10cdae2be0bdad96', 'init|s:1:\"1\";slim.flash|a:0:{}', 1732342956, '2024-11-23 02:58:36', 0, 0, 'okhttp/3.12.1', '177.184.74.216'),
('9b6c796698057bba93fc99290b7e6a47', 'init|s:1:\"1\";slim.flash|a:0:{}', 1731690023, '2024-11-15 13:36:23', 0, 0, 'okhttp/3.12.1', '177.184.71.220'),
('9ba8d5019b69e455d42fa4cd6f801897', 'init|s:1:\"1\";slim.flash|a:0:{}', 1731271974, '2024-11-10 17:28:54', 0, 0, 'okhttp/3.12.1', '177.184.71.152'),
('9bc399ba925065d8e1802e4432673031', 'init|s:1:\"1\";slim.flash|a:0:{}', 1731167511, '2024-11-09 12:27:51', 0, 0, 'okhttp/3.12.1', '177.184.71.152'),
('9bd3322c3351313a2ae6f4ba127b371f', 'init|s:1:\"1\";slim.flash|a:0:{}', 1731775619, '2024-11-16 13:22:59', 0, 0, 'okhttp/3.12.1', '177.184.79.229'),
('9be4957dfe05641f51d2401b6a743c6b', 'init|s:1:\"1\";slim.flash|a:0:{}', 1731862554, '2024-11-17 13:31:54', 0, 0, 'okhttp/3.12.1', '177.184.78.240'),
('9c746a8b617db0df3ab16d1cabf7f7e3', 'init|s:1:\"1\";slim.flash|a:0:{}', 1731206373, '2024-11-09 23:15:33', 0, 0, 'okhttp/3.12.1', '177.184.71.220'),
('9d834b1989ba810f6a7a7870ab173a3b', 'init|s:1:\"1\";slim.flash|a:0:{}', 1730890783, '2024-11-06 07:35:43', 0, 1, 'okhttp/3.12.1', '177.184.71.16'),
('9db0455576007dc651b22134a827193b', 'init|s:1:\"1\";slim.flash|a:0:{}', 1732180940, '2024-11-21 05:58:20', 0, 0, 'okhttp/3.12.1', '177.184.74.216'),
('9df5aeebd6666fe9a78fb11fd8d4adc4', 'init|s:1:\"1\";slim.flash|a:0:{}', 1732700550, '2024-11-27 06:18:30', 0, 0, 'okhttp/3.12.1', '177.184.74.96'),
('9e1ceee232db067417f06d92f0f9b143', 'init|s:1:\"1\";slim.flash|a:0:{}', 1731621451, '2024-11-14 18:33:31', 0, 0, 'okhttp/3.12.1', '177.184.71.220'),
('9e66fb5830a74c1b2930a8efbc4d46a6', 'init|s:1:\"1\";slim.flash|a:0:{}', 1732635582, '2024-11-26 12:15:42', 0, 0, 'okhttp/3.12.1', '177.184.74.96'),
('9ebc8c065294278350c21b3d484643f3', 'init|s:1:\"1\";slim.flash|a:0:{}', 1731595765, '2024-11-14 11:25:25', 0, 0, 'okhttp/3.12.1', '177.184.78.240'),
('9efde279b5666fd66898c8ee3f0f7ba6', 'init|s:1:\"1\";slim.flash|a:0:{}', 1732216943, '2024-11-21 15:58:23', 0, 0, 'okhttp/3.12.1', '177.184.74.216'),
('9f0df2c851e3733d82db8b764ed8a5a7', 'init|s:1:\"1\";slim.flash|a:0:{}', 1731495373, '2024-11-13 07:32:13', 0, 0, 'okhttp/3.12.1', '177.184.71.220'),
('9f4fcec1c984d8be1c0d29afd78d6b79', 'init|s:1:\"1\";slim.flash|a:0:{}', 1732498747, '2024-11-24 22:15:07', 0, 0, 'okhttp/3.12.1', '177.184.74.96'),
('9f7fbbf3b504b087650151efcdf985fe', 'init|s:1:\"1\";slim.flash|a:0:{}', 1731436348, '2024-11-12 15:08:28', 0, 0, 'okhttp/3.12.1', '177.184.79.230'),
('9f936123436994424fd1824a366f26c4', 'init|s:1:\"1\";slim.flash|a:0:{}', 1732716022, '2024-11-27 10:36:22', 0, 0, 'okhttp/3.12.1', '177.184.78.126'),
('a085bfd8894c94ac7a109fbf3ee23ced', 'init|s:1:\"1\";csrfToken|s:40:\"61cb81bfab350e52acde5ac32498335348f8374f\";slim.flash|a:0:{}', 1730821600, '2024-11-05 12:22:40', 0, 1, 'Mozilla/5.0 (Windows NT 10.0; Win64; x64) AppleWebKit/537.36 (KHTML, like Gecko) Chrome/130.0.0.0 Safari/537.36 Edg/130.0.0.0', '177.184.74.84'),
('a12c0ec7984906b1293e2fc15f867c61', 'init|s:1:\"1\";slim.flash|a:0:{}', 1732520353, '2024-11-25 04:15:13', 0, 0, 'okhttp/3.12.1', '177.184.74.96'),
('a12ca2f54f4875a249c55e4e53c963a9', 'init|s:1:\"1\";slim.flash|a:0:{}', 1731538576, '2024-11-13 19:32:16', 0, 0, 'okhttp/3.12.1', '177.184.71.220'),
('a1382c37cf37110bfa3262c95554f3c3', 'init|s:1:\"1\";csrfToken|s:40:\"05b8ce9e2eaeea18263bd8a05f794928642fda92\";slim.flash|a:1:{s:10:\"priorRoute\";s:21:\"/serraazul/web/logout\";}', 1732422214, '2024-11-24 00:59:34', 0, 0, 'Mozilla/5.0 (compatible; SemrushBot/7~bl; +http://www.semrush.com/bot.html)', '185.191.171.19'),
('a16cfc536a1584591e2a7badd8747603', 'init|s:1:\"1\";slim.flash|a:0:{}', 1731681585, '2024-11-15 11:15:45', 0, 0, 'okhttp/3.12.1', '177.184.79.229'),
('a1779a70cfe39b0a35365df14d4bc52c', 'init|s:1:\"1\";slim.flash|a:0:{}', 1731592651, '2024-11-14 10:33:31', 0, 0, 'okhttp/3.12.1', '177.184.71.220'),
('a1e37edb6826d5d441df0e4172b1653d', 'init|s:1:\"1\";csrfToken|s:40:\"a74eedeb912b1b68b2437aee02cb5722cd2261e0\";slim.flash|a:0:{}', 1732538589, '2024-11-25 09:19:09', 0, 0, 'Mozilla/5.0 (compatible; SemrushBot-BA; +http://www.semrush.com/bot.html)', '85.208.98.20'),
('a26035bfae4e440b3c7528cd75bed129', 'init|s:1:\"1\";slim.flash|a:0:{}', 1732581576, '2024-11-25 21:15:36', 0, 0, 'okhttp/3.12.1', '177.184.74.96'),
('a2aef9fdc44a7897d38312ef249d8c7f', 'init|s:1:\"1\";slim.flash|a:0:{}', 1731408901, '2024-11-12 07:31:01', 0, 0, 'okhttp/3.12.1', '177.184.71.220'),
('a2ea8c88e11609a65b3236dd793ffd12', 'init|s:1:\"1\";slim.flash|a:0:{}', 1731275079, '2024-11-10 18:20:39', 0, 0, 'okhttp/3.12.1', '177.184.71.220'),
('a30f658db895e24248c1cc231f4d46de', 'init|s:1:\"1\";slim.flash|a:0:{}', 1731603451, '2024-11-14 13:33:31', 0, 0, 'okhttp/3.12.1', '177.184.71.220'),
('a39a8059a0e2655e96185d365d965727', 'init|s:1:\"1\";slim.flash|a:0:{}', 1731829968, '2024-11-17 04:28:48', 0, 0, 'okhttp/3.12.1', '177.184.78.240'),
('a3fec265c5dd4032fce5ddb4283d7963', 'init|s:1:\"1\";slim.flash|a:0:{}', 1731732062, '2024-11-16 01:17:02', 0, 0, 'okhttp/3.12.1', '177.184.79.229'),
('a42b2ce41165f486bde19a27d3c2003a', 'init|s:1:\"1\";slim.flash|a:0:{}', 1731401681, '2024-11-12 05:30:41', 0, 0, 'okhttp/3.12.1', '177.184.71.220'),
('a4553eddc97ae9d779594ccbcca11d44', 'init|s:1:\"1\";slim.flash|a:0:{}', 1730882641, '2024-11-06 05:20:01', 0, 1, 'okhttp/3.12.1', '177.184.71.172'),
('a47f6a6e6b093884426496fed70b496c', 'init|s:1:\"1\";slim.flash|a:0:{}', 1731196311, '2024-11-09 20:27:51', 0, 0, 'okhttp/3.12.1', '177.184.71.152'),
('a4a6cdef153882d325fe2d4431af555b', 'init|s:1:\"1\";slim.flash|a:0:{}', 1732393366, '2024-11-23 16:58:46', 0, 0, 'okhttp/3.12.1', '177.184.74.216'),
('a4ac68fce33228aeff12bbef5d217640', 'init|s:1:\"1\";slim.flash|a:0:{}', 1732668137, '2024-11-26 21:18:17', 0, 0, 'okhttp/3.12.1', '177.184.74.96'),
('a585fc1ee475abb157ca09626ce37ae9', 'init|s:1:\"1\";slim.flash|a:0:{}', 1732458505, '2024-11-24 11:04:25', 0, 0, 'okhttp/3.12.1', '177.184.74.216'),
('a5d89a9e0762b0793a9cf792c948d32a', 'init|s:1:\"1\";slim.flash|a:0:{}', 1731242518, '2024-11-10 09:17:58', 0, 0, 'okhttp/3.12.1', '177.184.71.220'),
('a5e41ed1415a4145f0bd18b06894f7a4', 'init|s:1:\"1\";slim.flash|a:0:{}', 1732436900, '2024-11-24 05:04:20', 0, 0, 'okhttp/3.12.1', '177.184.74.216'),
('a60613875e13d8851d9563323fbd7311', 'init|s:1:\"1\";slim.flash|a:0:{}', 1732249858, '2024-11-22 01:06:58', 0, 0, 'okhttp/3.12.1', '177.184.74.216'),
('a6d89d0a258763963ebffcf381875412', 'init|s:1:\"1\";slim.flash|a:0:{}', 1730961976, '2024-11-07 03:22:16', 0, 1, 'okhttp/3.12.1', '177.184.71.172'),
('a6e740ff118a07f2d350af52f85a6d92', 'init|s:1:\"1\";slim.flash|a:0:{}', 1731852886, '2024-11-17 10:50:46', 0, 0, 'okhttp/3.12.1', '177.184.71.220'),
('a71460326e6afb0990a678bd66ddfb6a', 'init|s:1:\"1\";slim.flash|a:0:{}', 1731332969, '2024-11-11 10:25:29', 0, 0, 'okhttp/3.12.1', '177.184.71.220'),
('a8882c6ca6e8165392c87ef39723c3f3', 'init|s:1:\"1\";csrfToken|s:40:\"c73f7395f513dee8e3ebec4d38516fad0f23f335\";slim.flash|a:0:{}', 1731339244, '2024-11-11 12:10:04', 0, 0, 'Mozilla/5.0 AppleWebKit/537.36 (KHTML, like Gecko; compatible; bingbot/2.0; +http://www.bing.com/bingbot.htm) Chrome/116.0.1938.76 Safari/537.36', '40.77.167.156'),
('a8a1c7e2590527ba0e8e905fdef59e29', 'init|s:1:\"1\";slim.flash|a:0:{}', 1730864618, '2024-11-06 00:19:38', 0, 1, 'okhttp/3.12.1', '177.184.71.172'),
('a8c513e44c3caede39ba9138d7e16142', 'init|s:1:\"1\";slim.flash|a:0:{}', 1730907889, '2024-11-06 12:20:49', 0, 1, 'okhttp/3.12.1', '177.184.71.172'),
('a967212579f42a93af0672fc9c4ac736', 'init|s:1:\"1\";slim.flash|a:0:{}', 1731628652, '2024-11-14 20:33:32', 0, 0, 'okhttp/3.12.1', '177.184.71.220'),
('a9debe47e5cb43e3d3b68ce870ef4a53', 'init|s:1:\"1\";slim.flash|a:0:{}', 1732144928, '2024-11-20 19:58:08', 0, 0, 'okhttp/3.12.1', '177.184.78.168'),
('a9fbfd5d7954fa195e3a105a06453d50', 'init|s:1:\"1\";slim.flash|a:0:{}', 1731426900, '2024-11-12 12:31:00', 0, 0, 'okhttp/3.12.1', '177.184.71.220'),
('aa0b214c01be0cf03bacfa6f7ad9091c', 'init|s:1:\"1\";slim.flash|a:0:{}', 1732606780, '2024-11-26 04:15:40', 0, 0, 'okhttp/3.12.1', '177.184.74.96'),
('aa0e7e62eb18f84fb4b594d8965379e5', 'init|s:1:\"1\";slim.flash|a:0:{}', 1731524173, '2024-11-13 15:32:13', 0, 0, 'okhttp/3.12.1', '177.184.71.220'),
('aa4b8ee1079f6c0ac7764dd0dede992e', 'init|s:1:\"1\";slim.flash|a:0:{}', 1732159433, '2024-11-20 23:59:53', 0, 0, 'okhttp/3.12.1', '177.184.74.216'),
('aa67e8be67bfca13b872fdafa69c53e8', 'init|s:1:\"1\";slim.flash|a:0:{}', 1731755174, '2024-11-16 07:42:14', 0, 0, 'okhttp/3.12.1', '177.184.71.220'),
('aaa04abfef024e38c06e159d6ac7b131', 'init|s:1:\"1\";slim.flash|a:0:{}', 1732755687, '2024-11-27 21:37:27', 0, 0, 'okhttp/3.12.1', '177.184.78.126'),
('ab069219fd38f973faa88f1725115c67', 'init|s:1:\"1\";slim.flash|a:0:{}', 1732776229, '2024-11-28 03:19:49', 0, 0, 'okhttp/3.12.1', '177.184.74.96'),
('ab164d2133b55f4dc7b0fe4ff2d343ea', 'init|s:1:\"1\";slim.flash|a:0:{}', 1732559966, '2024-11-25 15:15:26', 0, 0, 'okhttp/3.12.1', '177.184.74.96'),
('ab2851763dd52b1f011ffb84625e601a', 'init|s:1:\"1\";slim.flash|a:0:{}', 1730912457, '2024-11-06 13:36:57', 0, 1, 'okhttp/3.12.1', '177.184.71.16'),
('aba5152e0a493f7f14dd5ca199ca9a0d', 'init|s:1:\"1\";slim.flash|a:0:{}', 1732730422, '2024-11-27 14:36:22', 0, 0, 'okhttp/3.12.1', '177.184.78.126'),
('abf6bc5aaae6d701b3662b3b8a345f2c', 'init|s:1:\"1\";slim.flash|a:0:{}', 1732642786, '2024-11-26 14:15:46', 0, 0, 'okhttp/3.12.1', '177.184.74.96'),
('ac148edea614c3f90d8062b2842e4c18', 'init|s:1:\"1\";csrfToken|s:40:\"0ec530dcb4f7ed71b6f57cdd3919d9e47b64fc73\";slim.flash|a:0:{}', 1732422217, '2024-11-24 00:59:37', 0, 0, 'Mozilla/5.0 (compatible; SemrushBot/7~bl; +http://www.semrush.com/bot.html)', '185.191.171.12'),
('ac2cca797789142e53d157c908db9241', 'init|s:1:\"1\";slim.flash|a:0:{}', 1731315192, '2024-11-11 05:29:12', 0, 0, 'okhttp/3.12.1', '177.184.71.152'),
('ac4e58dfceb9c50ec1bda6ba47bb82cf', 'init|s:1:\"1\";slim.flash|a:0:{}', 1731902410, '2024-11-18 00:36:10', 0, 0, 'okhttp/3.12.1', '177.184.78.240'),
('acb45a04a66619bd7f8c2aee00d707ea', 'init|s:1:\"1\";slim.flash|a:0:{}', 1730864088, '2024-11-06 00:10:48', 0, 1, 'okhttp/3.12.1', '177.184.74.130'),
('ad50fa81c92df51a7326d3fa883e5884', 'init|s:1:\"1\";slim.flash|a:0:{}', 1732653681, '2024-11-26 17:17:21', 0, 0, 'okhttp/3.12.1', '177.184.74.96'),
('ad5cb35c1a6367e85952bfb003604571', 'init|s:1:\"1\";slim.flash|a:0:{}', 1731650347, '2024-11-15 02:35:07', 0, 0, 'okhttp/3.12.1', '177.184.71.220'),
('ad73c878cfc63329c1efa06881228de6', 'init|s:1:\"1\";slim.flash|a:0:{}', 1732278716, '2024-11-22 09:07:56', 0, 0, 'okhttp/3.12.1', '177.184.74.216'),
('ad80f4d5d879d5f767f201fde7d291b4', 'init|s:1:\"1\";slim.flash|a:0:{}', 1732686150, '2024-11-27 02:18:30', 0, 0, 'okhttp/3.12.1', '177.184.74.96'),
('ade04381e2aca1f70c0a15a8bc35d476', 'init|s:1:\"1\";slim.flash|a:0:{}', 1730846613, '2024-11-05 19:19:33', 0, 1, 'okhttp/3.12.1', '177.184.71.172'),
('ae302b82df405801573c90d67831c987', 'init|s:1:\"1\";slim.flash|a:0:{}', 1731127103, '2024-11-09 01:14:23', 0, 0, 'okhttp/3.12.1', '177.184.71.220'),
('ae36b0511fa48f667ce0bcf182a43014', 'init|s:1:\"1\";slim.flash|a:0:{}', 1730894394, '2024-11-06 08:35:54', 0, 1, 'okhttp/3.12.1', '177.184.71.16'),
('af0e3879dbd7295e7bc67fab1c573d9d', 'init|s:1:\"1\";slim.flash|a:0:{}', 1732324951, '2024-11-22 21:58:31', 0, 0, 'okhttp/3.12.1', '177.184.74.216'),
('af102377414fa179996d2ed365b6bb9c', 'init|s:1:\"1\";slim.flash|a:0:{}', 1731945932, '2024-11-18 12:41:32', 0, 0, 'okhttp/3.12.1', '177.184.78.240'),
('af42c781df683023812349d67062401b', 'init|s:1:\"1\";csrfToken|s:40:\"c383efcf5a5976fbc1d8e1f73eb060691ba326b3\";slim.flash|a:0:{}userid|i:8;', 1732199327, '2024-11-21 11:04:47', 8, 0, 'Mozilla/5.0 (Windows NT 10.0; Win64; x64) AppleWebKit/537.36 (KHTML, like Gecko) Chrome/109.0.0.0 Safari/537.36', '189.84.180.91'),
('af6c4deb8206aa7451c0f42d9eca2ca5', 'init|s:1:\"1\";slim.flash|a:0:{}', 1732210153, '2024-11-21 14:05:13', 0, 0, 'okhttp/3.12.1', '177.184.74.216'),
('af6c8b3aefb47ccf119e756c93400223', 'init|s:1:\"1\";slim.flash|a:0:{}', 1730918691, '2024-11-06 15:20:51', 0, 1, 'okhttp/3.12.1', '177.184.71.172'),
('afa19701234d319cb343edc2e1080b39', 'init|s:1:\"1\";slim.flash|a:0:{}', 1730991701, '2024-11-07 11:37:41', 0, 1, 'okhttp/3.12.1', '177.184.71.16'),
('b0a3f290dd043daadf418e0e848e4cbb', 'init|s:1:\"1\";slim.flash|a:0:{}', 1732693351, '2024-11-27 04:18:31', 0, 0, 'okhttp/3.12.1', '177.184.74.96'),
('b157e098521092484879627b10e0995e', 'init|s:1:\"1\";slim.flash|a:0:{}', 1731134304, '2024-11-09 03:14:24', 0, 0, 'okhttp/3.12.1', '177.184.71.220'),
('b1b38ce45bc71e75315cc8e11641aca9', 'init|s:1:\"1\";slim.flash|a:0:{}', 1731913331, '2024-11-18 03:38:11', 0, 0, 'okhttp/3.12.1', '177.184.78.240'),
('b1bb43f637ac957d7f9c3f5af51b10ce', 'init|s:1:\"1\";csrfToken|s:40:\"217ef61e08b31576b0d7ae92fffdc48ca4d9a4ee\";slim.flash|a:0:{}', 1732658347, '2024-11-26 18:35:07', 0, 0, 'Mozilla/5.0 AppleWebKit/537.36 (KHTML, like Gecko; compatible; ClaudeBot/1.0; +claudebot@anthropic.com)', '3.145.10.68'),
('b1cb15d6af65f28828e4655cd255ada3', 'init|s:1:\"1\";slim.flash|a:0:{}', 1731437701, '2024-11-12 15:31:01', 0, 0, 'okhttp/3.12.1', '177.184.71.220'),
('b24a87782d45e1407867b90dc7219325', 'init|s:1:\"1\";slim.flash|a:0:{}', 1731318527, '2024-11-11 06:24:47', 0, 0, 'okhttp/3.12.1', '177.184.71.220'),
('b25b3d13ae84723737060a5bd50134aa', 'init|s:1:\"1\";slim.flash|a:0:{}', 1732651025, '2024-11-26 16:33:05', 0, 0, 'okhttp/3.12.1', '177.184.78.126'),
('b27ba25a558f2c7ee9f3ab60bf7d73aa', 'init|s:1:\"1\";slim.flash|a:0:{}', 1731145910, '2024-11-09 06:27:50', 0, 0, 'okhttp/3.12.1', '177.184.71.152'),
('b306abd7d88bebb3c68b1d9cd54241f1', 'init|s:1:\"1\";csrfToken|s:40:\"e836577cf012bc7c9b0d09937653ade067b14d46\";slim.flash|a:0:{}', 1732116522, '2024-11-20 12:04:42', 0, 0, 'Mozilla/5.0 (compatible; SemrushBot-BA; +http://www.semrush.com/bot.html)', '85.208.98.20'),
('b325a75f13210084d47b4b77a5e9f47d', 'init|s:1:\"1\";slim.flash|a:0:{}', 1732671737, '2024-11-26 22:18:17', 0, 0, 'okhttp/3.12.1', '177.184.74.96'),
('b33111c4ee1e2dd6e4fb473d6193a984', 'init|s:1:\"1\";slim.flash|a:0:{}', 1731849285, '2024-11-17 09:50:45', 0, 0, 'okhttp/3.12.1', '177.184.71.220'),
('b3559776878562b59bec6bdb31cb9140', 'init|s:1:\"1\";slim.flash|a:0:{}', 1731773180, '2024-11-16 12:42:20', 0, 0, 'okhttp/3.12.1', '177.184.71.220'),
('b38f5161c4d8ea58010039ebfa0fe235', 'init|s:1:\"1\";slim.flash|a:0:{}', 1730839421, '2024-11-05 17:19:41', 0, 1, 'okhttp/3.12.1', '177.184.71.172'),
('b461ef9cb08408668f5e3c670da44272', 'init|s:1:\"1\";slim.flash|a:0:{}', 1732059549, '2024-11-19 20:15:09', 0, 0, 'okhttp/3.12.1', '177.184.78.168'),
('b49126cadc04c4476ece66ed57325323', 'init|s:1:\"1\";slim.flash|a:0:{}', 1731780468, '2024-11-16 14:43:48', 0, 0, 'okhttp/3.12.1', '177.184.71.220'),
('b554de901d9fc7d017c4158c649e5e24', 'init|s:1:\"1\";slim.flash|a:0:{}', 1730900690, '2024-11-06 10:20:50', 0, 1, 'okhttp/3.12.1', '177.184.71.172'),
('b5b3ca02141c2d2ea5930b8a7e465bd3', 'init|s:1:\"1\";slim.flash|a:0:{}', 1732643825, '2024-11-26 14:33:05', 0, 0, 'okhttp/3.12.1', '177.184.78.126'),
('b5b866c768bff48f139075b29da57cfd', 'init|s:1:\"1\";slim.flash|a:0:{}', 1730901594, '2024-11-06 10:35:54', 0, 1, 'okhttp/3.12.1', '177.184.71.16'),
('b5bca40148cbd3bf48470659748cab90', 'init|s:1:\"1\";slim.flash|a:0:{}', 1731657341, '2024-11-15 04:31:41', 0, 0, 'okhttp/3.12.1', '177.184.78.240'),
('b5ca632c75e0e94632293705778ce0de', 'init|s:1:\"1\";slim.flash|a:0:{}', 1730893489, '2024-11-06 08:20:49', 0, 1, 'okhttp/3.12.1', '177.184.71.172'),
('b5e1ef959b338639de2b84aaa92b8695', 'init|s:1:\"1\";slim.flash|a:0:{}', 1731735664, '2024-11-16 02:17:04', 0, 0, 'okhttp/3.12.1', '177.184.79.229'),
('b60725dbd23a9345d69fc7cbcac05ba8', 'init|s:1:\"1\";slim.flash|a:0:{}', 1730980047, '2024-11-07 08:23:27', 0, 1, 'okhttp/3.12.1', '177.184.71.152'),
('b6a34881e6b07871a12961d7a5b0bb13', 'init|s:1:\"1\";slim.flash|a:0:{}', 1730832220, '2024-11-05 15:19:40', 0, 1, 'okhttp/3.12.1', '177.184.71.172'),
('b737956df7513d4ddd7207a8510a33b0', 'init|s:1:\"1\";slim.flash|a:0:{}', 1732137719, '2024-11-20 17:57:59', 0, 0, 'okhttp/3.12.1', '177.184.78.113'),
('b753c8d2740e070cb860202aab4a26c3', 'init|s:1:\"1\";slim.flash|a:0:{}', 1732037895, '2024-11-19 14:14:15', 0, 0, 'okhttp/3.12.1', '177.184.78.168'),
('b7a384841795da67c87398b1edb6dd5f', 'init|s:1:\"1\";slim.flash|a:0:{}', 1732152207, '2024-11-20 21:59:27', 0, 0, 'okhttp/3.12.1', '177.184.74.216'),
('b7f1e26ec196ac49bb7e9be473bc2c9e', 'init|s:1:\"1\";slim.flash|a:0:{}', 1731790057, '2024-11-16 17:23:37', 0, 0, 'okhttp/3.12.1', '177.184.78.240'),
('b8236dc7593e0fde4056f2b9738cdd57', 'init|s:1:\"1\";slim.flash|a:0:{}', 1731646747, '2024-11-15 01:35:07', 0, 0, 'okhttp/3.12.1', '177.184.71.220'),
('b88271b6b7f5b5d4abff8758e1547fc7', 'init|s:1:\"1\";slim.flash|a:0:{}', 1731307726, '2024-11-11 03:24:46', 0, 0, 'okhttp/3.12.1', '177.184.71.220'),
('b8fdb5b7afc70f686cccc08018840cfe', 'init|s:1:\"1\";slim.flash|a:0:{}', 1731112702, '2024-11-08 21:14:22', 0, 0, 'okhttp/3.12.1', '177.184.71.220'),
('b955e3cf6bfb4209d25b179968b7b9ca', 'init|s:1:\"1\";slim.flash|a:0:{}', 1731578251, '2024-11-14 06:33:31', 0, 0, 'okhttp/3.12.1', '177.184.71.220'),
('ba30caf7163dddb95bf9ea691cc0ee19', 'init|s:1:\"1\";slim.flash|a:0:{}', 1732271513, '2024-11-22 07:07:53', 0, 0, 'okhttp/3.12.1', '177.184.74.216'),
('ba5e2b458e83d773544065c2574898a7', 'init|s:1:\"1\";slim.flash|a:0:{}', 1731693657, '2024-11-15 14:36:57', 0, 0, 'okhttp/3.12.1', '177.184.71.220'),
('ba9890918b7cb6efc13eee5e16295a68', 'init|s:1:\"1\";slim.flash|a:0:{}', 1732647425, '2024-11-26 15:33:05', 0, 0, 'okhttp/3.12.1', '177.184.78.126'),
('bac93d8118df480ff1dd486036759046', 'init|s:1:\"1\";slim.flash|a:0:{}', 1731653946, '2024-11-15 03:35:06', 0, 0, 'okhttp/3.12.1', '177.184.71.220'),
('bba8aecf2e2d5b3c2ca5d9d3f2f77233', 'init|s:1:\"1\";slim.flash|a:0:{}', 1732769001, '2024-11-28 01:19:21', 0, 0, 'okhttp/3.12.1', '177.184.74.96'),
('bbdc0f84b2331fc12a44d6cac3f2e3bf', 'init|s:1:\"1\";slim.flash|a:0:{}', 1730908803, '2024-11-06 12:36:03', 0, 1, 'okhttp/3.12.1', '177.184.71.16'),
('bc33527716ceb336887d8a5e127dbad2', 'init|s:1:\"1\";slim.flash|a:0:{}', 1731195573, '2024-11-09 20:15:33', 0, 0, 'okhttp/3.12.1', '177.184.71.220'),
('bc48b1da7d4fe98f0e3c2226039df036', 'init|s:1:\"1\";slim.flash|a:0:{}', 1732773687, '2024-11-28 02:37:27', 0, 0, 'okhttp/3.12.1', '177.184.78.126'),
('bc4e75381a6f981308a755edd1aabd34', 'init|s:1:\"1\";slim.flash|a:0:{}', 1731423432, '2024-11-12 11:33:12', 0, 0, 'okhttp/3.12.1', '177.184.71.152'),
('bc52d7c7cec8a209e9c5abd37c95ef72', 'init|s:1:\"1\";slim.flash|a:0:{}', 1732613980, '2024-11-26 06:15:40', 0, 0, 'okhttp/3.12.1', '177.184.74.96'),
('bdce0109fd15ffa79bc758db67b8fba3', 'init|s:1:\"1\";slim.flash|a:0:{}', 1731340472, '2024-11-11 12:30:32', 0, 0, 'okhttp/3.12.1', '177.184.71.152'),
('be09e8691eca5f4ed775e0eb0ac1672b', 'init|s:1:\"1\";slim.flash|a:0:{}', 1730856901, '2024-11-05 22:11:01', 0, 1, 'okhttp/3.12.1', '177.184.74.130'),
('be2a089aa47c3f9c967b861670636726', 'init|s:1:\"1\";slim.flash|a:0:{}', 1731149512, '2024-11-09 07:27:52', 0, 0, 'okhttp/3.12.1', '177.184.71.152'),
('be5fae94928953373f42fb831eb311ad', 'init|s:1:\"1\";slim.flash|a:0:{}', 1731502573, '2024-11-13 09:32:13', 0, 0, 'okhttp/3.12.1', '177.184.71.220'),
('becc3fd6b2c349c35f33865ff07e0587', 'init|s:1:\"1\";slim.flash|a:0:{}', 1732766487, '2024-11-28 00:37:27', 0, 0, 'okhttp/3.12.1', '177.184.78.126'),
('bed91669a0bdebcd6b8e26b56164c4d3', 'init|s:1:\"1\";slim.flash|a:0:{}', 1732705148, '2024-11-27 07:35:08', 0, 0, 'okhttp/3.12.1', '177.184.78.126'),
('bef75c89f831dbcf66739d91d2efcb57', 'init|s:1:\"1\";slim.flash|a:0:{}', 1731232313, '2024-11-10 06:27:53', 0, 0, 'okhttp/3.12.1', '177.184.71.152'),
('bf5fd8887e947908fde855bfb38e91fb', 'init|s:1:\"1\";csrfToken|s:40:\"ba5019c45487bec2d7f26d2b72bec75f2e18b234\";slim.flash|a:0:{}', 1731300675, '2024-11-11 01:27:15', 0, 0, 'Mozilla/5.0 (Macintosh; Intel Mac OS X 10_10_1) AppleWebKit/600.2.5 (KHTML, like Gecko) Version/8.0.2 Safari/600.2.5 (Amazonbot/0.1; +https://developer.amazon.com/support/amazonbot)', '52.205.113.104'),
('bf7bb6c5ea0cd87aa4b16994b3b5629a', 'init|s:1:\"1\";slim.flash|a:0:{}', 1731728463, '2024-11-16 00:17:03', 0, 0, 'okhttp/3.12.1', '177.184.79.229'),
('bfb62902a2308cd080d7419b494807b0', 'init|s:1:\"1\";slim.flash|a:0:{}', 1731880680, '2024-11-17 18:34:00', 0, 0, 'okhttp/3.12.1', '177.184.78.240'),
('bfd1fad62fd54c58d0042d02c3e0ca41', 'init|s:1:\"1\";slim.flash|a:0:{}', 1732382559, '2024-11-23 13:58:39', 0, 0, 'okhttp/3.12.1', '177.184.74.216');
INSERT INTO `session` (`session_id`, `session_data`, `session_expiration`, `lastAccessed`, `userId`, `isExpired`, `userAgent`, `remoteAddr`) VALUES
('bff4cfd2f29a36cbfbe1302dab70a5e0', 'init|s:1:\"1\";slim.flash|a:0:{}', 1731757520, '2024-11-16 08:21:20', 0, 0, 'okhttp/3.12.1', '177.184.78.240'),
('c004f08d0e0153f451e9ff4f3c7819ee', 'init|s:1:\"1\";slim.flash|a:0:{}', 1731664747, '2024-11-15 06:35:07', 0, 0, 'okhttp/3.12.1', '177.184.71.220'),
('c046bca024541bd847098ba9b6e54279', 'init|s:1:\"1\";slim.flash|a:0:{}', 1731235219, '2024-11-10 07:16:19', 0, 0, 'okhttp/3.12.1', '177.184.71.220'),
('c050787e9b40013555c8dd196cd8d14b', 'init|s:1:\"1\";slim.flash|a:0:{}', 1731805668, '2024-11-16 21:43:48', 0, 0, 'okhttp/3.12.1', '177.184.71.220'),
('c073d18054fbf1143df092f6afedc08b', 'init|s:1:\"1\";slim.flash|a:0:{}', 1731441302, '2024-11-12 16:31:02', 0, 0, 'okhttp/3.12.1', '177.184.71.220'),
('c080f0dd20ba22ab3c7aafb9563f1a62', 'init|s:1:\"1\";slim.flash|a:0:{}', 1732426011, '2024-11-24 02:02:51', 0, 0, 'okhttp/3.12.1', '177.184.74.216'),
('c2504d91479f5280d4246be8fe4c2e1e', 'init|s:1:\"1\";slim.flash|a:0:{}', 1732725751, '2024-11-27 13:18:31', 0, 0, 'okhttp/3.12.1', '177.184.74.96'),
('c25cf93076093a32f1aa457f4fa4dc12', 'init|s:1:\"1\";slim.flash|a:0:{}', 1732633026, '2024-11-26 11:33:06', 0, 0, 'okhttp/3.12.1', '177.184.78.126'),
('c304e3c355414123d1c87e3145bf16e7', 'init|s:1:\"1\";slim.flash|a:0:{}', 1732744887, '2024-11-27 18:37:27', 0, 0, 'okhttp/3.12.1', '177.184.78.126'),
('c3055712d359061ccba93d60fc99fb79', 'init|s:1:\"1\";slim.flash|a:0:{}', 1730987248, '2024-11-07 10:23:28', 0, 1, 'okhttp/3.12.1', '177.184.71.152'),
('c3a8dcf9286531c08f95e1d5ca55e220', 'init|s:1:\"1\";slim.flash|a:0:{}', 1732779830, '2024-11-28 04:19:50', 0, 0, 'okhttp/3.12.1', '177.184.74.96'),
('c3b1ea8019f153eab52e60384c8374c9', 'init|s:1:\"1\";csrfToken|s:40:\"877cc8b17ab471ca1f676ef784d3e4bc4d0d8b85\";slim.flash|a:1:{s:10:\"priorRoute\";s:21:\"/serraazul/web/logout\";}', 1731344355, '2024-11-11 13:35:15', 0, 0, 'Mozilla/5.0 (Macintosh; Intel Mac OS X 10_10_1) AppleWebKit/600.2.5 (KHTML, like Gecko) Version/8.0.2 Safari/600.2.5 (Amazonbot/0.1; +https://developer.amazon.com/support/amazonbot)', '44.207.252.58'),
('c3becaef5b559ac641be1485e4c39480', 'init|s:1:\"1\";slim.flash|a:0:{}', 1732148527, '2024-11-20 20:58:07', 0, 0, 'okhttp/3.12.1', '177.184.74.216'),
('c447e94e7bb7d9174d40283c1fe33563', 'init|s:1:\"1\";slim.flash|a:0:{}', 1732570765, '2024-11-25 18:15:25', 0, 0, 'okhttp/3.12.1', '177.184.74.96'),
('c44f65a973ccc23c948c8012f2205fbc', 'init|s:1:\"1\";slim.flash|a:0:{}', 1731772019, '2024-11-16 12:22:59', 0, 0, 'okhttp/3.12.1', '177.184.79.229'),
('c458fba5d1818eb9dc3958074f6ca94c', 'init|s:1:\"1\";slim.flash|a:0:{}', 1730948468, '2024-11-06 23:37:08', 0, 1, 'okhttp/3.12.1', '177.184.71.16'),
('c4c399a196e1fbeaf4e346b1f4c21a55', 'init|s:1:\"1\";slim.flash|a:0:{}', 1731833571, '2024-11-17 05:28:51', 0, 0, 'okhttp/3.12.1', '177.184.78.240'),
('c4ed10d3685dfbaa3c46181d58c3f00d', 'init|s:1:\"1\";slim.flash|a:0:{}', 1731631954, '2024-11-14 21:28:34', 0, 0, 'okhttp/3.12.1', '177.184.78.240'),
('c4f813d503bb13344a065b3342d82585', 'init|s:1:\"1\";slim.flash|a:0:{}', 1730855993, '2024-11-05 21:55:53', 0, 1, 'okhttp/3.12.1', '177.184.79.117'),
('c5792dadcfefb3acdd2d847c353afab0', 'init|s:1:\"1\";slim.flash|a:0:{}', 1731753918, '2024-11-16 07:21:18', 0, 0, 'okhttp/3.12.1', '177.184.78.240'),
('c5ca233eaf1d5c8631a7274a65ee0859', 'init|s:1:\"1\";slim.flash|a:0:{}', 1732556356, '2024-11-25 14:15:16', 0, 0, 'okhttp/3.12.1', '177.184.74.96'),
('c5fe0d9129c219a0b9106320b74f2600', 'init|s:1:\"1\";slim.flash|a:0:{}', 1731812982, '2024-11-16 23:45:42', 0, 0, 'okhttp/3.12.1', '177.184.71.220'),
('c62ca23c21e5a1249f56c94cdbda3564', 'init|s:1:\"1\";slim.flash|a:0:{}', 1732719622, '2024-11-27 11:36:22', 0, 0, 'okhttp/3.12.1', '177.184.78.126'),
('c6750ce0e0c59580fdc5a6be32b15500', 'init|s:1:\"1\";slim.flash|a:0:{}', 1731275580, '2024-11-10 18:29:00', 0, 0, 'okhttp/3.12.1', '177.184.71.152'),
('c6994af8500d0a22ae07d62c8afc6b4a', 'init|s:1:\"1\";csrfToken|s:40:\"5ca53ef5052d692b43bd28ffc398227c3c525f49\";slim.flash|a:0:{}userid|i:8;', 1732199558, '2024-11-21 11:08:38', 8, 0, 'Mozilla/5.0 (Windows NT 10.0; Win64; x64) AppleWebKit/537.36 (KHTML, like Gecko) Chrome/109.0.0.0 Safari/537.36', '177.184.74.155'),
('c6d1c88daae6b6e71577a88005a854a8', 'init|s:1:\"1\";slim.flash|a:0:{}', 1731764768, '2024-11-16 10:22:08', 0, 0, 'okhttp/3.12.1', '177.184.78.240'),
('c6da7709fc1fac8bc7651771552ac0d5', 'init|s:1:\"1\";slim.flash|a:0:{}', 1732708786, '2024-11-27 08:35:46', 0, 0, 'okhttp/3.12.1', '177.184.78.126'),
('c756c1c4f8c199199eb2998e0543665c', 'init|s:1:\"1\";slim.flash|a:0:{}', 1731102665, '2024-11-08 18:27:05', 0, 1, 'okhttp/3.12.1', '177.184.71.152'),
('c774abe67a3a26fcea9480a3dfd0875e', 'init|s:1:\"1\";slim.flash|a:0:{}', 1731751570, '2024-11-16 06:42:10', 0, 0, 'okhttp/3.12.1', '177.184.71.220'),
('c7e202f0432fc9892ba3167211ee2fbf', 'init|s:1:\"1\";slim.flash|a:0:{}', 1732440500, '2024-11-24 06:04:20', 0, 0, 'okhttp/3.12.1', '177.184.74.216'),
('c7e261fa17be8c1c1eb938a86bad7365', 'init|s:1:\"1\";slim.flash|a:0:{}', 1732629379, '2024-11-26 10:32:19', 0, 0, 'okhttp/3.12.1', '177.184.78.126'),
('c7eaf8e0ed7423a41de14c381512a5ee', 'init|s:1:\"1\";slim.flash|a:0:{}', 1731246775, '2024-11-10 10:28:55', 0, 0, 'okhttp/3.12.1', '177.184.71.152'),
('c7f0127e5b395d3fe339142667711090', 'init|s:1:\"1\";slim.flash|a:0:{}', 1731679211, '2024-11-15 10:36:11', 0, 0, 'okhttp/3.12.1', '177.184.71.220'),
('c8f582dc8ee3951b7e818e7c4a0e7431', 'init|s:1:\"1\";slim.flash|a:0:{}', 1731329370, '2024-11-11 09:25:30', 0, 0, 'okhttp/3.12.1', '177.184.71.220'),
('c963deac4f818bbbb39c573aaa014e1f', 'init|s:1:\"1\";slim.flash|a:0:{}', 1731135106, '2024-11-09 03:27:46', 0, 0, 'okhttp/3.12.1', '177.184.71.152'),
('c96e67b3e37acebe691fa90d53cb8469', 'init|s:1:\"1\";slim.flash|a:0:{}', 1732282325, '2024-11-22 10:08:05', 0, 0, 'okhttp/3.12.1', '177.184.74.216'),
('c99b8536496420445c1bd897f5b367bf', 'init|s:1:\"1\";slim.flash|a:0:{}', 1732378958, '2024-11-23 12:58:38', 0, 0, 'okhttp/3.12.1', '177.184.74.216'),
('c9e783d15e0a2faca07799a605188b60', 'init|s:1:\"1\";slim.flash|a:0:{}', 1732712421, '2024-11-27 09:36:21', 0, 0, 'okhttp/3.12.1', '177.184.78.126'),
('ca0c08237203ca7c3586ee483c6511b4', 'init|s:1:\"1\";slim.flash|a:0:{}', 1732714950, '2024-11-27 10:18:30', 0, 0, 'okhttp/3.12.1', '177.184.74.96'),
('ca15bffe26272fe56a05ecb62d3e0d1a', 'init|s:1:\"1\";slim.flash|a:0:{}', 1731877075, '2024-11-17 17:33:55', 0, 0, 'okhttp/3.12.1', '177.184.78.240'),
('ca3247336af6d9d5b6b9a234f1a4d10e', 'init|s:1:\"1\";slim.flash|a:0:{}', 1732669066, '2024-11-26 21:33:46', 0, 0, 'okhttp/3.12.1', '177.184.78.126'),
('ca8975be3266b5cc4c9b4de407301fe0', 'init|s:1:\"1\";slim.flash|a:0:{}', 1732790641, '2024-11-28 07:20:01', 0, 0, 'okhttp/3.12.1', '177.184.74.96'),
('caa10f99f7f5a45c8656eaa833bd9230', 'init|s:1:\"1\";slim.flash|a:0:{}', 1732202540, '2024-11-21 11:58:20', 0, 0, 'okhttp/3.12.1', '177.184.74.216'),
('caa9ad442db8eb1bce86b3ccebeb6aba', 'init|s:1:\"1\";slim.flash|a:0:{}', 1731344072, '2024-11-11 13:30:32', 0, 0, 'okhttp/3.12.1', '177.184.71.152'),
('cbdd32e499a703604af63aaf2945b267', 'init|s:1:\"1\";slim.flash|a:0:{}', 1731855296, '2024-11-17 11:30:56', 0, 0, 'okhttp/3.12.1', '177.184.78.240'),
('cc88f65305f70a707717563a77206b26', 'init|s:1:\"1\";slim.flash|a:0:{}', 1731758780, '2024-11-16 08:42:20', 0, 0, 'okhttp/3.12.1', '177.184.71.220'),
('cd0d48b2f0fa11c216723daeb00e0820', 'init|s:1:\"1\";slim.flash|a:0:{}', 1731931404, '2024-11-18 08:39:24', 0, 0, 'okhttp/3.12.1', '177.184.78.240'),
('cd55e2de19cb410c5e96e5212caf2545', 'init|s:1:\"1\";csrfToken|s:40:\"c7dcc5a0575b68f403a309039d87dd0ad70a6a8b\";slim.flash|a:0:{}', 1731310615, '2024-11-11 04:12:55', 0, 0, 'Mozilla/5.0 (Macintosh; Intel Mac OS X 10_10_1) AppleWebKit/600.2.5 (KHTML, like Gecko) Version/8.0.2 Safari/600.2.5 (Amazonbot/0.1; +https://developer.amazon.com/support/amazonbot)', '23.23.104.107'),
('cda6fef4022e5356c919eda3dc9f8f9e', 'init|s:1:\"1\";slim.flash|a:0:{}', 1731721261, '2024-11-15 22:17:01', 0, 0, 'okhttp/3.12.1', '177.184.79.229'),
('cdb35af6abffafc8da1b069b34d9a80b', 'init|s:1:\"1\";slim.flash|a:0:{}', 1730843335, '2024-11-05 18:24:55', 0, 1, 'okhttp/3.12.1', '177.184.74.24'),
('cdb5dc3e3559ff2d86552b81eaf7873a', 'init|s:1:\"1\";slim.flash|a:0:{}', 1732588777, '2024-11-25 23:15:37', 0, 0, 'okhttp/3.12.1', '177.184.74.96'),
('ce19d2065176d5f1da0115ff255c6fe4', 'init|s:1:\"1\";slim.flash|a:0:{}', 1731692388, '2024-11-15 14:15:48', 0, 0, 'okhttp/3.12.1', '177.184.79.229'),
('ce2367a62a5b79e6baa1e1c4118c37d4', 'init|s:1:\"1\";slim.flash|a:0:{}', 1732415013, '2024-11-23 22:59:33', 0, 0, 'okhttp/3.12.1', '177.184.74.216'),
('ce5b99540ca8d5b1b072feb7a0facb99', 'init|s:1:\"1\";slim.flash|a:0:{}', 1731188326, '2024-11-09 18:14:46', 0, 0, 'okhttp/3.12.1', '177.184.71.220'),
('ce5c155f0058196bfd6726729058c046', 'init|s:1:\"1\";slim.flash|a:0:{}', 1731296808, '2024-11-11 00:22:48', 0, 0, 'okhttp/3.12.1', '177.184.71.220'),
('ce762622c3e77389def7ecbea1f31ae8', 'init|s:1:\"1\";slim.flash|a:0:{}', 1732368158, '2024-11-23 09:58:38', 0, 0, 'okhttp/3.12.1', '177.184.74.216'),
('cef8ab32d8a1807061124f46d7bd4c26', 'init|s:1:\"1\";slim.flash|a:0:{}', 1730850213, '2024-11-05 20:19:33', 0, 1, 'okhttp/3.12.1', '177.184.71.172'),
('cf1ded153e8a15ce8ba6921c6b9f215b', 'init|s:1:\"1\";slim.flash|a:0:{}', 1731768419, '2024-11-16 11:22:59', 0, 0, 'okhttp/3.12.1', '177.184.79.229'),
('cf371f905807368c65791e7b662b46f8', 'init|s:1:\"1\";slim.flash|a:0:{}', 1731840772, '2024-11-17 07:28:52', 0, 0, 'okhttp/3.12.1', '177.184.78.240'),
('cf794c5e5f8a7a6c3552b5d986e67afa', 'init|s:1:\"1\";slim.flash|a:0:{}', 1732531154, '2024-11-25 07:15:14', 0, 0, 'okhttp/3.12.1', '177.184.74.96'),
('cf807d7440eb427de6c186d0c3931eee', 'init|s:1:\"1\";slim.flash|a:0:{}', 1731184727, '2024-11-09 17:14:47', 0, 0, 'okhttp/3.12.1', '177.184.71.220'),
('cfb3613e72912b19115e4044dc09e67a', 'init|s:1:\"1\";slim.flash|a:0:{}', 1731703246, '2024-11-15 17:16:46', 0, 0, 'okhttp/3.12.1', '177.184.79.229'),
('cff741ba1a8378974f2a0e4fb1450cb7', 'init|s:1:\"1\";slim.flash|a:0:{}', 1731210711, '2024-11-10 00:27:51', 0, 0, 'okhttp/3.12.1', '177.184.71.152'),
('d020da30cb10bd774907ebb15682a2e0', 'init|s:1:\"1\";slim.flash|a:0:{}', 1731311592, '2024-11-11 04:29:12', 0, 0, 'okhttp/3.12.1', '177.184.71.152'),
('d02fc91e2f172fcbd4f8faa2e157ce88', 'init|s:1:\"1\";slim.flash|a:0:{}', 1731191927, '2024-11-09 19:14:47', 0, 0, 'okhttp/3.12.1', '177.184.71.220'),
('d0d284682bd72175460cca313a51ed26', 'init|s:1:\"1\";slim.flash|a:0:{}', 1731708110, '2024-11-15 18:37:50', 0, 0, 'okhttp/3.12.1', '177.184.78.240'),
('d0f4a7569d3a20767c0b6fb6065a32a6', 'init|s:1:\"1\";slim.flash|a:0:{}', 1731776791, '2024-11-16 13:42:31', 0, 0, 'okhttp/3.12.1', '177.184.71.220'),
('d127462db2fd40b90db23e65e0f2313e', 'init|s:1:\"1\";slim.flash|a:0:{}', 1731753665, '2024-11-16 07:17:05', 0, 0, 'okhttp/3.12.1', '177.184.79.229'),
('d15d111d7c34a08a615a5afa4387d6e6', 'init|s:1:\"1\";slim.flash|a:0:{}', 1730857415, '2024-11-05 22:19:35', 0, 1, 'okhttp/3.12.1', '177.184.71.172'),
('d16a84936cbc52b7b34ff161b6915f52', 'init|s:1:\"1\";slim.flash|a:0:{}', 1732246258, '2024-11-22 00:06:58', 0, 0, 'okhttp/3.12.1', '177.184.74.216'),
('d188d2f975eeeb535731d36d28e22a7d', 'init|s:1:\"1\";slim.flash|a:0:{}', 1731599852, '2024-11-14 12:33:32', 0, 0, 'okhttp/3.12.1', '177.184.71.220'),
('d1a228c5199f78c6fd1c129b2aa3dc54', 'init|s:1:\"1\";slim.flash|a:0:{}', 1732041495, '2024-11-19 15:14:15', 0, 0, 'okhttp/3.12.1', '177.184.78.168'),
('d1bf3a7cf86437051bf733233a76136f', 'init|s:1:\"1\";slim.flash|a:0:{}', 1732195341, '2024-11-21 09:58:21', 0, 0, 'okhttp/3.12.1', '177.184.74.216'),
('d22fbfd2c3ef6a05ae0cc021ce99b9d2', 'init|s:1:\"1\";slim.flash|a:0:{}', 1731416229, '2024-11-12 09:33:09', 0, 0, 'okhttp/3.12.1', '177.184.71.152'),
('d236212c6c3a119b6bcbdcf5b51403f6', 'init|s:1:\"1\";slim.flash|a:0:{}', 1730954776, '2024-11-07 01:22:16', 0, 1, 'okhttp/3.12.1', '177.184.71.172'),
('d236325224395ea594b5f847ca581db2', 'init|s:1:\"1\";slim.flash|a:0:{}', 1732658225, '2024-11-26 18:33:05', 0, 0, 'okhttp/3.12.1', '177.184.78.126'),
('d2706680f1936f6d650865eb21091652', 'init|s:1:\"1\";slim.flash|a:0:{}', 1731906070, '2024-11-18 01:37:10', 0, 0, 'okhttp/3.12.1', '177.184.78.240'),
('d301cf6718372cfa83f67749303c955d', 'init|s:1:\"1\";slim.flash|a:0:{}', 1730883544, '2024-11-06 05:35:04', 0, 1, 'okhttp/3.12.1', '177.184.71.16'),
('d405101b28284b4a6297810a8a16a30a', 'init|s:1:\"1\";slim.flash|a:0:{}', 1732494572, '2024-11-24 21:05:32', 0, 0, 'okhttp/3.12.1', '177.184.74.216'),
('d42e0836ce62bb382bc64f8e4d886f97', 'init|s:1:\"1\";slim.flash|a:0:{}', 1732743751, '2024-11-27 18:18:31', 0, 0, 'okhttp/3.12.1', '177.184.74.96'),
('d477affcb5d059559b54f65f3352426f', 'init|s:1:\"1\";slim.flash|a:0:{}', 1730853814, '2024-11-05 21:19:34', 0, 1, 'okhttp/3.12.1', '177.184.71.172'),
('d47c3b730c04b8117a466127cb123899', 'init|s:1:\"1\";slim.flash|a:0:{}', 1732772629, '2024-11-28 02:19:49', 0, 0, 'okhttp/3.12.1', '177.184.74.96'),
('d4aa166d34a77e173449f68a5226f45b', 'init|s:1:\"1\";slim.flash|a:0:{}', 1730897994, '2024-11-06 09:35:54', 0, 1, 'okhttp/3.12.1', '177.184.71.16'),
('d57fef5cc475101b8b7ea5b4b990b4f1', 'init|s:1:\"1\";slim.flash|a:0:{}', 1732096374, '2024-11-20 06:28:54', 0, 0, 'okhttp/3.12.1', '177.184.71.70'),
('d5ad5975fc3107a3cf3cd67d43b4419f', 'init|s:1:\"1\";slim.flash|a:0:{}', 1732137744, '2024-11-20 17:58:24', 0, 0, 'okhttp/3.12.1', '177.184.78.113'),
('d5f64f807271199b200150a2b806e2b0', 'init|s:1:\"1\";slim.flash|a:0:{}', 1732483709, '2024-11-24 18:04:29', 0, 0, 'okhttp/3.12.1', '177.184.74.216'),
('d5f7cc13cded119ff77abf36ee56f370', 'init|s:1:\"1\";slim.flash|a:0:{}', 1730962901, '2024-11-07 03:37:41', 0, 1, 'okhttp/3.12.1', '177.184.71.16'),
('d63309689e7ecc15196455325a5b5e8d', 'init|s:1:\"1\";slim.flash|a:0:{}', 1731942331, '2024-11-18 11:41:31', 0, 0, 'okhttp/3.12.1', '177.184.78.240'),
('d6f6eab2f4f1ac5df2185e2687c9f920', 'init|s:1:\"1\";slim.flash|a:0:{}', 1731380035, '2024-11-11 23:29:55', 0, 0, 'okhttp/3.12.1', '177.184.71.220'),
('d7123485e56e359a9e8fe870e5406b57', 'init|s:1:\"1\";slim.flash|a:0:{}', 1732759287, '2024-11-27 22:37:27', 0, 0, 'okhttp/3.12.1', '177.184.78.126'),
('d758b52fab66f9e79995544e489d9067', 'init|s:1:\"1\";slim.flash|a:0:{}', 1731768372, '2024-11-16 11:22:12', 0, 0, 'okhttp/3.12.1', '177.184.78.240'),
('d82959fa33c404f4b8cc37b298a018f6', 'init|s:1:\"1\";slim.flash|a:0:{}', 1731405301, '2024-11-12 06:31:01', 0, 0, 'okhttp/3.12.1', '177.184.71.220'),
('d82abf8317815973836542ecff363945', 'init|s:1:\"1\";slim.flash|a:0:{}', 1732723222, '2024-11-27 12:36:22', 0, 0, 'okhttp/3.12.1', '177.184.78.126'),
('d85e33b988375ce8fa2b7247a9a98efc', 'init|s:1:\"1\";csrfToken|s:40:\"deb18ae9473c021bdff0a844f3a5e0b5242cfc63\";slim.flash|a:0:{}userid|i:8;', 1731591748, '2024-11-14 10:18:28', 8, 0, 'Mozilla/5.0 (Windows NT 10.0; Win64; x64) AppleWebKit/537.36 (KHTML, like Gecko) Chrome/109.0.0.0 Safari/537.36', '177.184.78.215'),
('d92b977771aa3263fac37bccb180bc0a', 'init|s:1:\"1\";slim.flash|a:0:{}', 1732141344, '2024-11-20 18:58:24', 0, 0, 'okhttp/3.12.1', '177.184.78.168'),
('d947733fd7df1ddd3c19a8c65849a3cb', 'init|s:1:\"1\";slim.flash|a:0:{}', 1731372759, '2024-11-11 21:28:39', 0, 0, 'okhttp/3.12.1', '177.184.71.220'),
('d9738f3b85434b3f9806e2c3150f1d82', 'init|s:1:\"1\";slim.flash|a:0:{}', 1731677985, '2024-11-15 10:15:45', 0, 0, 'okhttp/3.12.1', '177.184.79.229'),
('d992421b31147ad0dc09d6cec3c2f8bf', 'init|s:1:\"1\";slim.flash|a:0:{}', 1732312536, '2024-11-22 18:31:36', 0, 0, 'okhttp/3.12.1', '177.184.74.216'),
('d9ab245c4e2d5185539b1b37097ff81c', 'init|s:1:\"1\";slim.flash|a:0:{}', 1732163034, '2024-11-21 00:59:54', 0, 0, 'okhttp/3.12.1', '177.184.74.216'),
('d9dc23a41ae2821076fd62da26a2637d', 'init|s:1:\"1\";slim.flash|a:0:{}', 1732298134, '2024-11-22 14:31:34', 0, 0, 'okhttp/3.12.1', '177.184.74.216'),
('d9f959da915ee1560e362166ea3a694b', 'init|s:1:\"1\";slim.flash|a:0:{}', 1732628382, '2024-11-26 10:15:42', 0, 0, 'okhttp/3.12.1', '177.184.74.96'),
('da718620d8b6cefd36fc9cae214f58db', 'init|s:1:\"1\";slim.flash|a:0:{}', 1731856550, '2024-11-17 11:51:50', 0, 0, 'okhttp/3.12.1', '177.184.71.220'),
('dab80ca645c42e1edd8ddeb92a34cba7', 'init|s:1:\"1\";slim.flash|a:0:{}', 1731141503, '2024-11-09 05:14:23', 0, 0, 'okhttp/3.12.1', '177.184.71.220'),
('dab91035decb85b85feba9bb7075656f', 'init|s:1:\"1\";slim.flash|a:0:{}', 1731430500, '2024-11-12 13:31:00', 0, 0, 'okhttp/3.12.1', '177.184.71.220'),
('dacce28e6c49fee1871239fa79d03b65', 'init|s:1:\"1\";slim.flash|a:0:{}', 1731185511, '2024-11-09 17:27:51', 0, 0, 'okhttp/3.12.1', '177.184.71.152'),
('dad7fcbdc2b2115238f2a7c351ab60be', 'init|s:1:\"1\";slim.flash|a:0:{}', 1731304127, '2024-11-11 02:24:47', 0, 0, 'okhttp/3.12.1', '177.184.71.220'),
('db53d99d2ab983fcfb45b50171ac1457', 'init|s:1:\"1\";slim.flash|a:0:{}', 1731534976, '2024-11-13 18:32:16', 0, 0, 'okhttp/3.12.1', '177.184.71.220'),
('dbb319a598ba466f2767dffa88581288', 'init|s:1:\"1\";slim.flash|a:0:{}', 1731163103, '2024-11-09 11:14:23', 0, 0, 'okhttp/3.12.1', '177.184.71.220'),
('dbc2780ec328debcbb10befd466d6bfa', 'init|s:1:\"1\";slim.flash|a:0:{}', 1732091952, '2024-11-20 05:15:12', 0, 0, 'okhttp/3.12.1', '177.184.78.168'),
('dbf35561f973b776575f03649d3e261d', 'init|s:1:\"1\";slim.flash|a:0:{}', 1731358470, '2024-11-11 17:30:30', 0, 0, 'okhttp/3.12.1', '177.184.71.152'),
('dcfb13a3ea7fd7aacaacf681598a10d0', 'init|s:1:\"1\";slim.flash|a:0:{}', 1731679122, '2024-11-15 10:34:42', 0, 0, 'okhttp/3.12.1', '177.184.78.240'),
('dd610af1a5c19628452db131606fcee5', 'init|s:1:\"1\";slim.flash|a:0:{}', 1730933091, '2024-11-06 19:20:51', 0, 1, 'okhttp/3.12.1', '177.184.71.172'),
('dd699e8a08d4f72019fa04874ebd86b6', 'init|s:1:\"1\";slim.flash|a:0:{}', 1731217173, '2024-11-10 02:15:33', 0, 0, 'okhttp/3.12.1', '177.184.71.220'),
('ddfa7a7840c758a1d2490bfe3979bfdf', 'init|s:1:\"1\";slim.flash|a:0:{}', 1732170321, '2024-11-21 03:01:21', 0, 0, 'okhttp/3.12.1', '177.184.74.216'),
('de1e5c700261416fabaefb7c6c59b3bb', 'init|s:1:\"1\";slim.flash|a:0:{}', 1731311327, '2024-11-11 04:24:47', 0, 0, 'okhttp/3.12.1', '177.184.71.220'),
('de4d301847be087815d7212d25135340', 'init|s:1:\"1\";slim.flash|a:0:{}', 1732599580, '2024-11-26 02:15:40', 0, 0, 'okhttp/3.12.1', '177.184.74.96'),
('defee5304dea4ed5c490e71e336cede4', 'init|s:1:\"1\";slim.flash|a:0:{}', 1731827594, '2024-11-17 03:49:14', 0, 0, 'okhttp/3.12.1', '177.184.71.220'),
('df1087ecf87b851d72432f368bbc712c', 'init|s:1:\"1\";csrfToken|s:40:\"65cb8550834327daef00f4c8d288c9dd5334c410\";slim.flash|a:0:{}', 1730974091, '2024-11-07 06:44:11', 0, 1, 'Mozilla/5.0 (compatible; SemrushBot-BA; +http://www.semrush.com/bot.html)', '85.208.98.29'),
('df1a1bc8376b3f90d627dc5f0ef9cbfd', 'init|s:1:\"1\";slim.flash|a:0:{}', 1731329591, '2024-11-11 09:29:11', 0, 0, 'okhttp/3.12.1', '177.184.71.152'),
('df4259d83c6537d1b0c71295e75705ad', 'init|s:1:\"1\";slim.flash|a:0:{}', 1730849132, '2024-11-05 20:01:32', 0, 1, 'okhttp/3.12.1', '177.184.71.137'),
('e010e62bf7c11cf9d88bded09ea8eaef', 'init|s:1:\"1\";slim.flash|a:0:{}', 1731253973, '2024-11-10 12:28:53', 0, 0, 'okhttp/3.12.1', '177.184.71.152'),
('e0389fad1240ae5fbe11f2821d838629', 'init|s:1:\"1\";slim.flash|a:0:{}', 1731419701, '2024-11-12 10:31:01', 0, 0, 'okhttp/3.12.1', '177.184.71.220'),
('e04749a34f1b7015d7d537f3af24bc18', 'init|s:1:\"1\";slim.flash|a:0:{}', 1730970101, '2024-11-07 05:37:41', 0, 1, 'okhttp/3.12.1', '177.184.71.16'),
('e06d89099d04f97c2ab0b59cd81b4717', 'init|s:1:\"1\";slim.flash|a:0:{}', 1732513148, '2024-11-25 02:15:08', 0, 0, 'okhttp/3.12.1', '177.184.74.96'),
('e0bf6f3ef761511b7938954cca1c9d48', 'init|s:1:\"1\";slim.flash|a:0:{}', 1732285348, '2024-11-22 10:58:28', 0, 0, 'okhttp/3.12.1', '177.184.74.216'),
('e0d87db7fef39f65565026050bbb2fba', 'init|s:1:\"1\";slim.flash|a:0:{}', 1732198941, '2024-11-21 10:58:21', 0, 0, 'okhttp/3.12.1', '177.184.74.216'),
('e1540afbf69ef6bf0358b51dc644fc2b', 'init|s:1:\"1\";slim.flash|a:0:{}', 1732516752, '2024-11-25 03:15:12', 0, 0, 'okhttp/3.12.1', '177.184.74.96'),
('e19bba1fb0da80ead28a8e7693641f88', 'init|s:1:\"1\";slim.flash|a:0:{}', 1732765352, '2024-11-28 00:18:32', 0, 0, 'okhttp/3.12.1', '177.184.74.96'),
('e1fcddf863f0e4bca4c3ea8d5ec324a9', 'init|s:1:\"1\";csrfToken|s:40:\"639a5f36969de07907836cf24336e6072a61817e\";slim.flash|a:0:{}', 1732539871, '2024-11-25 09:40:31', 0, 0, 'Mozilla/5.0 (compatible; SemrushBot-BA; +http://www.semrush.com/bot.html)', '85.208.98.19'),
('e2905680fc1b780754dd55e497d7088e', 'init|s:1:\"1\";slim.flash|a:0:{}', 1731513374, '2024-11-13 12:32:14', 0, 0, 'okhttp/3.12.1', '177.184.71.220'),
('e3aecf9e665dcff35ecabac9993e8c29', 'init|s:1:\"1\";slim.flash|a:0:{}', 1732534754, '2024-11-25 08:15:14', 0, 0, 'okhttp/3.12.1', '177.184.74.96'),
('e3bfd1ac06bf4a7e1e5253d3f8eefc80', 'init|s:1:\"1\";slim.flash|a:0:{}', 1732360958, '2024-11-23 07:58:38', 0, 0, 'okhttp/3.12.1', '177.184.74.216'),
('e3c9fa10abcbbcc974f6dc9b0c6a02f5', 'init|s:1:\"1\";slim.flash|a:0:{}', 1731714058, '2024-11-15 20:16:58', 0, 0, 'okhttp/3.12.1', '177.184.79.229'),
('e425366eeff53624cd92ba08e8bbf5ee', 'init|s:1:\"1\";slim.flash|a:0:{}', 1732737622, '2024-11-27 16:36:22', 0, 0, 'okhttp/3.12.1', '177.184.78.126'),
('e438bad64a78245ad9f2416682492146', 'init|s:1:\"1\";slim.flash|a:0:{}', 1732257059, '2024-11-22 03:06:59', 0, 0, 'okhttp/3.12.1', '177.184.74.216'),
('e483cdefb7f414cea7828d926bf55199', 'init|s:1:\"1\";slim.flash|a:0:{}', 1732191741, '2024-11-21 08:58:21', 0, 0, 'okhttp/3.12.1', '177.184.74.216'),
('e49f60b3e2483c6a210779bad2eecf89', 'init|s:1:\"1\";slim.flash|a:0:{}', 1731289568, '2024-11-10 22:22:08', 0, 0, 'okhttp/3.12.1', '177.184.71.220'),
('e501a72c27bc50094325e43f0d905d1f', 'init|s:1:\"1\";slim.flash|a:0:{}', 1730936693, '2024-11-06 20:20:53', 0, 1, 'okhttp/3.12.1', '177.184.71.172'),
('e6c368f90d8108673337ced230f3b51e', 'init|s:1:\"1\";slim.flash|a:0:{}', 1731343815, '2024-11-11 13:26:15', 0, 0, 'okhttp/3.12.1', '177.184.71.220'),
('e6c48354cba38a836b58de2e4267c55b', 'init|s:1:\"1\";slim.flash|a:0:{}', 1731119903, '2024-11-08 23:14:23', 0, 0, 'okhttp/3.12.1', '177.184.71.220'),
('e6c5657f9536c9aaa8e02e3583cb9862', 'init|s:1:\"1\";csrfToken|s:40:\"c552f06415a1228f5efcbe71c32fcc4e5ed7d13a\";slim.flash|a:0:{}', 1730974109, '2024-11-07 06:44:29', 0, 1, 'Mozilla/5.0 (compatible; SemrushBot-BA; +http://www.semrush.com/bot.html)', '85.208.98.22'),
('e710870e13a13317847ffeb849164c64', 'init|s:1:\"1\";slim.flash|a:0:{}', 1731935063, '2024-11-18 09:40:23', 0, 0, 'okhttp/3.12.1', '177.184.78.240'),
('e728b04f339c4eaef13e87a2fbb174c5', 'init|s:1:\"1\";slim.flash|a:0:{}', 1730879040, '2024-11-06 04:20:00', 0, 1, 'okhttp/3.12.1', '177.184.71.172'),
('e735b2c755d57e1d17123ba0caf95d9e', 'init|s:1:\"1\";slim.flash|a:0:{}', 1731699646, '2024-11-15 16:16:46', 0, 0, 'okhttp/3.12.1', '177.184.79.229'),
('e76bfd3eb4c995b0ed3f2530d54cae03', 'init|s:1:\"1\";slim.flash|a:0:{}', 1731820392, '2024-11-17 01:49:12', 0, 0, 'okhttp/3.12.1', '177.184.71.220'),
('e8091246a0e83bd7679a78f2eeef95e6', 'init|s:1:\"1\";slim.flash|a:0:{}', 1731791267, '2024-11-16 17:43:47', 0, 0, 'okhttp/3.12.1', '177.184.71.220'),
('e824063bfb9e87b6bb92181ba89797da', 'init|s:1:\"1\";slim.flash|a:0:{}', 1730911491, '2024-11-06 13:20:51', 0, 1, 'okhttp/3.12.1', '177.184.71.172'),
('e8d1fad142b255833f6c92d83af79059', 'init|s:1:\"1\";slim.flash|a:0:{}', 1731822652, '2024-11-17 02:26:52', 0, 0, 'okhttp/3.12.1', '177.184.78.240'),
('e8d69a79058d4e6de1c55e6fe4052560', 'init|s:1:\"1\";slim.flash|a:0:{}', 1731632280, '2024-11-14 21:34:00', 0, 0, 'okhttp/3.12.1', '177.184.71.220'),
('e8efbd60bd6b4e8a44ec05a5be30855d', 'init|s:1:\"1\";slim.flash|a:0:{}', 1732227749, '2024-11-21 18:58:29', 0, 0, 'okhttp/3.12.1', '177.184.74.216'),
('e95c3ddd2dfed1282d6e7d1540edfd92', 'init|s:1:\"1\";slim.flash|a:0:{}', 1730972849, '2024-11-07 06:23:29', 0, 1, 'okhttp/3.12.1', '177.184.71.152'),
('e985e9de3d770d506101af3abee83d95', 'init|s:1:\"1\";slim.flash|a:0:{}', 1731260519, '2024-11-10 14:17:59', 0, 0, 'okhttp/3.12.1', '177.184.71.220'),
('e9a6dccc6c51c5871f2ae70938c1f66b', 'init|s:1:\"1\";slim.flash|a:0:{}', 1732487308, '2024-11-24 19:04:28', 0, 0, 'okhttp/3.12.1', '177.184.74.216'),
('ea41fcc30e815ae25c8e37ceb0cbd049', 'init|s:1:\"1\";slim.flash|a:0:{}', 1731742865, '2024-11-16 04:17:05', 0, 0, 'okhttp/3.12.1', '177.184.79.229'),
('ea46ff6251b779532ec522c82b85fe96', 'init|s:1:\"1\";slim.flash|a:0:{}', 1732784488, '2024-11-28 05:37:28', 0, 0, 'okhttp/3.12.1', '177.184.78.126'),
('eac3e8771f865b5dcd27bee426ea79c8', 'init|s:1:\"1\";slim.flash|a:0:{}', 1732752087, '2024-11-27 20:37:27', 0, 0, 'okhttp/3.12.1', '177.184.78.126'),
('ead5fd5da18343b56d6ac46373d18b1f', 'init|s:1:\"1\";slim.flash|a:0:{}', 1731635556, '2024-11-14 22:28:36', 0, 0, 'okhttp/3.12.1', '177.184.78.240'),
('eae09d002a63cdc3658cca5b9cb14ff6', 'init|s:1:\"1\";slim.flash|a:0:{}', 1730919665, '2024-11-06 15:37:05', 0, 1, 'okhttp/3.12.1', '177.184.71.16'),
('eafad4c1f7ef90c9a0764c88555272a1', 'init|s:1:\"1\";slim.flash|a:0:{}', 1731793717, '2024-11-16 18:24:37', 0, 0, 'okhttp/3.12.1', '177.184.78.240'),
('eb0ca57c0da81315570bbaf3d747c53a', 'init|s:1:\"1\";slim.flash|a:0:{}', 1732228260, '2024-11-21 19:07:00', 0, 0, 'okhttp/3.12.1', '177.184.74.216'),
('eb59ba9a955178f296285093604f0983', 'init|s:1:\"1\";slim.flash|a:0:{}', 1731641973, '2024-11-15 00:15:33', 0, 0, 'okhttp/3.12.1', '177.184.79.229'),
('eb5b866360ff8b42b01bbfdfbe4f508f', 'init|s:1:\"1\";slim.flash|a:0:{}', 1732676334, '2024-11-26 23:34:54', 0, 0, 'okhttp/3.12.1', '177.184.78.126'),
('eb8fdf7a1b896457d36e448b6b78030a', 'init|s:1:\"1\";slim.flash|a:0:{}', 1732649984, '2024-11-26 16:15:44', 0, 0, 'okhttp/3.12.1', '177.184.74.96'),
('eb9e0c446e2fc17c9b7d92558cc3231c', 'init|s:1:\"1\";slim.flash|a:0:{}', 1730868624, '2024-11-06 01:26:24', 0, 1, 'okhttp/3.12.1', '177.184.78.178'),
('ebb2b92538bea0b3bc40f374b3cf699f', 'init|s:1:\"1\";slim.flash|a:0:{}', 1732152138, '2024-11-20 21:58:18', 0, 0, 'okhttp/3.12.1', '177.184.74.216'),
('ec5b82eaa48890eeadf7f51ca63bf300', 'init|s:1:\"1\";csrfToken|s:40:\"aa1b9deb2211a29140868fce6294287839d49dcf\";slim.flash|a:0:{}userid|i:12;', 1730823414, '2024-11-05 13:03:50', 12, 1, 'Mozilla/5.0 (Windows NT 10.0; Win64; x64) AppleWebKit/537.36 (KHTML, like Gecko) Chrome/130.0.0.0 Safari/537.36', '177.184.74.84'),
('ec5ce4092a77e9a66280a8d7af57b430', 'init|s:1:\"1\";slim.flash|a:0:{}', 1731264774, '2024-11-10 15:28:54', 0, 0, 'okhttp/3.12.1', '177.184.71.152'),
('ecd8f4e9a6791961ca6c62cbe358252d', 'init|s:1:\"1\";slim.flash|a:0:{}', 1732245744, '2024-11-21 23:58:24', 0, 0, 'okhttp/3.12.1', '177.184.74.216'),
('ed525bc32337cee8bb185d5377990175', 'init|s:1:\"1\";slim.flash|a:0:{}', 1732213343, '2024-11-21 14:58:23', 0, 0, 'okhttp/3.12.1', '177.184.74.216'),
('ed628385797bb9a93787c6f2f63dc7a1', 'init|s:1:\"1\";slim.flash|a:0:{}', 1731261174, '2024-11-10 14:28:54', 0, 0, 'okhttp/3.12.1', '177.184.71.152'),
('ed7d17abd5659ae86bd9b5e8d43c660f', 'init|s:1:\"1\";csrfToken|s:40:\"cb276475481eadbb1c369d5ba2e59f9c2afb08dc\";slim.flash|a:0:{}', 1730975356, '2024-11-07 07:05:16', 0, 1, 'Mozilla/5.0 (compatible; SemrushBot-BA; +http://www.semrush.com/bot.html)', '85.208.98.29'),
('ed82ab29a029baa7e8a7c53c95395ca7', 'init|s:1:\"1\";slim.flash|a:0:{}', 1731735667, '2024-11-16 02:17:07', 0, 0, 'okhttp/3.12.1', '177.184.78.240'),
('edab70b1575d3bf114d4f2a319709259', 'init|s:1:\"1\";slim.flash|a:0:{}', 1732480108, '2024-11-24 17:04:28', 0, 0, 'okhttp/3.12.1', '177.184.74.216'),
('edf4b8b7857d65be548d55def6f5abd2', 'init|s:1:\"1\";slim.flash|a:0:{}', 1731589051, '2024-11-14 09:33:31', 0, 0, 'okhttp/3.12.1', '177.184.71.220'),
('ee232b77a5dddae5ca3c9a01caa4086d', 'init|s:1:\"1\";slim.flash|a:0:{}', 1731250373, '2024-11-10 11:28:53', 0, 0, 'okhttp/3.12.1', '177.184.71.152'),
('ee4d2e13fd770c330f4dd564bb6a348f', 'init|s:1:\"1\";slim.flash|a:0:{}', 1732260686, '2024-11-22 04:07:26', 0, 0, 'okhttp/3.12.1', '177.184.74.216'),
('ee906c64628a2fea53be75d8c900c2a1', 'init|s:1:\"1\";slim.flash|a:0:{}', 1732592379, '2024-11-26 00:15:39', 0, 0, 'okhttp/3.12.1', '177.184.74.96'),
('ee92fcfcc1fdcb798d0588394299e312', 'init|s:1:\"1\";slim.flash|a:0:{}', 1731744235, '2024-11-16 04:39:55', 0, 0, 'okhttp/3.12.1', '177.184.71.220'),
('eeb04b6786d40eb1e3146b1594078b86', 'init|s:1:\"1\";slim.flash|a:0:{}', 1730930466, '2024-11-06 18:37:06', 0, 1, 'okhttp/3.12.1', '177.184.71.16'),
('eec95d903616badb7e69e8b66438ec34', 'init|s:1:\"1\";slim.flash|a:0:{}', 1730990849, '2024-11-07 11:23:29', 0, 1, 'okhttp/3.12.1', '177.184.71.152'),
('ef112dbcacce727150a257f7f709f46b', 'init|s:1:\"1\";slim.flash|a:0:{}', 1731207111, '2024-11-09 23:27:51', 0, 0, 'okhttp/3.12.1', '177.184.71.152'),
('ef13253125edf181052eec36516582c4', 'init|s:1:\"1\";slim.flash|a:0:{}', 1731163912, '2024-11-09 11:27:52', 0, 0, 'okhttp/3.12.1', '177.184.71.152'),
('ef378bf1ce7f222e77a13d6532c75d58', 'init|s:1:\"1\";slim.flash|a:0:{}', 1731671947, '2024-11-15 08:35:07', 0, 0, 'okhttp/3.12.1', '177.184.71.220'),
('efbca0b5ec3ba76bc05349910e1afb64', 'init|s:1:\"1\";slim.flash|a:0:{}', 1731771990, '2024-11-16 12:22:30', 0, 0, 'okhttp/3.12.1', '177.184.78.240'),
('f03f1a02a5408f459e39c75d15d93887', 'init|s:1:\"1\";slim.flash|a:0:{}', 1731336597, '2024-11-11 11:25:57', 0, 0, 'okhttp/3.12.1', '177.184.71.220'),
('f0b8a5c8c4ac73549cf6f337368fcf38', 'init|s:1:\"1\";slim.flash|a:0:{}', 1731369160, '2024-11-11 20:28:40', 0, 0, 'okhttp/3.12.1', '177.184.71.220'),
('f0e98cc188d9d7c827a6e679fc1a642f', 'init|s:1:\"1\";slim.flash|a:0:{}', 1731638372, '2024-11-14 23:15:32', 0, 0, 'okhttp/3.12.1', '177.184.79.229'),
('f17ddf4e3a30962c1c2b1cf0ea36821c', 'init|s:1:\"1\";slim.flash|a:0:{}', 1732328551, '2024-11-22 22:58:31', 0, 0, 'okhttp/3.12.1', '177.184.74.216'),
('f18b1b32e43d680c1c7216c9a7f9ba92', 'init|s:1:\"1\";slim.flash|a:0:{}', 1731645572, '2024-11-15 01:15:32', 0, 0, 'okhttp/3.12.1', '177.184.79.229'),
('f1cb09c8fa54686ce055f8c3d91f5e60', 'init|s:1:\"1\";csrfToken|s:40:\"df4f31112e975d2e42faefa74a261c8e401b6d06\";slim.flash|a:0:{}', 1730941693, '2024-11-06 21:44:13', 0, 1, 'Mozilla/5.0 (compatible; SemrushBot/7~bl; +http://www.semrush.com/bot.html)', '185.191.171.8'),
('f2296d31c8c33d0e164ba2dd6fd9f008', 'init|s:1:\"1\";slim.flash|a:0:{}', 1730828833, '2024-11-05 14:23:13', 0, 1, 'okhttp/3.12.1', '177.184.74.52'),
('f2691110a2905e5c33a2b8c95ddf0dc7', 'init|s:1:\"1\";csrfToken|s:40:\"4f99fea7bd6bea4f5dd94a6a65d5153a68894589\";slim.flash|a:1:{s:10:\"priorRoute\";s:32:\"/serraazul/web/user/form/profile\";}', 1731344363, '2024-11-11 13:35:23', 0, 0, 'Mozilla/5.0 (Macintosh; Intel Mac OS X 10_10_1) AppleWebKit/600.2.5 (KHTML, like Gecko) Version/8.0.2 Safari/600.2.5 (Amazonbot/0.1; +https://developer.amazon.com/support/amazonbot)', '50.16.216.166'),
('f2eb4ef96bffbbbe57c408adda25188a', 'init|s:1:\"1\";slim.flash|a:0:{}', 1731809381, '2024-11-16 22:45:41', 0, 0, 'okhttp/3.12.1', '177.184.71.220'),
('f32eee73eb771cc55d03b41fe505e324', 'init|s:1:\"1\";slim.flash|a:0:{}', 1731300526, '2024-11-11 01:24:46', 0, 0, 'okhttp/3.12.1', '177.184.71.220'),
('f3386ca07134b96e5a7ad3aa92dcd31f', 'init|s:1:\"1\";slim.flash|a:0:{}', 1731383634, '2024-11-12 00:29:54', 0, 0, 'okhttp/3.12.1', '177.184.71.220'),
('f36bdd0bd2e0fc2e15b97e5c6d31b792', 'init|s:1:\"1\";slim.flash|a:0:{}', 1732238543, '2024-11-21 21:58:23', 0, 0, 'okhttp/3.12.1', '177.184.74.216'),
('f3815107f04f8101b9ad9918502dfd74', 'init|s:1:\"1\";csrfToken|s:40:\"f9d98296063af14ab410e21c2c8e30049ec6d101\";slim.flash|a:1:{s:10:\"priorRoute\";s:15:\"/serraazul/web/\";}', 1731300675, '2024-11-11 01:27:15', 0, 0, 'Mozilla/5.0 (Macintosh; Intel Mac OS X 10_10_1) AppleWebKit/600.2.5 (KHTML, like Gecko) Version/8.0.2 Safari/600.2.5 (Amazonbot/0.1; +https://developer.amazon.com/support/amazonbot)', '34.202.88.37'),
('f3b614c60c3a5497e50f612de65dba5d', 'init|s:1:\"1\";slim.flash|a:0:{}', 1731747971, '2024-11-16 05:42:11', 0, 0, 'okhttp/3.12.1', '177.184.71.220'),
('f3e890442a623867242fb24e0cbbc952', 'init|s:1:\"1\";slim.flash|a:0:{}', 1732610380, '2024-11-26 05:15:40', 0, 0, 'okhttp/3.12.1', '177.184.74.96'),
('f3ea6e96c3ead6753411f8bad149702a', 'init|s:1:\"1\";slim.flash|a:0:{}', 1731462912, '2024-11-12 22:31:12', 0, 0, 'okhttp/3.12.1', '177.184.71.220'),
('f45c354712de6775e98129c737b4a143', 'init|s:1:\"1\";slim.flash|a:0:{}', 1731851692, '2024-11-17 10:30:52', 0, 0, 'okhttp/3.12.1', '177.184.78.240'),
('f52c2099160a1186f3bd3030b895569a', 'init|s:1:\"1\";slim.flash|a:0:{}', 1732308934, '2024-11-22 17:31:34', 0, 0, 'okhttp/3.12.1', '177.184.74.216'),
('f58f45ed5ff77e1dfed7c259c73c6231', 'init|s:1:\"1\";slim.flash|a:0:{}', 1731642758, '2024-11-15 00:28:38', 0, 0, 'okhttp/3.12.1', '177.184.78.240'),
('f5fb8e34e7204bbd5533f1704cf07e00', 'init|s:1:\"1\";slim.flash|a:0:{}', 1731715411, '2024-11-15 20:39:31', 0, 0, 'okhttp/3.12.1', '177.184.71.220'),
('f60987a7a1363ad59f3580804b100182', 'init|s:1:\"1\";slim.flash|a:0:{}', 1731166704, '2024-11-09 12:14:24', 0, 0, 'okhttp/3.12.1', '177.184.71.220'),
('f619bbbb6f39d3915f719ca8b36ee20f', 'init|s:1:\"1\";slim.flash|a:0:{}', 1731563801, '2024-11-14 02:32:41', 0, 0, 'okhttp/3.12.1', '177.184.71.220'),
('f62385a486553e6d71fcfcb5ad050225', 'init|s:1:\"1\";slim.flash|a:0:{}', 1731297190, '2024-11-11 00:29:10', 0, 0, 'okhttp/3.12.1', '177.184.71.152'),
('f630b3db7e4823fe634d9f036812b834', 'init|s:1:\"1\";slim.flash|a:0:{}', 1732073950, '2024-11-20 00:15:10', 0, 0, 'okhttp/3.12.1', '177.184.78.168'),
('f64b42ad85e6fc0af4d42aff7d8f89f4', 'init|s:1:\"1\";slim.flash|a:0:{}', 1732422352, '2024-11-24 01:01:52', 0, 0, 'okhttp/3.12.1', '177.184.74.216'),
('f65a5b2c3204efe116504d58eefd6722', 'init|s:1:\"1\";csrfToken|s:40:\"27ade61bb0c1ac2b6f5125d80d915ca5b66a23aa\";slim.flash|a:0:{}', 1731603572, '2024-11-14 13:35:32', 0, 0, 'Mozilla/5.0 (Windows NT 10.0; Win64; x64) AppleWebKit/537.36 (KHTML, like Gecko) Chrome/130.0.0.0 Safari/537.36', '177.184.79.229'),
('f72edbd6ea9fd3efcd84b2f6407a060c', 'init|s:1:\"1\";csrfToken|s:40:\"7d3b3cb519087c512d88999574d7e709f0e16535\";slim.flash|a:0:{}', 1732116552, '2024-11-20 12:05:12', 0, 0, 'Mozilla/5.0 (compatible; SemrushBot-BA; +http://www.semrush.com/bot.html)', '85.208.98.24'),
('f77fb45937025ae4963cc6696740a805', 'init|s:1:\"1\";slim.flash|a:0:{}', 1732184540, '2024-11-21 06:58:20', 0, 0, 'okhttp/3.12.1', '177.184.74.216'),
('f78c04f0614b008bdb871cd601c0a5d3', 'init|s:1:\"1\";csrfToken|s:40:\"6166d536a832ee1c99b7b51f185dc72f927c25d7\";slim.flash|a:0:{}', 1732116498, '2024-11-20 12:04:18', 0, 0, 'Mozilla/5.0 (compatible; SemrushBot-BA; +http://www.semrush.com/bot.html)', '85.208.98.29'),
('f7fb1ea0b03bd19fe4691d1d7bfa849a', 'init|s:1:\"1\";slim.flash|a:0:{}', 1732305333, '2024-11-22 16:31:33', 0, 0, 'okhttp/3.12.1', '177.184.74.216'),
('f856e82ab7ba0952e967008c5dcbc5b0', 'init|s:1:\"1\";slim.flash|a:0:{}', 1731757265, '2024-11-16 08:17:05', 0, 0, 'okhttp/3.12.1', '177.184.79.229'),
('f87eea32fd6708c07487c41bc8202dc1', 'init|s:1:\"1\";slim.flash|a:0:{}', 1731646418, '2024-11-15 01:29:38', 0, 0, 'okhttp/3.12.1', '177.184.78.240'),
('f88abdd3c268b02e5e35e731523e47b4', 'init|s:1:\"1\";csrfToken|s:40:\"81802fd203166006f8f176a5bebf11719cd4b0eb\";slim.flash|a:0:{}', 1732673183, '2024-11-26 22:42:23', 0, 0, 'Mozilla/5.0 AppleWebKit/537.36 (KHTML, like Gecko; compatible; ClaudeBot/1.0; +claudebot@anthropic.com)', '52.14.166.224'),
('f88c2253c2f08bd5ae8131adfbf5fc60', 'init|s:1:\"1\";slim.flash|a:0:{}', 1731322168, '2024-11-11 07:25:28', 0, 0, 'okhttp/3.12.1', '177.184.71.220'),
('f8f7b31289f41eff35006fbfdf862258', 'init|s:1:\"1\";slim.flash|a:0:{}', 1732294533, '2024-11-22 13:31:33', 0, 0, 'okhttp/3.12.1', '177.184.74.216'),
('f8fd5125b4bd136dec514d615474ba20', 'init|s:1:\"1\";slim.flash|a:0:{}', 1730869047, '2024-11-06 01:33:27', 0, 1, 'okhttp/3.12.1', '177.184.71.16'),
('f9918f95eaaec18218a92d9acfbeb20e', 'init|s:1:\"1\";slim.flash|a:0:{}', 1731696046, '2024-11-15 15:16:46', 0, 0, 'okhttp/3.12.1', '177.184.79.229'),
('f9cfddd0120926df1675290d3b3a9612', 'init|s:1:\"1\";slim.flash|a:0:{}', 1732155739, '2024-11-20 22:58:19', 0, 0, 'okhttp/3.12.1', '177.184.74.216'),
('f9d4bd7fb1ce761f12ce5a545e1aa0d1', 'init|s:1:\"1\";slim.flash|a:0:{}', 1731480945, '2024-11-13 03:31:45', 0, 0, 'okhttp/3.12.1', '177.184.71.220'),
('fa0885cf8dc8c7efa96174d5d44b1423', 'init|s:1:\"1\";slim.flash|a:0:{}', 1732788098, '2024-11-28 06:37:38', 0, 0, 'okhttp/3.12.1', '177.184.78.126'),
('fa0f1cce5105262c92a12ac1be668b83', 'init|s:1:\"1\";slim.flash|a:0:{}', 1731372945, '2024-11-11 21:31:45', 0, 0, 'okhttp/3.12.1', '177.184.71.152'),
('fa29eb8298da8f3208488477d507460a', 'init|s:1:\"1\";slim.flash|a:0:{}', 1731732065, '2024-11-16 01:17:05', 0, 0, 'okhttp/3.12.1', '177.184.78.240'),
('fa42e85d207a1a1e563298daee650e7f', 'init|s:1:\"1\";slim.flash|a:0:{}', 1732162939, '2024-11-21 00:58:19', 0, 0, 'okhttp/3.12.1', '177.184.74.216'),
('fb1f94edcdea4d72ccb5ed9735034c2d', 'init|s:1:\"1\";slim.flash|a:0:{}', 1731160311, '2024-11-09 10:27:51', 0, 0, 'okhttp/3.12.1', '177.184.71.152'),
('fba6ed305be4458bcee288ed917653ad', 'init|s:1:\"1\";slim.flash|a:0:{}', 1731289989, '2024-11-10 22:29:09', 0, 0, 'okhttp/3.12.1', '177.184.71.152'),
('fc08d08bc6ddf0f954603b9128651e89', 'init|s:1:\"1\";csrfToken|s:40:\"afbbc0d5d936a6c56a82b53189b1b4356100ad24\";slim.flash|a:0:{}userid|i:12;', 1732020275, '2024-11-19 09:20:35', 12, 0, 'Mozilla/5.0 (Windows NT 10.0; Win64; x64) AppleWebKit/537.36 (KHTML, like Gecko) Chrome/131.0.0.0 Safari/537.36 Edg/131.0.0.0', '177.184.71.220'),
('fcaa6c2ca93bfad9b531289e2937132b', 'init|s:1:\"1\";slim.flash|a:0:{}', 1732621181, '2024-11-26 08:15:41', 0, 0, 'okhttp/3.12.1', '177.184.74.96'),
('fcaffef0226a8c318eafee847a93782c', 'init|s:1:\"1\";slim.flash|a:0:{}', 1731643146, '2024-11-15 00:35:06', 0, 0, 'okhttp/3.12.1', '177.184.71.220'),
('fd412be2bc83674bfec3fc8bc3dfd3d9', 'init|s:1:\"1\";slim.flash|a:0:{}', 1731293207, '2024-11-10 23:22:47', 0, 0, 'okhttp/3.12.1', '177.184.71.220'),
('fd424064e4af87d035fbbb93215d3b05', 'init|s:1:\"1\";slim.flash|a:0:{}', 1732249344, '2024-11-22 00:58:24', 0, 0, 'okhttp/3.12.1', '177.184.74.216'),
('fd42c8b93a39dc4169c5021a5c894a0c', 'init|s:1:\"1\";slim.flash|a:0:{}', 1731782827, '2024-11-16 15:23:07', 0, 0, 'okhttp/3.12.1', '177.184.79.229'),
('fd44956b74d3da2f6dae130d6180c76b', 'init|s:1:\"1\";slim.flash|a:0:{}', 1731390835, '2024-11-12 02:29:55', 0, 0, 'okhttp/3.12.1', '177.184.71.220'),
('fdbdd61a3da32d5cd4bfb61c73064fb7', 'init|s:1:\"1\";slim.flash|a:0:{}', 1730843786, '2024-11-05 18:32:26', 0, 1, 'okhttp/3.12.1', '177.184.78.235'),
('fdfd521845158746d200488c40722ed0', 'init|s:1:\"1\";slim.flash|a:0:{}', 1732469305, '2024-11-24 14:04:25', 0, 0, 'okhttp/3.12.1', '177.184.74.216'),
('fe334049ba8c5057daa4a89561c14325', 'init|s:1:\"1\";csrfToken|s:40:\"a9e633ab827d081cc23e718e42f5e3574e83d1a2\";slim.flash|a:0:{}', 1732797675, '2024-11-28 09:17:15', 0, 0, 'Mozilla/5.0 (Windows NT 10.0; Win64; x64) AppleWebKit/537.36 (KHTML, like Gecko) Chrome/131.0.0.0 Safari/537.36 Edg/131.0.0.0', '179.221.227.113'),
('fe6279b22eb95ca67804a7f74667cd47', 'init|s:1:\"1\";slim.flash|a:0:{}', 1730861013, '2024-11-05 23:19:33', 0, 1, 'okhttp/3.12.1', '177.184.71.172'),
('ff14189ab6fc10519c0fa20e5fe5492a', 'init|s:1:\"1\";slim.flash|a:0:{}', 1732490972, '2024-11-24 20:05:32', 0, 0, 'okhttp/3.12.1', '177.184.74.216'),
('ff3e8e946d99a5faac483f8c24cbb314', 'init|s:1:\"1\";slim.flash|a:0:{}', 1732444100, '2024-11-24 07:04:20', 0, 0, 'okhttp/3.12.1', '177.184.74.216'),
('ff4a318634bef89b0fd4abf8fa92650e', 'init|s:1:\"1\";slim.flash|a:0:{}', 1730825011, '2024-11-05 13:19:31', 0, 1, 'okhttp/3.12.1', '177.184.71.172'),
('ff531c6013df118c05f62afc0b5ecfb5', 'init|s:1:\"1\";slim.flash|a:0:{}', 1732567166, '2024-11-25 17:15:26', 0, 0, 'okhttp/3.12.1', '177.184.74.96'),
('ff74c9ca8bcf66a81082913c3518dd73', 'init|s:1:\"1\";slim.flash|a:0:{}', 1730916066, '2024-11-06 14:37:06', 0, 1, 'okhttp/3.12.1', '177.184.71.16'),
('ff818447e6dc889b58d38f89f6e2a76f', 'init|s:1:\"1\";slim.flash|a:0:{}', 1730980901, '2024-11-07 08:37:41', 0, 1, 'okhttp/3.12.1', '177.184.71.16'),
('ff87d35de2e5bbb4b01af38a51dab210', 'init|s:1:\"1\";slim.flash|a:0:{}', 1732063148, '2024-11-19 21:15:08', 0, 0, 'okhttp/3.12.1', '177.184.78.168'),
('ff8b7dbfb2609908ec4f935cdac46e14', 'init|s:1:\"1\";slim.flash|a:0:{}', 1731365671, '2024-11-11 19:30:31', 0, 0, 'okhttp/3.12.1', '177.184.71.152'),
('ff988e93301188af98fc66f6ffd1805f', 'init|s:1:\"1\";slim.flash|a:0:{}', 1731138709, '2024-11-09 04:27:49', 0, 0, 'okhttp/3.12.1', '177.184.71.152'),
('ffc6ad804b0e768d3af602df227351e6', 'init|s:1:\"1\";slim.flash|a:0:{}', 1732631982, '2024-11-26 11:15:42', 0, 0, 'okhttp/3.12.1', '177.184.74.96'),
('ffdf14b6a7a4cce126081c4adee5967a', 'init|s:1:\"1\";slim.flash|a:0:{}', 1731231575, '2024-11-10 06:15:35', 0, 0, 'okhttp/3.12.1', '177.184.71.220'),
('ffff8d0f6e2ed22944408bebea60dd8b', 'init|s:1:\"1\";slim.flash|a:0:{}', 1732231859, '2024-11-21 20:06:59', 0, 0, 'okhttp/3.12.1', '177.184.74.216');

-- --------------------------------------------------------

--
-- Estrutura para tabela `setting`
--

CREATE TABLE `setting` (
  `settingId` int(11) NOT NULL,
  `setting` varchar(50) NOT NULL,
  `value` varchar(1000) NOT NULL,
  `userSee` tinyint(4) NOT NULL DEFAULT '1',
  `userChange` tinyint(4) NOT NULL DEFAULT '0'
) ENGINE=InnoDB DEFAULT CHARSET=utf8;

--
-- Despejando dados para a tabela `setting`
--

INSERT INTO `setting` (`settingId`, `setting`, `value`, `userSee`, `userChange`) VALUES
(1, 'MEDIA_DEFAULT', 'private', 1, 1),
(2, 'LAYOUT_DEFAULT', 'private', 1, 1),
(3, 'defaultUsertype', 'User', 1, 1),
(7, 'userModule', 'module_user_general.php', 0, 0),
(11, 'defaultTimezone', 'America/Sao_Paulo', 1, 1),
(18, 'mail_to', 'mail@yoursite.com', 1, 1),
(19, 'mail_from', 'mail@yoursite.com', 1, 1),
(30, 'audit', 'emergency', 1, 1),
(33, 'LIBRARY_LOCATION', 'media/', 1, 1),
(34, 'SERVER_KEY', 'abcd1234', 1, 1),
(35, 'HELP_BASE', 'http://www.xibo.org.uk/manual/en/', 1, 1),
(36, 'PHONE_HOME', '0', 1, 1),
(37, 'PHONE_HOME_KEY', '44b9d800dfcf48a1e0c270648ee7867b', 0, 0),
(38, 'PHONE_HOME_URL', 'http://www.xibo.org.uk/stats/track.php', 0, 0),
(39, 'PHONE_HOME_DATE', '0', 0, 0),
(40, 'SERVER_MODE', 'Production', 1, 1),
(41, 'MAINTENANCE_ENABLED', 'Off', 1, 1),
(42, 'MAINTENANCE_EMAIL_ALERTS', '1', 1, 1),
(43, 'MAINTENANCE_KEY', 'changeme', 1, 1),
(44, 'MAINTENANCE_LOG_MAXAGE', '30', 1, 1),
(45, 'MAINTENANCE_STAT_MAXAGE', '30', 1, 1),
(46, 'MAINTENANCE_ALERT_TOUT', '12', 1, 1),
(47, 'SHOW_DISPLAY_AS_VNCLINK', '', 1, 1),
(48, 'SHOW_DISPLAY_AS_VNC_TGT', '_top', 1, 1),
(49, 'MAINTENANCE_ALWAYS_ALERT', '0', 1, 1),
(50, 'SCHEDULE_LOOKAHEAD', '1', 1, 0),
(51, 'REQUIRED_FILES_LOOKAHEAD', '172800', 1, 1),
(52, 'REGION_OPTIONS_COLOURING', 'Media Colouring', 1, 1),
(53, 'LAYOUT_COPY_MEDIA_CHECKB', '0', 1, 1),
(54, 'MAX_LICENSED_DISPLAYS', '0', 0, 0),
(55, 'LIBRARY_MEDIA_UPDATEINALL_CHECKB', '1', 1, 1),
(56, 'USER_PASSWORD_POLICY', '', 1, 1),
(57, 'USER_PASSWORD_ERROR', '', 1, 1),
(58, 'MODULE_CONFIG_LOCKED_CHECKB', '0', 0, 0),
(59, 'LIBRARY_SIZE_LIMIT_KB', '0', 1, 0),
(60, 'MONTHLY_XMDS_TRANSFER_LIMIT_KB', '0', 1, 0),
(61, 'DEFAULT_LANGUAGE', 'pt_BR', 1, 1),
(62, 'TRANSITION_CONFIG_LOCKED_CHECKB', '0', 1, 0),
(63, 'GLOBAL_THEME_NAME', 'mga', 1, 1),
(64, 'DEFAULT_LAT', '51.504', 1, 1),
(65, 'DEFAULT_LONG', '-0.104', 1, 1),
(66, 'SCHEDULE_WITH_VIEW_PERMISSION', '0', 1, 1),
(67, 'SETTING_IMPORT_ENABLED', '1', 1, 1),
(68, 'SETTING_LIBRARY_TIDY_ENABLED', '1', 1, 1),
(69, 'SENDFILE_MODE', 'Off', 1, 1),
(70, 'EMBEDDED_STATUS_WIDGET', '', 1, 0),
(71, 'PROXY_HOST', '', 1, 1),
(72, 'PROXY_PORT', '0', 1, 1),
(73, 'PROXY_AUTH', '', 1, 1),
(74, 'DATE_FORMAT', 'd-m-Y H:i', 1, 1),
(75, 'DETECT_LANGUAGE', '0', 1, 1),
(76, 'DEFAULTS_IMPORTED', '1', 0, 0),
(77, 'FORCE_HTTPS', '0', 1, 1),
(78, 'ISSUE_STS', '0', 1, 1),
(79, 'STS_TTL', '600', 1, 1),
(81, 'CALENDAR_TYPE', 'Gregorian', 1, 1),
(82, 'DASHBOARD_LATEST_NEWS_ENABLED', '0', 1, 1),
(83, 'LIBRARY_MEDIA_DELETEOLDVER_CHECKB', '1', 1, 1),
(84, 'PROXY_EXCEPTIONS', '', 1, 1),
(85, 'INSTANCE_SUSPENDED', '0', 0, 0),
(86, 'INHERIT_PARENT_PERMISSIONS', '1', 1, 1),
(87, 'XMR_ADDRESS', 'tcp://localhost:5555', 1, 1),
(88, 'XMR_PUB_ADDRESS', '', 1, 1),
(89, 'CDN_URL', '', 0, 0),
(90, 'ELEVATE_LOG_UNTIL', '1587564540', 1, 1),
(91, 'RESTING_LOG_LEVEL', 'emergency', 1, 1),
(92, 'TASK_CONFIG_LOCKED_CHECKB', '0', 0, 0),
(93, 'WHITELIST_LOAD_BALANCERS', '', 1, 1),
(94, 'DEFAULT_LAYOUT', '41', 1, 1),
(95, 'DISPLAY_PROFILE_STATS_DEFAULT', '0', 1, 1),
(96, 'DISPLAY_PROFILE_CURRENT_LAYOUT_STATUS_ENABLED', '1', 1, 1),
(97, 'DISPLAY_PROFILE_SCREENSHOT_INTERVAL_ENABLED', '1', 1, 1),
(98, 'DISPLAY_PROFILE_SCREENSHOT_SIZE_DEFAULT', '200', 1, 1),
(99, 'LATEST_NEWS_URL', 'http://xibo.org.uk/feed', 0, 0),
(100, 'DISPLAY_LOCK_NAME_TO_DEVICENAME', '0', 1, 1),
(101, 'mail_from_name', '', 1, 1),
(102, 'SCHEDULE_SHOW_LAYOUT_NAME', '0', 1, 1),
(103, 'DEFAULT_USERGROUP', '1', 1, 1),
(104, 'PASSWORD_REMINDER_ENABLED', 'Off', 1, 1),
(105, 'DISPLAY_AUTO_AUTH', '0', 0, 0),
(106, 'EVENT_SYNC', '0', 0, 0),
(107, 'DEFAULT_TRANSITION_DURATION', '1000', 1, 1),
(108, 'LAYOUT_STATS_ENABLED_DEFAULT', '0', 1, 1),
(109, 'DISPLAY_PROFILE_AGGREGATION_LEVEL_DEFAULT', 'Individual', 1, 1),
(110, 'MEDIA_STATS_ENABLED_DEFAULT', 'Inherit', 1, 1),
(111, 'WIDGET_STATS_ENABLED_DEFAULT', 'Inherit', 1, 1),
(112, 'NAVIGATION_MENU_POSITION', 'vertical', 1, 1),
(113, 'TWOFACTOR_ISSUER', '', 1, 1),
(114, 'PLAYLIST_STATS_ENABLED_DEFAULT', 'Inherit', 1, 1),
(115, 'DEFAULT_RESIZE_LIMIT', '6000', 1, 1),
(116, 'DEFAULT_RESIZE_THRESHOLD', '1920', 1, 1),
(117, 'DEFAULT_CASCADE_PERMISSION_CHECKB', '1', 1, 1),
(118, 'DEFAULT_TRANSITION_IN', 'fadeIn', 1, 1),
(119, 'DEFAULT_TRANSITION_OUT', 'fadeOut', 1, 1),
(120, 'DEFAULT_LAYOUT_AUTO_PUBLISH_CHECKB', '1', 1, 1),
(121, 'QUICK_CHART_URL', 'https://quickchart.io', 1, 1),
(122, 'DEFAULT_TRANSITION_AUTO_APPLY', '0', 1, 1);

-- --------------------------------------------------------

--
-- Estrutura para tabela `stat`
--

CREATE TABLE `stat` (
  `statId` int(11) NOT NULL,
  `type` varchar(20) NOT NULL,
  `statDate` int(11) NOT NULL,
  `scheduleId` int(11) NOT NULL,
  `displayId` int(11) NOT NULL,
  `campaignId` int(11) DEFAULT NULL,
  `layoutId` int(11) DEFAULT NULL,
  `mediaId` int(11) DEFAULT NULL,
  `widgetId` int(11) DEFAULT NULL,
  `start` int(11) NOT NULL,
  `end` int(11) NOT NULL,
  `tag` varchar(254) DEFAULT NULL,
  `duration` int(11) NOT NULL,
  `count` int(11) NOT NULL,
  `engagements` text
) ENGINE=InnoDB DEFAULT CHARSET=utf8;

-- --------------------------------------------------------

--
-- Estrutura para tabela `status`
--

CREATE TABLE `status` (
  `id` int(11) NOT NULL,
  `status` varchar(254) NOT NULL
) ENGINE=InnoDB DEFAULT CHARSET=utf8;

--
-- Despejando dados para a tabela `status`
--

INSERT INTO `status` (`id`, `status`) VALUES
(1, 'Published'),
(2, 'Draft'),
(3, 'Pending Approval');

-- --------------------------------------------------------

--
-- Estrutura para tabela `tag`
--

CREATE TABLE `tag` (
  `tagId` int(11) NOT NULL,
  `tag` varchar(50) NOT NULL,
  `isSystem` int(11) NOT NULL DEFAULT '0',
  `options` text,
  `isRequired` int(11) NOT NULL DEFAULT '0'
) ENGINE=InnoDB DEFAULT CHARSET=utf8;

--
-- Despejando dados para a tabela `tag`
--

INSERT INTO `tag` (`tagId`, `tag`, `isSystem`, `options`, `isRequired`) VALUES
(1, 'template', 1, NULL, 0),
(2, 'background', 1, NULL, 0),
(3, 'thumbnail', 1, NULL, 0),
(4, 'default', 0, NULL, 0),
(5, 'imported', 0, NULL, 0),
(6, '', 0, NULL, 0);

-- --------------------------------------------------------

--
-- Estrutura para tabela `task`
--

CREATE TABLE `task` (
  `taskId` int(11) NOT NULL,
  `name` varchar(254) NOT NULL,
  `class` varchar(254) NOT NULL,
  `status` tinyint(4) NOT NULL DEFAULT '2',
  `pid` int(11) DEFAULT NULL,
  `options` text,
  `schedule` varchar(254) NOT NULL,
  `lastRunDt` int(11) NOT NULL DEFAULT '0',
  `lastRunStartDt` int(11) DEFAULT NULL,
  `lastRunMessage` varchar(255) DEFAULT NULL,
  `lastRunStatus` tinyint(4) NOT NULL DEFAULT '0',
  `lastRunDuration` smallint(6) NOT NULL DEFAULT '0',
  `lastRunExitCode` smallint(6) NOT NULL DEFAULT '0',
  `isActive` tinyint(4) NOT NULL,
  `runNow` tinyint(4) NOT NULL DEFAULT '0',
  `configFile` varchar(254) NOT NULL
) ENGINE=InnoDB DEFAULT CHARSET=utf8;

--
-- Despejando dados para a tabela `task`
--

INSERT INTO `task` (`taskId`, `name`, `class`, `status`, `pid`, `options`, `schedule`, `lastRunDt`, `lastRunStartDt`, `lastRunMessage`, `lastRunStatus`, `lastRunDuration`, `lastRunExitCode`, `isActive`, `runNow`, `configFile`) VALUES
(1, 'Daily Maintenance', '\\Xibo\\XTR\\MaintenanceDailyTask', 2, 0, '[]', '0 0 * * * *', 1732663509, 1732663491, '# Manutenção Diária\n\n## Importar Layouts\n - Não requer.\n\n## Limpar registros\n - Concluído.\n\n## Tidy Cache\n - Concluído.\n\n## Purge Expired API Tokens\n - Concluído.\n\n', 4, 18, 0, 1, 0, '/tasks/maintenance-daily.task'),
(2, 'Regular Maintenance', '\\Xibo\\XTR\\MaintenanceRegularTask', 2, 0, '[]', '*/5 * * * * *', 1732663875, 1732663875, '# Ligar pela Rede\n - Done\n\n## Playlist Duration Updates\n - Done\n\n## Criar Layouts\n - Done\n\n## Avançado\n - Done\n\n## Publishing layouts with set publish dates\n - Done\n\n', 4, 0, 0, 1, 0, '/tasks/maintenance-regular.task'),
(3, 'Email Notifications', '\\Xibo\\XTR\\EmailNotificationsTask', 2, 0, '[]', '*/5 * * * * *', 1732663875, 1732663875, '# Notificações por Email\n\n## Notificações por Email\n - Done\n', 4, 0, 0, 1, 0, '/tasks/email-notifications.task'),
(4, 'Stats Archive', '\\Xibo\\XTR\\StatsArchiveTask', 2, 0, '{\"periodSizeInDays\":\"7\",\"maxPeriods\":\"4\",\"archiveStats\":\"On\"}', '0 0 * * Mon', 1732663490, 1732663490, 'Nada para arquivar## Estatísicas do Tidy\n - Done - 0 deleted.\n\n', 4, 0, 0, 1, 0, '/tasks/stats-archiver.task'),
(5, 'Remove old Notifications', '\\Xibo\\XTR\\NotificationTidyTask', 2, 0, '{\"maxAgeDays\":\"7\",\"systemOnly\":\"1\",\"readOnly\":\"0\"}', '15 0 * * *', 1732663490, 1732663490, '# Notification Tidy\n\nConcluído\n\n', 4, 0, 0, 1, 0, '/tasks/notification-tidy.task'),
(6, 'Fetch Remote DataSets', '\\Xibo\\XTR\\RemoteDataSetFetchTask', 2, 0, '[]', '30 * * * * *', 1732663875, 1732663875, '# Fetching Remote-DataSets\n\nConcluído\n', 4, 0, 0, 1, 0, '/tasks/remote-dataset.task'),
(7, 'Drop Player Cache', '\\Xibo\\XTR\\DropPlayerCacheTask', 2, NULL, '[]', '0 0 1 1 *', 0, NULL, NULL, 0, 0, 0, 0, 0, '/tasks/drop-player-cache.task'),
(8, 'Sync Dynamic Playlists', '\\Xibo\\XTR\\DynamicPlaylistSyncTask', 2, 0, '[]', '* * * * * *', 1732663875, 1732663875, 'No library media/playlist updates since we last ran\n', 4, 0, 0, 1, 0, '/tasks/dynamic-playlist-sync.task'),
(9, 'Widget Sync', '\\Xibo\\XTR\\WidgetSyncTask', 2, 0, '[]', '*/3 * * * *', 1732663876, 1732663876, 'Synced 13 widgets across 2 layouts.\n', 4, 0, 0, 1, 0, '/tasks/widget-sync.task'),
(10, 'Report Schedule', '\\Xibo\\XTR\\ReportScheduleTask', 2, 0, '[]', '*/5 * * * * *', 1732663875, 1732663875, '# Report schedule\n\n', 4, 0, 0, 1, 0, '/tasks/report-schedule.task'),
(11, 'Statistics Migration', '\\Xibo\\XTR\\StatsMigrationTask', 2, 0, '{\"killSwitch\":\"0\",\"numberOfRecords\":\"5000\",\"numberOfLoops\":\"10\",\"pauseBetweenLoops\":\"1\",\"optimiseOnComplete\":\"1\"}', '*/10 * * * * *', 1631649489, 1631649489, '## Moving from stat_archive to stat (MySQL)\nDisabling Stats Archive Task.\n- Initial watermark is 1\n\n# End of records.\n- Dropping stat_archive.\nDone.\n\n# Disabling task.\nDone.\n\nEnabling Stats Archive Task.\n', 4, 0, 0, 0, 0, '/tasks/stats-migration.task'),
(12, 'Schedule Reminder', '\\Xibo\\XTR\\ScheduleReminderTask', 2, 0, '[]', '*/5 * * * * *', 1732663875, 1732663875, '# Schedule reminder\n\n', 4, 0, 0, 1, 0, '/tasks/schedule-reminder.task'),
(13, 'Image Processing', '\\Xibo\\XTR\\ImageProcessingTask', 2, 0, '[]', '*/5 * * * * *', 1732663876, 1732663875, '# Image Processing\n\nReleased and modified image count. 0\n', 4, 0, 0, 1, 0, '/tasks/image-processing.task'),
(14, 'CLEAR CACHED MEDIA', '\\Xibo\\XTR\\ClearCachedMediaDataTask', 2, 0, '[]', '* * * * *', 0, NULL, NULL, 0, 0, 0, 0, 1, '/tasks/clear-cached-media-data.task');

-- --------------------------------------------------------

--
-- Estrutura para tabela `transition`
--

CREATE TABLE `transition` (
  `transitionId` int(11) NOT NULL,
  `transition` varchar(254) NOT NULL,
  `code` varchar(254) NOT NULL,
  `hasDuration` tinyint(4) NOT NULL,
  `hasDirection` tinyint(4) NOT NULL,
  `availableAsIn` tinyint(4) NOT NULL,
  `availableAsOut` tinyint(4) NOT NULL
) ENGINE=InnoDB DEFAULT CHARSET=utf8;

--
-- Despejando dados para a tabela `transition`
--

INSERT INTO `transition` (`transitionId`, `transition`, `code`, `hasDuration`, `hasDirection`, `availableAsIn`, `availableAsOut`) VALUES
(1, 'Fade In', 'fadeIn', 1, 0, 1, 0),
(2, 'Fade Out', 'fadeOut', 1, 0, 0, 1),
(3, 'Fly', 'fly', 1, 1, 1, 1);

-- --------------------------------------------------------

--
-- Estrutura para tabela `user`
--

CREATE TABLE `user` (
  `userId` int(11) NOT NULL,
  `userTypeId` int(11) NOT NULL,
  `userName` varchar(50) NOT NULL,
  `userPassword` varchar(255) NOT NULL,
  `lastAccessed` datetime DEFAULT NULL,
  `email` varchar(255) DEFAULT NULL,
  `homePageId` tinyint(4) NOT NULL DEFAULT '1',
  `retired` tinyint(4) NOT NULL DEFAULT '0',
  `csprng` tinyint(4) NOT NULL DEFAULT '0',
  `newUserWizard` tinyint(4) NOT NULL DEFAULT '0',
  `firstName` varchar(254) DEFAULT NULL,
  `lastName` varchar(254) DEFAULT NULL,
  `phone` varchar(254) DEFAULT NULL,
  `ref1` varchar(254) DEFAULT NULL,
  `ref2` varchar(254) DEFAULT NULL,
  `ref3` varchar(254) DEFAULT NULL,
  `ref4` varchar(254) DEFAULT NULL,
  `ref5` varchar(254) DEFAULT NULL,
  `isPasswordChangeRequired` tinyint(4) NOT NULL DEFAULT '0',
  `twoFactorTypeId` int(11) NOT NULL DEFAULT '0',
  `twoFactorSecret` text,
  `twoFactorRecoveryCodes` text,
  `showContentFrom` tinyint(4) NOT NULL DEFAULT '1'
) ENGINE=InnoDB DEFAULT CHARSET=utf8;

--
-- Despejando dados para a tabela `user`
--

INSERT INTO `user` (`userId`, `userTypeId`, `userName`, `userPassword`, `lastAccessed`, `email`, `homePageId`, `retired`, `csprng`, `newUserWizard`, `firstName`, `lastName`, `phone`, `ref1`, `ref2`, `ref3`, `ref4`, `ref5`, `isPasswordChangeRequired`, `twoFactorTypeId`, `twoFactorSecret`, `twoFactorRecoveryCodes`, `showContentFrom`) VALUES
(1, 1, 'admin', '$2y$10$VyiJGN4l2G8t1uD6pdcqyuCHrz0V2C8ddXXGkYwW4VE9ps/Xvwtsy', '2024-09-23 11:42:38', NULL, 29, 0, 2, 1, NULL, NULL, NULL, NULL, NULL, NULL, NULL, NULL, 0, 0, NULL, NULL, 1),
(4, 3, 'ipiabas', '$2y$10$oJWMaV23QmhqFDB2bck0QuEgNW3hsPFUiCk9qAbQ63FA7y45DXTJ.', '2024-11-25 11:47:42', NULL, 24, 0, 2, 1, NULL, NULL, NULL, NULL, NULL, NULL, NULL, NULL, 0, 0, NULL, NULL, 1),
(6, 3, 'santana', '$2y$10$XlC6dQy8wJW4G/W3Cly5ouI9a2WYqvNqSuBqObli5MyafTYxDIwWK', '2024-06-19 16:25:43', NULL, 24, 0, 2, 1, NULL, NULL, NULL, NULL, NULL, NULL, NULL, NULL, 0, 0, NULL, NULL, 1),
(7, 3, 'areal', '$2y$10$dhJpcQjn5bC8nUkkFXnJyOgp9bqhV7FEyleAqB0nBodaxX3juI0l2', '2024-11-21 11:37:05', NULL, 24, 0, 2, 1, NULL, NULL, NULL, NULL, NULL, NULL, NULL, NULL, 0, 0, NULL, NULL, 1),
(8, 3, 'boasorte', '$2y$10$uh/jjVKOdGeqKGB52jukmubqTzFIUCXrL8TtB7K6SFSCywzkCh2ky', '2024-11-21 11:05:29', NULL, 24, 0, 2, 1, NULL, NULL, NULL, NULL, NULL, NULL, NULL, NULL, 0, 0, NULL, NULL, 1),
(10, 3, 'matadouro', '$2y$10$H3czqmHfetX1z1K8YYI5GuIupg1DTOPRvKO4t5HGosegBGUjrQmRO', '2024-11-21 11:14:03', NULL, 24, 0, 2, 1, NULL, NULL, NULL, NULL, NULL, NULL, NULL, NULL, 0, 0, NULL, NULL, 1),
(12, 3, 'promo01', '$2y$10$DLOobjtzV6C7xKBhUqAYyOP/N97AmkIBS62kT9IgZYhnRJhnvBurW', '2024-11-19 11:06:35', NULL, 24, 0, 2, 1, NULL, NULL, NULL, NULL, NULL, NULL, NULL, NULL, 0, 0, NULL, NULL, 1);

-- --------------------------------------------------------

--
-- Estrutura para tabela `useroption`
--

CREATE TABLE `useroption` (
  `userId` int(11) NOT NULL,
  `option` varchar(50) NOT NULL,
  `value` text
) ENGINE=InnoDB DEFAULT CHARSET=utf8;

--
-- Despejando dados para a tabela `useroption`
--

INSERT INTO `useroption` (`userId`, `option`, `value`) VALUES
(1, 'applicationsGrid', '{\"time\":1684885590602,\"start\":0,\"length\":10,\"order\":[[0,\"asc\"]],\"search\":{\"search\":\"\",\"smart\":true,\"regex\":false,\"caseInsensitive\":true},\"columns\":[{\"visible\":true,\"search\":{\"search\":\"\",\"smart\":true,\"regex\":false,\"caseInsensitive\":true}},{\"visible\":true,\"search\":{\"search\":\"\",\"smart\":true,\"regex\":false,\"caseInsensitive\":true}},{\"visible\":true,\"search\":{\"search\":\"\",\"smart\":true,\"regex\":false,\"caseInsensitive\":true}}]}'),
(1, 'campaignGrid', '{\"time\":1609961693464,\"start\":0,\"length\":10,\"order\":[[0,\"asc\"]],\"search\":{\"search\":\"\",\"smart\":true,\"regex\":false,\"caseInsensitive\":true},\"columns\":[{\"visible\":true,\"search\":{\"search\":\"\",\"smart\":true,\"regex\":false,\"caseInsensitive\":true}},{\"visible\":true,\"search\":{\"search\":\"\",\"smart\":true,\"regex\":false,\"caseInsensitive\":true}},{\"visible\":true,\"search\":{\"search\":\"\",\"smart\":true,\"regex\":false,\"caseInsensitive\":true}},{\"visible\":true,\"search\":{\"search\":\"\",\"smart\":true,\"regex\":false,\"caseInsensitive\":true}},{\"visible\":true,\"search\":{\"search\":\"\",\"smart\":true,\"regex\":false,\"caseInsensitive\":true}}]}'),
(1, 'commandGrid', '{\"time\":1684885556602,\"start\":0,\"length\":10,\"order\":[[1,\"asc\"]],\"search\":{\"search\":\"\",\"smart\":true,\"regex\":false,\"caseInsensitive\":true},\"columns\":[{\"visible\":true,\"search\":{\"search\":\"\",\"smart\":true,\"regex\":false,\"caseInsensitive\":true}},{\"visible\":true,\"search\":{\"search\":\"\",\"smart\":true,\"regex\":false,\"caseInsensitive\":true}},{\"visible\":true,\"search\":{\"search\":\"\",\"smart\":true,\"regex\":false,\"caseInsensitive\":true}},{\"visible\":true,\"search\":{\"search\":\"\",\"smart\":true,\"regex\":false,\"caseInsensitive\":true}},{\"visible\":true,\"search\":{\"search\":\"\",\"smart\":true,\"regex\":false,\"caseInsensitive\":true}}]}'),
(1, 'dataSetColumnGrid', '{\"time\":1684945277481,\"start\":0,\"length\":10,\"order\":[[0,\"asc\"]],\"search\":{\"search\":\"\",\"smart\":true,\"regex\":false,\"caseInsensitive\":true},\"columns\":[{\"visible\":true,\"search\":{\"search\":\"\",\"smart\":true,\"regex\":false,\"caseInsensitive\":true}},{\"visible\":true,\"search\":{\"search\":\"\",\"smart\":true,\"regex\":false,\"caseInsensitive\":true}},{\"visible\":true,\"search\":{\"search\":\"\",\"smart\":true,\"regex\":false,\"caseInsensitive\":true}},{\"visible\":true,\"search\":{\"search\":\"\",\"smart\":true,\"regex\":false,\"caseInsensitive\":true}},{\"visible\":true,\"search\":{\"search\":\"\",\"smart\":true,\"regex\":false,\"caseInsensitive\":true}},{\"visible\":true,\"search\":{\"search\":\"\",\"smart\":true,\"regex\":false,\"caseInsensitive\":true}}]}'),
(1, 'dataSetGrid', '{\"time\":1695908239757,\"start\":25,\"length\":25,\"order\":[[6,\"desc\"]],\"search\":{\"search\":\"\",\"smart\":true,\"regex\":false,\"caseInsensitive\":true},\"columns\":[{\"visible\":true,\"search\":{\"search\":\"\",\"smart\":true,\"regex\":false,\"caseInsensitive\":true}},{\"visible\":true,\"search\":{\"search\":\"\",\"smart\":true,\"regex\":false,\"caseInsensitive\":true}},{\"visible\":true,\"search\":{\"search\":\"\",\"smart\":true,\"regex\":false,\"caseInsensitive\":true}},{\"visible\":true,\"search\":{\"search\":\"\",\"smart\":true,\"regex\":false,\"caseInsensitive\":true}},{\"visible\":true,\"search\":{\"search\":\"\",\"smart\":true,\"regex\":false,\"caseInsensitive\":true}},{\"visible\":true,\"search\":{\"search\":\"\",\"smart\":true,\"regex\":false,\"caseInsensitive\":true}},{\"visible\":true,\"search\":{\"search\":\"\",\"smart\":true,\"regex\":false,\"caseInsensitive\":true}},{\"visible\":true,\"search\":{\"search\":\"\",\"smart\":true,\"regex\":false,\"caseInsensitive\":true}},{\"visible\":true,\"search\":{\"search\":\"\",\"smart\":true,\"regex\":false,\"caseInsensitive\":true}}]}'),
(1, 'daypartGrid', '{\"time\":1595861817723,\"start\":0,\"length\":10,\"order\":[[1,\"asc\"]],\"search\":{\"search\":\"\",\"smart\":true,\"regex\":false,\"caseInsensitive\":true},\"columns\":[{\"visible\":true,\"search\":{\"search\":\"\",\"smart\":true,\"regex\":false,\"caseInsensitive\":true}},{\"visible\":true,\"search\":{\"search\":\"\",\"smart\":true,\"regex\":false,\"caseInsensitive\":true}},{\"visible\":true,\"search\":{\"search\":\"\",\"smart\":true,\"regex\":false,\"caseInsensitive\":true}},{\"visible\":true,\"search\":{\"search\":\"\",\"smart\":true,\"regex\":false,\"caseInsensitive\":true}},{\"visible\":true,\"search\":{\"search\":\"\",\"smart\":true,\"regex\":false,\"caseInsensitive\":true}}]}'),
(1, 'displayGrid', '{\"time\":1727102639143,\"start\":0,\"length\":10,\"order\":[[1,\"asc\"]],\"search\":{\"search\":\"\",\"smart\":true,\"regex\":false,\"caseInsensitive\":true},\"columns\":[{\"visible\":true,\"search\":{\"search\":\"\",\"smart\":true,\"regex\":false,\"caseInsensitive\":true}},{\"visible\":true,\"search\":{\"search\":\"\",\"smart\":true,\"regex\":false,\"caseInsensitive\":true}},{\"visible\":true,\"search\":{\"search\":\"\",\"smart\":true,\"regex\":false,\"caseInsensitive\":true}},{\"visible\":true,\"search\":{\"search\":\"\",\"smart\":true,\"regex\":false,\"caseInsensitive\":true}},{\"visible\":false,\"search\":{\"search\":\"\",\"smart\":true,\"regex\":false,\"caseInsensitive\":true}},{\"visible\":false,\"search\":{\"search\":\"\",\"smart\":true,\"regex\":false,\"caseInsensitive\":true}},{\"visible\":false,\"search\":{\"search\":\"\",\"smart\":true,\"regex\":false,\"caseInsensitive\":true}},{\"visible\":false,\"search\":{\"search\":\"\",\"smart\":true,\"regex\":false,\"caseInsensitive\":true}},{\"visible\":false,\"search\":{\"search\":\"\",\"smart\":true,\"regex\":false,\"caseInsensitive\":true}},{\"visible\":false,\"search\":{\"search\":\"\",\"smart\":true,\"regex\":false,\"caseInsensitive\":true}},{\"visible\":false,\"search\":{\"search\":\"\",\"smart\":true,\"regex\":false,\"caseInsensitive\":true}},{\"visible\":false,\"search\":{\"search\":\"\",\"smart\":true,\"regex\":false,\"caseInsensitive\":true}},{\"visible\":false,\"search\":{\"search\":\"\",\"smart\":true,\"regex\":false,\"caseInsensitive\":true}},{\"visible\":false,\"search\":{\"search\":\"\",\"smart\":true,\"regex\":false,\"caseInsensitive\":true}},{\"visible\":false,\"search\":{\"search\":\"\",\"smart\":true,\"regex\":false,\"caseInsensitive\":true}},{\"visible\":true,\"search\":{\"search\":\"\",\"smart\":true,\"regex\":false,\"caseInsensitive\":true}},{\"visible\":true,\"search\":{\"search\":\"\",\"smart\":true,\"regex\":false,\"caseInsensitive\":true}},{\"visible\":false,\"search\":{\"search\":\"\",\"smart\":true,\"regex\":false,\"caseInsensitive\":true}},{\"visible\":false,\"search\":{\"search\":\"\",\"smart\":true,\"regex\":false,\"caseInsensitive\":true}},{\"visible\":false,\"search\":{\"search\":\"\",\"smart\":true,\"regex\":false,\"caseInsensitive\":true}},{\"visible\":false,\"search\":{\"search\":\"\",\"smart\":true,\"regex\":false,\"caseInsensitive\":true}},{\"visible\":true,\"search\":{\"search\":\"\",\"smart\":true,\"regex\":false,\"caseInsensitive\":true}},{\"visible\":false,\"search\":{\"search\":\"\",\"smart\":true,\"regex\":false,\"caseInsensitive\":true}},{\"visible\":false,\"search\":{\"search\":\"\",\"smart\":true,\"regex\":false,\"caseInsensitive\":true}},{\"visible\":false,\"search\":{\"search\":\"\",\"smart\":true,\"regex\":false,\"caseInsensitive\":true}},{\"visible\":false,\"search\":{\"search\":\"\",\"smart\":true,\"regex\":false,\"caseInsensitive\":true}},{\"visible\":false,\"search\":{\"search\":\"\",\"smart\":true,\"regex\":false,\"caseInsensitive\":true}},{\"visible\":false,\"search\":{\"search\":\"\",\"smart\":true,\"regex\":false,\"caseInsensitive\":true}},{\"visible\":false,\"search\":{\"search\":\"\",\"smart\":true,\"regex\":false,\"caseInsensitive\":true}},{\"visible\":false,\"search\":{\"search\":\"\",\"smart\":true,\"regex\":false,\"caseInsensitive\":true}},{\"visible\":false,\"search\":{\"search\":\"\",\"smart\":true,\"regex\":false,\"caseInsensitive\":true}},{\"visible\":false,\"search\":{\"search\":\"\",\"smart\":true,\"regex\":false,\"caseInsensitive\":true}},{\"visible\":true,\"search\":{\"search\":\"\",\"smart\":true,\"regex\":false,\"caseInsensitive\":true}},{\"visible\":true,\"search\":{\"search\":\"\",\"smart\":true,\"regex\":false,\"caseInsensitive\":true}}]}'),
(1, 'displayGroupGrid', '{\"time\":1688048440232,\"start\":0,\"length\":10,\"order\":[[1,\"asc\"]],\"search\":{\"search\":\"\",\"smart\":true,\"regex\":false,\"caseInsensitive\":true},\"columns\":[{\"visible\":true,\"search\":{\"search\":\"\",\"smart\":true,\"regex\":false,\"caseInsensitive\":true}},{\"visible\":true,\"search\":{\"search\":\"\",\"smart\":true,\"regex\":false,\"caseInsensitive\":true}},{\"visible\":true,\"search\":{\"search\":\"\",\"smart\":true,\"regex\":false,\"caseInsensitive\":true}},{\"visible\":true,\"search\":{\"search\":\"\",\"smart\":true,\"regex\":false,\"caseInsensitive\":true}},{\"visible\":true,\"search\":{\"search\":\"\",\"smart\":true,\"regex\":false,\"caseInsensitive\":true}},{\"visible\":true,\"search\":{\"search\":\"\",\"smart\":true,\"regex\":false,\"caseInsensitive\":true}},{\"visible\":true,\"search\":{\"search\":\"\",\"smart\":true,\"regex\":false,\"caseInsensitive\":true}},{\"visible\":true,\"search\":{\"search\":\"\",\"smart\":true,\"regex\":false,\"caseInsensitive\":true}}]}'),
(1, 'displayProfileGrid', '{\"time\":1695823694807,\"start\":0,\"length\":10,\"order\":[[1,\"asc\"]],\"search\":{\"search\":\"\",\"smart\":true,\"regex\":false,\"caseInsensitive\":true},\"columns\":[{\"visible\":true,\"search\":{\"search\":\"\",\"smart\":true,\"regex\":false,\"caseInsensitive\":true}},{\"visible\":true,\"search\":{\"search\":\"\",\"smart\":true,\"regex\":false,\"caseInsensitive\":true}},{\"visible\":true,\"search\":{\"search\":\"\",\"smart\":true,\"regex\":false,\"caseInsensitive\":true}},{\"visible\":true,\"search\":{\"search\":\"\",\"smart\":true,\"regex\":false,\"caseInsensitive\":true}}]}'),
(1, 'displaysGrid', '{\"time\":1694431615864,\"start\":0,\"length\":10,\"order\":[[1,\"asc\"]],\"search\":{\"search\":\"\",\"smart\":true,\"regex\":false,\"caseInsensitive\":true},\"columns\":[{\"visible\":true,\"search\":{\"search\":\"\",\"smart\":true,\"regex\":false,\"caseInsensitive\":true}},{\"visible\":true,\"search\":{\"search\":\"\",\"smart\":true,\"regex\":false,\"caseInsensitive\":true}},{\"visible\":true,\"search\":{\"search\":\"\",\"smart\":true,\"regex\":false,\"caseInsensitive\":true}},{\"visible\":true,\"search\":{\"search\":\"\",\"smart\":true,\"regex\":false,\"caseInsensitive\":true}},{\"visible\":false,\"search\":{\"search\":\"\",\"smart\":true,\"regex\":false,\"caseInsensitive\":true}},{\"visible\":false,\"search\":{\"search\":\"\",\"smart\":true,\"regex\":false,\"caseInsensitive\":true}},{\"visible\":false,\"search\":{\"search\":\"\",\"smart\":true,\"regex\":false,\"caseInsensitive\":true}},{\"visible\":false,\"search\":{\"search\":\"\",\"smart\":true,\"regex\":false,\"caseInsensitive\":true}},{\"visible\":false,\"search\":{\"search\":\"\",\"smart\":true,\"regex\":false,\"caseInsensitive\":true}},{\"visible\":false,\"search\":{\"search\":\"\",\"smart\":true,\"regex\":false,\"caseInsensitive\":true}},{\"visible\":false,\"search\":{\"search\":\"\",\"smart\":true,\"regex\":false,\"caseInsensitive\":true}},{\"visible\":false,\"search\":{\"search\":\"\",\"smart\":true,\"regex\":false,\"caseInsensitive\":true}},{\"visible\":false,\"search\":{\"search\":\"\",\"smart\":true,\"regex\":false,\"caseInsensitive\":true}},{\"visible\":true,\"search\":{\"search\":\"\",\"smart\":true,\"regex\":false,\"caseInsensitive\":true}},{\"visible\":true,\"search\":{\"search\":\"\",\"smart\":true,\"regex\":false,\"caseInsensitive\":true}},{\"visible\":false,\"search\":{\"search\":\"\",\"smart\":true,\"regex\":false,\"caseInsensitive\":true}},{\"visible\":false,\"search\":{\"search\":\"\",\"smart\":true,\"regex\":false,\"caseInsensitive\":true}},{\"visible\":false,\"search\":{\"search\":\"\",\"smart\":true,\"regex\":false,\"caseInsensitive\":true}},{\"visible\":false,\"search\":{\"search\":\"\",\"smart\":true,\"regex\":false,\"caseInsensitive\":true}},{\"visible\":true,\"search\":{\"search\":\"\",\"smart\":true,\"regex\":false,\"caseInsensitive\":true}},{\"visible\":false,\"search\":{\"search\":\"\",\"smart\":true,\"regex\":false,\"caseInsensitive\":true}},{\"visible\":false,\"search\":{\"search\":\"\",\"smart\":true,\"regex\":false,\"caseInsensitive\":true}},{\"visible\":false,\"search\":{\"search\":\"\",\"smart\":true,\"regex\":false,\"caseInsensitive\":true}},{\"visible\":false,\"search\":{\"search\":\"\",\"smart\":true,\"regex\":false,\"caseInsensitive\":true}},{\"visible\":false,\"search\":{\"search\":\"\",\"smart\":true,\"regex\":false,\"caseInsensitive\":true}},{\"visible\":true,\"search\":{\"search\":\"\",\"smart\":true,\"regex\":false,\"caseInsensitive\":true}}]}'),
(1, 'layoutGrid', '{\"time\":1695908029304,\"start\":0,\"length\":10,\"order\":[[7,\"asc\"]],\"search\":{\"search\":\"\",\"smart\":true,\"regex\":false,\"caseInsensitive\":true},\"columns\":[{\"visible\":true,\"search\":{\"search\":\"\",\"smart\":true,\"regex\":false,\"caseInsensitive\":true}},{\"visible\":true,\"search\":{\"search\":\"\",\"smart\":true,\"regex\":false,\"caseInsensitive\":true}},{\"visible\":true,\"search\":{\"search\":\"\",\"smart\":true,\"regex\":false,\"caseInsensitive\":true}},{\"visible\":true,\"search\":{\"search\":\"\",\"smart\":true,\"regex\":false,\"caseInsensitive\":true}},{\"visible\":true,\"search\":{\"search\":\"\",\"smart\":true,\"regex\":false,\"caseInsensitive\":true}},{\"visible\":false,\"search\":{\"search\":\"\",\"smart\":true,\"regex\":false,\"caseInsensitive\":true}},{\"visible\":true,\"search\":{\"search\":\"\",\"smart\":true,\"regex\":false,\"caseInsensitive\":true}},{\"visible\":true,\"search\":{\"search\":\"\",\"smart\":true,\"regex\":false,\"caseInsensitive\":true}},{\"visible\":true,\"search\":{\"search\":\"\",\"smart\":true,\"regex\":false,\"caseInsensitive\":true}},{\"visible\":true,\"search\":{\"search\":\"\",\"smart\":true,\"regex\":false,\"caseInsensitive\":true}},{\"visible\":true,\"search\":{\"search\":\"\",\"smart\":true,\"regex\":false,\"caseInsensitive\":true}},{\"visible\":false,\"search\":{\"search\":\"\",\"smart\":true,\"regex\":false,\"caseInsensitive\":true}},{\"visible\":false,\"search\":{\"search\":\"\",\"smart\":true,\"regex\":false,\"caseInsensitive\":true}},{\"visible\":true,\"search\":{\"search\":\"\",\"smart\":true,\"regex\":false,\"caseInsensitive\":true}}]}'),
(1, 'libraryGrid', '{\"time\":1695824919905,\"start\":0,\"length\":50,\"order\":[[1,\"asc\"]],\"search\":{\"search\":\"\",\"smart\":true,\"regex\":false,\"caseInsensitive\":true},\"columns\":[{\"visible\":true,\"search\":{\"search\":\"\",\"smart\":true,\"regex\":false,\"caseInsensitive\":true}},{\"visible\":true,\"search\":{\"search\":\"\",\"smart\":true,\"regex\":false,\"caseInsensitive\":true}},{\"visible\":true,\"search\":{\"search\":\"\",\"smart\":true,\"regex\":false,\"caseInsensitive\":true}},{\"visible\":false,\"search\":{\"search\":\"\",\"smart\":true,\"regex\":false,\"caseInsensitive\":true}},{\"visible\":true,\"search\":{\"search\":\"\",\"smart\":true,\"regex\":false,\"caseInsensitive\":true}},{\"visible\":true,\"search\":{\"search\":\"\",\"smart\":true,\"regex\":false,\"caseInsensitive\":true}},{\"visible\":false,\"search\":{\"search\":\"\",\"smart\":true,\"regex\":false,\"caseInsensitive\":true}},{\"visible\":true,\"search\":{\"search\":\"\",\"smart\":true,\"regex\":false,\"caseInsensitive\":true}},{\"visible\":false,\"search\":{\"search\":\"\",\"smart\":true,\"regex\":false,\"caseInsensitive\":true}},{\"visible\":true,\"search\":{\"search\":\"\",\"smart\":true,\"regex\":false,\"caseInsensitive\":true}},{\"visible\":true,\"search\":{\"search\":\"\",\"smart\":true,\"regex\":false,\"caseInsensitive\":true}},{\"visible\":false,\"search\":{\"search\":\"\",\"smart\":true,\"regex\":false,\"caseInsensitive\":true}},{\"visible\":false,\"search\":{\"search\":\"\",\"smart\":true,\"regex\":false,\"caseInsensitive\":true}},{\"visible\":true,\"search\":{\"search\":\"\",\"smart\":true,\"regex\":false,\"caseInsensitive\":true}},{\"visible\":true,\"search\":{\"search\":\"\",\"smart\":true,\"regex\":false,\"caseInsensitive\":true}},{\"visible\":false,\"search\":{\"search\":\"\",\"smart\":true,\"regex\":false,\"caseInsensitive\":true}},{\"visible\":false,\"search\":{\"search\":\"\",\"smart\":true,\"regex\":false,\"caseInsensitive\":true}},{\"visible\":true,\"search\":{\"search\":\"\",\"smart\":true,\"regex\":false,\"caseInsensitive\":true}},{\"visible\":true,\"search\":{\"search\":\"\",\"smart\":true,\"regex\":false,\"caseInsensitive\":true}}]}'),
(1, 'logGrid', '{\"time\":1595862333984,\"start\":0,\"length\":10,\"order\":[[0,\"desc\"]],\"search\":{\"search\":\"\",\"smart\":true,\"regex\":false,\"caseInsensitive\":true},\"columns\":[{\"visible\":true,\"search\":{\"search\":\"\",\"smart\":true,\"regex\":false,\"caseInsensitive\":true}},{\"visible\":true,\"search\":{\"search\":\"\",\"smart\":true,\"regex\":false,\"caseInsensitive\":true}},{\"visible\":true,\"search\":{\"search\":\"\",\"smart\":true,\"regex\":false,\"caseInsensitive\":true}},{\"visible\":true,\"search\":{\"search\":\"\",\"smart\":true,\"regex\":false,\"caseInsensitive\":true}},{\"visible\":true,\"search\":{\"search\":\"\",\"smart\":true,\"regex\":false,\"caseInsensitive\":true}},{\"visible\":true,\"search\":{\"search\":\"\",\"smart\":true,\"regex\":false,\"caseInsensitive\":true}},{\"visible\":true,\"search\":{\"search\":\"\",\"smart\":true,\"regex\":false,\"caseInsensitive\":true}},{\"visible\":true,\"search\":{\"search\":\"\",\"smart\":true,\"regex\":false,\"caseInsensitive\":true}},{\"visible\":true,\"search\":{\"search\":\"\",\"smart\":true,\"regex\":false,\"caseInsensitive\":true}}]}'),
(1, 'moduleGrid', '{\"time\":1695829404971,\"start\":20,\"length\":10,\"order\":[[0,\"asc\"]],\"search\":{\"search\":\"\",\"smart\":true,\"regex\":false,\"caseInsensitive\":true},\"columns\":[{\"visible\":true,\"search\":{\"search\":\"\",\"smart\":true,\"regex\":false,\"caseInsensitive\":true}},{\"visible\":true,\"search\":{\"search\":\"\",\"smart\":true,\"regex\":false,\"caseInsensitive\":true}},{\"visible\":true,\"search\":{\"search\":\"\",\"smart\":true,\"regex\":false,\"caseInsensitive\":true}},{\"visible\":true,\"search\":{\"search\":\"\",\"smart\":true,\"regex\":false,\"caseInsensitive\":true}},{\"visible\":true,\"search\":{\"search\":\"\",\"smart\":true,\"regex\":false,\"caseInsensitive\":true}},{\"visible\":true,\"search\":{\"search\":\"\",\"smart\":true,\"regex\":false,\"caseInsensitive\":true}},{\"visible\":true,\"search\":{\"search\":\"\",\"smart\":true,\"regex\":false,\"caseInsensitive\":true}},{\"visible\":true,\"search\":{\"search\":\"\",\"smart\":true,\"regex\":false,\"caseInsensitive\":true}},{\"visible\":true,\"search\":{\"search\":\"\",\"smart\":true,\"regex\":false,\"caseInsensitive\":true}}]}'),
(1, 'notificationGrid', '{\"time\":1682791237196,\"start\":0,\"length\":10,\"order\":[[1,\"desc\"]],\"search\":{\"search\":\"\",\"smart\":true,\"regex\":false,\"caseInsensitive\":true},\"columns\":[{\"visible\":true,\"search\":{\"search\":\"\",\"smart\":true,\"regex\":false,\"caseInsensitive\":true}},{\"visible\":true,\"search\":{\"search\":\"\",\"smart\":true,\"regex\":false,\"caseInsensitive\":true}},{\"visible\":true,\"search\":{\"search\":\"\",\"smart\":true,\"regex\":false,\"caseInsensitive\":true}},{\"visible\":true,\"search\":{\"search\":\"\",\"smart\":true,\"regex\":false,\"caseInsensitive\":true}},{\"visible\":true,\"search\":{\"search\":\"\",\"smart\":true,\"regex\":false,\"caseInsensitive\":true}}]}'),
(1, 'playerSoftwareGrid', '{\"time\":1595861927653,\"start\":0,\"length\":10,\"order\":[[2,\"asc\"]],\"search\":{\"search\":\"\",\"smart\":true,\"regex\":false,\"caseInsensitive\":true},\"columns\":[{\"visible\":true,\"search\":{\"search\":\"\",\"smart\":true,\"regex\":false,\"caseInsensitive\":true}},{\"visible\":true,\"search\":{\"search\":\"\",\"smart\":true,\"regex\":false,\"caseInsensitive\":true}},{\"visible\":true,\"search\":{\"search\":\"\",\"smart\":true,\"regex\":false,\"caseInsensitive\":true}},{\"visible\":true,\"search\":{\"search\":\"\",\"smart\":true,\"regex\":false,\"caseInsensitive\":true}},{\"visible\":true,\"search\":{\"search\":\"\",\"smart\":true,\"regex\":false,\"caseInsensitive\":true}},{\"visible\":true,\"search\":{\"search\":\"\",\"smart\":true,\"regex\":false,\"caseInsensitive\":true}},{\"visible\":true,\"search\":{\"search\":\"\",\"smart\":true,\"regex\":false,\"caseInsensitive\":true}},{\"visible\":true,\"search\":{\"search\":\"\",\"smart\":true,\"regex\":false,\"caseInsensitive\":true}},{\"visible\":true,\"search\":{\"search\":\"\",\"smart\":true,\"regex\":false,\"caseInsensitive\":true}}]}'),
(1, 'playlistGrid', '{\"time\":1687454370380,\"start\":0,\"length\":10,\"order\":[[1,\"asc\"]],\"search\":{\"search\":\"\",\"smart\":true,\"regex\":false,\"caseInsensitive\":true},\"columns\":[{\"visible\":true,\"search\":{\"search\":\"\",\"smart\":true,\"regex\":false,\"caseInsensitive\":true}},{\"visible\":true,\"search\":{\"search\":\"\",\"smart\":true,\"regex\":false,\"caseInsensitive\":true}},{\"visible\":true,\"search\":{\"search\":\"\",\"smart\":true,\"regex\":false,\"caseInsensitive\":true}},{\"visible\":false,\"search\":{\"search\":\"\",\"smart\":true,\"regex\":false,\"caseInsensitive\":true}},{\"visible\":true,\"search\":{\"search\":\"\",\"smart\":true,\"regex\":false,\"caseInsensitive\":true}},{\"visible\":true,\"search\":{\"search\":\"\",\"smart\":true,\"regex\":false,\"caseInsensitive\":true}},{\"visible\":true,\"search\":{\"search\":\"\",\"smart\":true,\"regex\":false,\"caseInsensitive\":true}},{\"visible\":false,\"search\":{\"search\":\"\",\"smart\":true,\"regex\":false,\"caseInsensitive\":true}},{\"visible\":false,\"search\":{\"search\":\"\",\"smart\":true,\"regex\":false,\"caseInsensitive\":true}},{\"visible\":true,\"search\":{\"search\":\"\",\"smart\":true,\"regex\":false,\"caseInsensitive\":true}},{\"visible\":true,\"search\":{\"search\":\"\",\"smart\":true,\"regex\":false,\"caseInsensitive\":true}}]}'),
(1, 'resolutionGrid', '{\"time\":1595861860357,\"start\":0,\"length\":10,\"order\":[[1,\"asc\"]],\"search\":{\"search\":\"\",\"smart\":true,\"regex\":false,\"caseInsensitive\":true},\"columns\":[{\"visible\":true,\"search\":{\"search\":\"\",\"smart\":true,\"regex\":false,\"caseInsensitive\":true}},{\"visible\":true,\"search\":{\"search\":\"\",\"smart\":true,\"regex\":false,\"caseInsensitive\":true}},{\"visible\":true,\"search\":{\"search\":\"\",\"smart\":true,\"regex\":false,\"caseInsensitive\":true}},{\"visible\":true,\"search\":{\"search\":\"\",\"smart\":true,\"regex\":false,\"caseInsensitive\":true}},{\"visible\":true,\"search\":{\"search\":\"\",\"smart\":true,\"regex\":false,\"caseInsensitive\":true}},{\"visible\":true,\"search\":{\"search\":\"\",\"smart\":true,\"regex\":false,\"caseInsensitive\":true}}]}'),
(1, 'statusDashboardDisplays', '{\"time\":1727102565572,\"start\":0,\"length\":10,\"order\":[[0,\"asc\"]],\"search\":{\"search\":\"\",\"smart\":true,\"regex\":false,\"caseInsensitive\":true},\"columns\":[{\"visible\":true,\"search\":{\"search\":\"\",\"smart\":true,\"regex\":false,\"caseInsensitive\":true}},{\"visible\":true,\"search\":{\"search\":\"\",\"smart\":true,\"regex\":false,\"caseInsensitive\":true}},{\"visible\":true,\"search\":{\"search\":\"\",\"smart\":true,\"regex\":false,\"caseInsensitive\":true}}]}'),
(1, 'tagsGrid', '{\"time\":1684885577220,\"start\":0,\"length\":10,\"order\":[[1,\"desc\"]],\"search\":{\"search\":\"\",\"smart\":true,\"regex\":false,\"caseInsensitive\":true},\"columns\":[{\"visible\":true,\"search\":{\"search\":\"\",\"smart\":true,\"regex\":false,\"caseInsensitive\":true}},{\"visible\":true,\"search\":{\"search\":\"\",\"smart\":true,\"regex\":false,\"caseInsensitive\":true}},{\"visible\":true,\"search\":{\"search\":\"\",\"smart\":true,\"regex\":false,\"caseInsensitive\":true}},{\"visible\":true,\"search\":{\"search\":\"\",\"smart\":true,\"regex\":false,\"caseInsensitive\":true}},{\"visible\":true,\"search\":{\"search\":\"\",\"smart\":true,\"regex\":false,\"caseInsensitive\":true}}]}'),
(1, 'taskGrid', '{\"time\":1685064271404,\"start\":0,\"length\":10,\"order\":[[1,\"asc\"]],\"search\":{\"search\":\"\",\"smart\":true,\"regex\":false,\"caseInsensitive\":true},\"columns\":[{\"visible\":true,\"search\":{\"search\":\"\",\"smart\":true,\"regex\":false,\"caseInsensitive\":true}},{\"visible\":true,\"search\":{\"search\":\"\",\"smart\":true,\"regex\":false,\"caseInsensitive\":true}},{\"visible\":true,\"search\":{\"search\":\"\",\"smart\":true,\"regex\":false,\"caseInsensitive\":true}},{\"visible\":true,\"search\":{\"search\":\"\",\"smart\":true,\"regex\":false,\"caseInsensitive\":true}},{\"visible\":true,\"search\":{\"search\":\"\",\"smart\":true,\"regex\":false,\"caseInsensitive\":true}},{\"visible\":true,\"search\":{\"search\":\"\",\"smart\":true,\"regex\":false,\"caseInsensitive\":true}},{\"visible\":true,\"search\":{\"search\":\"\",\"smart\":true,\"regex\":false,\"caseInsensitive\":true}},{\"visible\":true,\"search\":{\"search\":\"\",\"smart\":true,\"regex\":false,\"caseInsensitive\":true}},{\"visible\":true,\"search\":{\"search\":\"\",\"smart\":true,\"regex\":false,\"caseInsensitive\":true}},{\"visible\":true,\"search\":{\"search\":\"\",\"smart\":true,\"regex\":false,\"caseInsensitive\":true}}]}'),
(1, 'templateGrid', '{\"time\":1684852475915,\"start\":0,\"length\":10,\"order\":[[1,\"asc\"]],\"search\":{\"search\":\"\",\"smart\":true,\"regex\":false,\"caseInsensitive\":true},\"columns\":[{\"visible\":true,\"search\":{\"search\":\"\",\"smart\":true,\"regex\":false,\"caseInsensitive\":true}},{\"visible\":true,\"search\":{\"search\":\"\",\"smart\":true,\"regex\":false,\"caseInsensitive\":true}},{\"visible\":true,\"search\":{\"search\":\"\",\"smart\":true,\"regex\":false,\"caseInsensitive\":true}},{\"visible\":false,\"search\":{\"search\":\"\",\"smart\":true,\"regex\":false,\"caseInsensitive\":true}},{\"visible\":true,\"search\":{\"search\":\"\",\"smart\":true,\"regex\":false,\"caseInsensitive\":true}},{\"visible\":true,\"search\":{\"search\":\"\",\"smart\":true,\"regex\":false,\"caseInsensitive\":true}},{\"visible\":true,\"search\":{\"search\":\"\",\"smart\":true,\"regex\":false,\"caseInsensitive\":true}}]}'),
(1, 'toolbar', '{\"libraryContent\":[],\"openedMenu\":2,\"displayTooltips\":1,\"favouriteModules\":[]}'),
(1, 'transitionGrid', '{\"time\":1595862093954,\"start\":0,\"length\":10,\"order\":[[0,\"asc\"]],\"search\":{\"search\":\"\",\"smart\":true,\"regex\":false,\"caseInsensitive\":true},\"columns\":[{\"visible\":true,\"search\":{\"search\":\"\",\"smart\":true,\"regex\":false,\"caseInsensitive\":true}},{\"visible\":true,\"search\":{\"search\":\"\",\"smart\":true,\"regex\":false,\"caseInsensitive\":true}},{\"visible\":true,\"search\":{\"search\":\"\",\"smart\":true,\"regex\":false,\"caseInsensitive\":true}},{\"visible\":true,\"search\":{\"search\":\"\",\"smart\":true,\"regex\":false,\"caseInsensitive\":true}},{\"visible\":true,\"search\":{\"search\":\"\",\"smart\":true,\"regex\":false,\"caseInsensitive\":true}},{\"visible\":true,\"search\":{\"search\":\"\",\"smart\":true,\"regex\":false,\"caseInsensitive\":true}}]}'),
(1, 'userGrid', '{\"time\":1685378583704,\"start\":0,\"length\":10,\"order\":[[0,\"asc\"]],\"search\":{\"search\":\"\",\"smart\":true,\"regex\":false,\"caseInsensitive\":true},\"columns\":[{\"visible\":true,\"search\":{\"search\":\"\",\"smart\":true,\"regex\":false,\"caseInsensitive\":true}},{\"visible\":true,\"search\":{\"search\":\"\",\"smart\":true,\"regex\":false,\"caseInsensitive\":true}},{\"visible\":true,\"search\":{\"search\":\"\",\"smart\":true,\"regex\":false,\"caseInsensitive\":true}},{\"visible\":true,\"search\":{\"search\":\"\",\"smart\":true,\"regex\":false,\"caseInsensitive\":true}},{\"visible\":false,\"search\":{\"search\":\"\",\"smart\":true,\"regex\":false,\"caseInsensitive\":true}},{\"visible\":false,\"search\":{\"search\":\"\",\"smart\":true,\"regex\":false,\"caseInsensitive\":true}},{\"visible\":true,\"search\":{\"search\":\"\",\"smart\":true,\"regex\":false,\"caseInsensitive\":true}},{\"visible\":false,\"search\":{\"search\":\"\",\"smart\":true,\"regex\":false,\"caseInsensitive\":true}},{\"visible\":false,\"search\":{\"search\":\"\",\"smart\":true,\"regex\":false,\"caseInsensitive\":true}},{\"visible\":false,\"search\":{\"search\":\"\",\"smart\":true,\"regex\":false,\"caseInsensitive\":true}},{\"visible\":false,\"search\":{\"search\":\"\",\"smart\":true,\"regex\":false,\"caseInsensitive\":true}},{\"visible\":false,\"search\":{\"search\":\"\",\"smart\":true,\"regex\":false,\"caseInsensitive\":true}},{\"visible\":false,\"search\":{\"search\":\"\",\"smart\":true,\"regex\":false,\"caseInsensitive\":true}},{\"visible\":false,\"search\":{\"search\":\"\",\"smart\":true,\"regex\":false,\"caseInsensitive\":true}},{\"visible\":false,\"search\":{\"search\":\"\",\"smart\":true,\"regex\":false,\"caseInsensitive\":true}},{\"visible\":false,\"search\":{\"search\":\"\",\"smart\":true,\"regex\":false,\"caseInsensitive\":true}},{\"visible\":true,\"search\":{\"search\":\"\",\"smart\":true,\"regex\":false,\"caseInsensitive\":true}}]}'),
(1, 'userGroupGrid', '{\"time\":1682602085531,\"start\":0,\"length\":10,\"order\":[[0,\"asc\"]],\"search\":{\"search\":\"\",\"smart\":true,\"regex\":false,\"caseInsensitive\":true},\"columns\":[{\"visible\":true,\"search\":{\"search\":\"\",\"smart\":true,\"regex\":false,\"caseInsensitive\":true}},{\"visible\":true,\"search\":{\"search\":\"\",\"smart\":true,\"regex\":false,\"caseInsensitive\":true}},{\"visible\":true,\"search\":{\"search\":\"\",\"smart\":true,\"regex\":false,\"caseInsensitive\":true}},{\"visible\":true,\"search\":{\"search\":\"\",\"smart\":true,\"regex\":false,\"caseInsensitive\":true}},{\"visible\":true,\"search\":{\"search\":\"\",\"smart\":true,\"regex\":false,\"caseInsensitive\":true}}]}'),
(4, 'dataSetColumnGrid', '{\"time\":1686751333187,\"start\":0,\"length\":10,\"order\":[[0,\"asc\"]],\"search\":{\"search\":\"\",\"smart\":true,\"regex\":false,\"caseInsensitive\":true},\"columns\":[{\"visible\":true,\"search\":{\"search\":\"\",\"smart\":true,\"regex\":false,\"caseInsensitive\":true}},{\"visible\":true,\"search\":{\"search\":\"\",\"smart\":true,\"regex\":false,\"caseInsensitive\":true}},{\"visible\":true,\"search\":{\"search\":\"\",\"smart\":true,\"regex\":false,\"caseInsensitive\":true}},{\"visible\":true,\"search\":{\"search\":\"\",\"smart\":true,\"regex\":false,\"caseInsensitive\":true}},{\"visible\":true,\"search\":{\"search\":\"\",\"smart\":true,\"regex\":false,\"caseInsensitive\":true}},{\"visible\":true,\"search\":{\"search\":\"\",\"smart\":true,\"regex\":false,\"caseInsensitive\":true}}]}'),
(4, 'dataSetGrid', '{\"time\":1732022625054,\"start\":0,\"length\":10,\"order\":[[0,\"asc\"]],\"search\":{\"search\":\"\",\"smart\":true,\"regex\":false,\"caseInsensitive\":true},\"columns\":[{\"visible\":true,\"search\":{\"search\":\"\",\"smart\":true,\"regex\":false,\"caseInsensitive\":true}},{\"visible\":true,\"search\":{\"search\":\"\",\"smart\":true,\"regex\":false,\"caseInsensitive\":true}},{\"visible\":true,\"search\":{\"search\":\"\",\"smart\":true,\"regex\":false,\"caseInsensitive\":true}},{\"visible\":true,\"search\":{\"search\":\"\",\"smart\":true,\"regex\":false,\"caseInsensitive\":true}},{\"visible\":true,\"search\":{\"search\":\"\",\"smart\":true,\"regex\":false,\"caseInsensitive\":true}},{\"visible\":true,\"search\":{\"search\":\"\",\"smart\":true,\"regex\":false,\"caseInsensitive\":true}},{\"visible\":true,\"search\":{\"search\":\"\",\"smart\":true,\"regex\":false,\"caseInsensitive\":true}},{\"visible\":true,\"search\":{\"search\":\"\",\"smart\":true,\"regex\":false,\"caseInsensitive\":true}},{\"visible\":true,\"search\":{\"search\":\"\",\"smart\":true,\"regex\":false,\"caseInsensitive\":true}}]}'),
(4, 'layoutGrid', '{\"time\":1651587617920,\"start\":0,\"length\":10,\"order\":[[1,\"asc\"]],\"search\":{\"search\":\"\",\"smart\":true,\"regex\":false,\"caseInsensitive\":true},\"columns\":[{\"visible\":true,\"search\":{\"search\":\"\",\"smart\":true,\"regex\":false,\"caseInsensitive\":true}},{\"visible\":true,\"search\":{\"search\":\"\",\"smart\":true,\"regex\":false,\"caseInsensitive\":true}},{\"visible\":true,\"search\":{\"search\":\"\",\"smart\":true,\"regex\":false,\"caseInsensitive\":true}},{\"visible\":true,\"search\":{\"search\":\"\",\"smart\":true,\"regex\":false,\"caseInsensitive\":true}},{\"visible\":true,\"search\":{\"search\":\"\",\"smart\":true,\"regex\":false,\"caseInsensitive\":true}},{\"visible\":false,\"search\":{\"search\":\"\",\"smart\":true,\"regex\":false,\"caseInsensitive\":true}},{\"visible\":true,\"search\":{\"search\":\"\",\"smart\":true,\"regex\":false,\"caseInsensitive\":true}},{\"visible\":true,\"search\":{\"search\":\"\",\"smart\":true,\"regex\":false,\"caseInsensitive\":true}},{\"visible\":true,\"search\":{\"search\":\"\",\"smart\":true,\"regex\":false,\"caseInsensitive\":true}},{\"visible\":true,\"search\":{\"search\":\"\",\"smart\":true,\"regex\":false,\"caseInsensitive\":true}},{\"visible\":true,\"search\":{\"search\":\"\",\"smart\":true,\"regex\":false,\"caseInsensitive\":true}},{\"visible\":false,\"search\":{\"search\":\"\",\"smart\":true,\"regex\":false,\"caseInsensitive\":true}},{\"visible\":false,\"search\":{\"search\":\"\",\"smart\":true,\"regex\":false,\"caseInsensitive\":true}},{\"visible\":true,\"search\":{\"search\":\"\",\"smart\":true,\"regex\":false,\"caseInsensitive\":true}}]}'),
(4, 'libraryGrid', '{\"time\":1651587719589,\"start\":0,\"length\":10,\"order\":[[1,\"asc\"]],\"search\":{\"search\":\"\",\"smart\":true,\"regex\":false,\"caseInsensitive\":true},\"columns\":[{\"visible\":true,\"search\":{\"search\":\"\",\"smart\":true,\"regex\":false,\"caseInsensitive\":true}},{\"visible\":true,\"search\":{\"search\":\"\",\"smart\":true,\"regex\":false,\"caseInsensitive\":true}},{\"visible\":true,\"search\":{\"search\":\"\",\"smart\":true,\"regex\":false,\"caseInsensitive\":true}},{\"visible\":false,\"search\":{\"search\":\"\",\"smart\":true,\"regex\":false,\"caseInsensitive\":true}},{\"visible\":true,\"search\":{\"search\":\"\",\"smart\":true,\"regex\":false,\"caseInsensitive\":true}},{\"visible\":true,\"search\":{\"search\":\"\",\"smart\":true,\"regex\":false,\"caseInsensitive\":true}},{\"visible\":false,\"search\":{\"search\":\"\",\"smart\":true,\"regex\":false,\"caseInsensitive\":true}},{\"visible\":true,\"search\":{\"search\":\"\",\"smart\":true,\"regex\":false,\"caseInsensitive\":true}},{\"visible\":false,\"search\":{\"search\":\"\",\"smart\":true,\"regex\":false,\"caseInsensitive\":true}},{\"visible\":true,\"search\":{\"search\":\"\",\"smart\":true,\"regex\":false,\"caseInsensitive\":true}},{\"visible\":true,\"search\":{\"search\":\"\",\"smart\":true,\"regex\":false,\"caseInsensitive\":true}},{\"visible\":false,\"search\":{\"search\":\"\",\"smart\":true,\"regex\":false,\"caseInsensitive\":true}},{\"visible\":false,\"search\":{\"search\":\"\",\"smart\":true,\"regex\":false,\"caseInsensitive\":true}},{\"visible\":true,\"search\":{\"search\":\"\",\"smart\":true,\"regex\":false,\"caseInsensitive\":true}},{\"visible\":true,\"search\":{\"search\":\"\",\"smart\":true,\"regex\":false,\"caseInsensitive\":true}},{\"visible\":false,\"search\":{\"search\":\"\",\"smart\":true,\"regex\":false,\"caseInsensitive\":true}},{\"visible\":false,\"search\":{\"search\":\"\",\"smart\":true,\"regex\":false,\"caseInsensitive\":true}},{\"visible\":true,\"search\":{\"search\":\"\",\"smart\":true,\"regex\":false,\"caseInsensitive\":true}},{\"visible\":true,\"search\":{\"search\":\"\",\"smart\":true,\"regex\":false,\"caseInsensitive\":true}}]}'),
(4, 'playlistGrid', '{\"time\":1650482508105,\"start\":0,\"length\":10,\"order\":[[1,\"asc\"]],\"search\":{\"search\":\"\",\"smart\":true,\"regex\":false,\"caseInsensitive\":true},\"columns\":[{\"visible\":true,\"search\":{\"search\":\"\",\"smart\":true,\"regex\":false,\"caseInsensitive\":true}},{\"visible\":true,\"search\":{\"search\":\"\",\"smart\":true,\"regex\":false,\"caseInsensitive\":true}},{\"visible\":true,\"search\":{\"search\":\"\",\"smart\":true,\"regex\":false,\"caseInsensitive\":true}},{\"visible\":false,\"search\":{\"search\":\"\",\"smart\":true,\"regex\":false,\"caseInsensitive\":true}},{\"visible\":true,\"search\":{\"search\":\"\",\"smart\":true,\"regex\":false,\"caseInsensitive\":true}},{\"visible\":true,\"search\":{\"search\":\"\",\"smart\":true,\"regex\":false,\"caseInsensitive\":true}},{\"visible\":true,\"search\":{\"search\":\"\",\"smart\":true,\"regex\":false,\"caseInsensitive\":true}},{\"visible\":false,\"search\":{\"search\":\"\",\"smart\":true,\"regex\":false,\"caseInsensitive\":true}},{\"visible\":false,\"search\":{\"search\":\"\",\"smart\":true,\"regex\":false,\"caseInsensitive\":true}},{\"visible\":true,\"search\":{\"search\":\"\",\"smart\":true,\"regex\":false,\"caseInsensitive\":true}},{\"visible\":true,\"search\":{\"search\":\"\",\"smart\":true,\"regex\":false,\"caseInsensitive\":true}}]}'),
(6, 'campaignGrid', '{\"time\":1650649680575,\"start\":0,\"length\":10,\"order\":[[1,\"asc\"]],\"search\":{\"search\":\"\",\"smart\":true,\"regex\":false,\"caseInsensitive\":true},\"columns\":[{\"visible\":true,\"search\":{\"search\":\"\",\"smart\":true,\"regex\":false,\"caseInsensitive\":true}},{\"visible\":true,\"search\":{\"search\":\"\",\"smart\":true,\"regex\":false,\"caseInsensitive\":true}},{\"visible\":true,\"search\":{\"search\":\"\",\"smart\":true,\"regex\":false,\"caseInsensitive\":true}},{\"visible\":true,\"search\":{\"search\":\"\",\"smart\":true,\"regex\":false,\"caseInsensitive\":true}},{\"visible\":true,\"search\":{\"search\":\"\",\"smart\":true,\"regex\":false,\"caseInsensitive\":true}}]}'),
(6, 'campaignLayoutAssignGrid', '{\"time\":1650649683582,\"start\":0,\"length\":5,\"order\":[[0,\"asc\"]],\"search\":{\"search\":\"\",\"smart\":true,\"regex\":false,\"caseInsensitive\":true},\"columns\":[{\"visible\":true,\"search\":{\"search\":\"\",\"smart\":true,\"regex\":false,\"caseInsensitive\":true}},{\"visible\":true,\"search\":{\"search\":\"\",\"smart\":true,\"regex\":false,\"caseInsensitive\":true}},{\"visible\":true,\"search\":{\"search\":\"\",\"smart\":true,\"regex\":false,\"caseInsensitive\":true}}]}'),
(6, 'dataSetColumnGrid', '{\"time\":1653316384731,\"start\":0,\"length\":10,\"order\":[[0,\"asc\"]],\"search\":{\"search\":\"\",\"smart\":true,\"regex\":false,\"caseInsensitive\":true},\"columns\":[{\"visible\":false,\"search\":{\"search\":\"\",\"smart\":true,\"regex\":false,\"caseInsensitive\":true}},{\"visible\":true,\"search\":{\"search\":\"\",\"smart\":true,\"regex\":false,\"caseInsensitive\":true}},{\"visible\":true,\"search\":{\"search\":\"\",\"smart\":true,\"regex\":false,\"caseInsensitive\":true}},{\"visible\":true,\"search\":{\"search\":\"\",\"smart\":true,\"regex\":false,\"caseInsensitive\":true}},{\"visible\":true,\"search\":{\"search\":\"\",\"smart\":true,\"regex\":false,\"caseInsensitive\":true}},{\"visible\":true,\"search\":{\"search\":\"\",\"smart\":true,\"regex\":false,\"caseInsensitive\":true}}]}'),
(6, 'dataSetGrid', '{\"time\":1718823492801,\"start\":0,\"length\":10,\"order\":[[6,\"desc\"]],\"search\":{\"search\":\"\",\"smart\":true,\"regex\":false,\"caseInsensitive\":true},\"columns\":[{\"visible\":true,\"search\":{\"search\":\"\",\"smart\":true,\"regex\":false,\"caseInsensitive\":true}},{\"visible\":true,\"search\":{\"search\":\"\",\"smart\":true,\"regex\":false,\"caseInsensitive\":true}},{\"visible\":true,\"search\":{\"search\":\"\",\"smart\":true,\"regex\":false,\"caseInsensitive\":true}},{\"visible\":true,\"search\":{\"search\":\"\",\"smart\":true,\"regex\":false,\"caseInsensitive\":true}},{\"visible\":true,\"search\":{\"search\":\"\",\"smart\":true,\"regex\":false,\"caseInsensitive\":true}},{\"visible\":true,\"search\":{\"search\":\"\",\"smart\":true,\"regex\":false,\"caseInsensitive\":true}},{\"visible\":true,\"search\":{\"search\":\"\",\"smart\":true,\"regex\":false,\"caseInsensitive\":true}},{\"visible\":true,\"search\":{\"search\":\"\",\"smart\":true,\"regex\":false,\"caseInsensitive\":true}},{\"visible\":true,\"search\":{\"search\":\"\",\"smart\":true,\"regex\":false,\"caseInsensitive\":true}}]}'),
(6, 'displayGrid', '{\"time\":1712837654736,\"start\":0,\"length\":10,\"order\":[[1,\"asc\"]],\"search\":{\"search\":\"\",\"smart\":true,\"regex\":false,\"caseInsensitive\":true},\"columns\":[{\"visible\":true,\"search\":{\"search\":\"\",\"smart\":true,\"regex\":false,\"caseInsensitive\":true}},{\"visible\":true,\"search\":{\"search\":\"\",\"smart\":true,\"regex\":false,\"caseInsensitive\":true}},{\"visible\":true,\"search\":{\"search\":\"\",\"smart\":true,\"regex\":false,\"caseInsensitive\":true}},{\"visible\":true,\"search\":{\"search\":\"\",\"smart\":true,\"regex\":false,\"caseInsensitive\":true}},{\"visible\":false,\"search\":{\"search\":\"\",\"smart\":true,\"regex\":false,\"caseInsensitive\":true}},{\"visible\":false,\"search\":{\"search\":\"\",\"smart\":true,\"regex\":false,\"caseInsensitive\":true}},{\"visible\":false,\"search\":{\"search\":\"\",\"smart\":true,\"regex\":false,\"caseInsensitive\":true}},{\"visible\":false,\"search\":{\"search\":\"\",\"smart\":true,\"regex\":false,\"caseInsensitive\":true}},{\"visible\":false,\"search\":{\"search\":\"\",\"smart\":true,\"regex\":false,\"caseInsensitive\":true}},{\"visible\":false,\"search\":{\"search\":\"\",\"smart\":true,\"regex\":false,\"caseInsensitive\":true}},{\"visible\":false,\"search\":{\"search\":\"\",\"smart\":true,\"regex\":false,\"caseInsensitive\":true}},{\"visible\":false,\"search\":{\"search\":\"\",\"smart\":true,\"regex\":false,\"caseInsensitive\":true}},{\"visible\":false,\"search\":{\"search\":\"\",\"smart\":true,\"regex\":false,\"caseInsensitive\":true}},{\"visible\":false,\"search\":{\"search\":\"\",\"smart\":true,\"regex\":false,\"caseInsensitive\":true}},{\"visible\":false,\"search\":{\"search\":\"\",\"smart\":true,\"regex\":false,\"caseInsensitive\":true}},{\"visible\":true,\"search\":{\"search\":\"\",\"smart\":true,\"regex\":false,\"caseInsensitive\":true}},{\"visible\":true,\"search\":{\"search\":\"\",\"smart\":true,\"regex\":false,\"caseInsensitive\":true}},{\"visible\":false,\"search\":{\"search\":\"\",\"smart\":true,\"regex\":false,\"caseInsensitive\":true}},{\"visible\":false,\"search\":{\"search\":\"\",\"smart\":true,\"regex\":false,\"caseInsensitive\":true}},{\"visible\":false,\"search\":{\"search\":\"\",\"smart\":true,\"regex\":false,\"caseInsensitive\":true}},{\"visible\":false,\"search\":{\"search\":\"\",\"smart\":true,\"regex\":false,\"caseInsensitive\":true}},{\"visible\":true,\"search\":{\"search\":\"\",\"smart\":true,\"regex\":false,\"caseInsensitive\":true}},{\"visible\":false,\"search\":{\"search\":\"\",\"smart\":true,\"regex\":false,\"caseInsensitive\":true}},{\"visible\":false,\"search\":{\"search\":\"\",\"smart\":true,\"regex\":false,\"caseInsensitive\":true}},{\"visible\":false,\"search\":{\"search\":\"\",\"smart\":true,\"regex\":false,\"caseInsensitive\":true}},{\"visible\":false,\"search\":{\"search\":\"\",\"smart\":true,\"regex\":false,\"caseInsensitive\":true}},{\"visible\":false,\"search\":{\"search\":\"\",\"smart\":true,\"regex\":false,\"caseInsensitive\":true}},{\"visible\":false,\"search\":{\"search\":\"\",\"smart\":true,\"regex\":false,\"caseInsensitive\":true}},{\"visible\":false,\"search\":{\"search\":\"\",\"smart\":true,\"regex\":false,\"caseInsensitive\":true}},{\"visible\":false,\"search\":{\"search\":\"\",\"smart\":true,\"regex\":false,\"caseInsensitive\":true}},{\"visible\":false,\"search\":{\"search\":\"\",\"smart\":true,\"regex\":false,\"caseInsensitive\":true}},{\"visible\":false,\"search\":{\"search\":\"\",\"smart\":true,\"regex\":false,\"caseInsensitive\":true}},{\"visible\":true,\"search\":{\"search\":\"\",\"smart\":true,\"regex\":false,\"caseInsensitive\":true}},{\"visible\":true,\"search\":{\"search\":\"\",\"smart\":true,\"regex\":false,\"caseInsensitive\":true}}]}'),
(6, 'displayGroupGrid', '{\"time\":1650902728203,\"start\":0,\"length\":10,\"order\":[[3,\"asc\"]],\"search\":{\"search\":\"\",\"smart\":true,\"regex\":false,\"caseInsensitive\":true},\"columns\":[{\"visible\":true,\"search\":{\"search\":\"\",\"smart\":true,\"regex\":false,\"caseInsensitive\":true}},{\"visible\":true,\"search\":{\"search\":\"\",\"smart\":true,\"regex\":false,\"caseInsensitive\":true}},{\"visible\":true,\"search\":{\"search\":\"\",\"smart\":true,\"regex\":false,\"caseInsensitive\":true}},{\"visible\":true,\"search\":{\"search\":\"\",\"smart\":true,\"regex\":false,\"caseInsensitive\":true}},{\"visible\":true,\"search\":{\"search\":\"\",\"smart\":true,\"regex\":false,\"caseInsensitive\":true}},{\"visible\":true,\"search\":{\"search\":\"\",\"smart\":true,\"regex\":false,\"caseInsensitive\":true}},{\"visible\":true,\"search\":{\"search\":\"\",\"smart\":true,\"regex\":false,\"caseInsensitive\":true}},{\"visible\":true,\"search\":{\"search\":\"\",\"smart\":true,\"regex\":false,\"caseInsensitive\":true}}]}'),
(6, 'layoutGrid', '{\"time\":1651587816578,\"start\":0,\"length\":10,\"order\":[[10,\"asc\"]],\"search\":{\"search\":\"\",\"smart\":true,\"regex\":false,\"caseInsensitive\":true},\"columns\":[{\"visible\":false,\"search\":{\"search\":\"\",\"smart\":true,\"regex\":false,\"caseInsensitive\":true}},{\"visible\":true,\"search\":{\"search\":\"\",\"smart\":true,\"regex\":false,\"caseInsensitive\":true}},{\"visible\":true,\"search\":{\"search\":\"\",\"smart\":true,\"regex\":false,\"caseInsensitive\":true}},{\"visible\":true,\"search\":{\"search\":\"\",\"smart\":true,\"regex\":false,\"caseInsensitive\":true}},{\"visible\":true,\"search\":{\"search\":\"\",\"smart\":true,\"regex\":false,\"caseInsensitive\":true}},{\"visible\":false,\"search\":{\"search\":\"\",\"smart\":true,\"regex\":false,\"caseInsensitive\":true}},{\"visible\":true,\"search\":{\"search\":\"\",\"smart\":true,\"regex\":false,\"caseInsensitive\":true}},{\"visible\":true,\"search\":{\"search\":\"\",\"smart\":true,\"regex\":false,\"caseInsensitive\":true}},{\"visible\":true,\"search\":{\"search\":\"\",\"smart\":true,\"regex\":false,\"caseInsensitive\":true}},{\"visible\":true,\"search\":{\"search\":\"\",\"smart\":true,\"regex\":false,\"caseInsensitive\":true}},{\"visible\":true,\"search\":{\"search\":\"\",\"smart\":true,\"regex\":false,\"caseInsensitive\":true}},{\"visible\":false,\"search\":{\"search\":\"\",\"smart\":true,\"regex\":false,\"caseInsensitive\":true}},{\"visible\":false,\"search\":{\"search\":\"\",\"smart\":true,\"regex\":false,\"caseInsensitive\":true}},{\"visible\":true,\"search\":{\"search\":\"\",\"smart\":true,\"regex\":false,\"caseInsensitive\":true}}]}'),
(6, 'libraryGrid', '{\"time\":1706875699080,\"start\":0,\"length\":10,\"order\":[[1,\"asc\"]],\"search\":{\"search\":\"\",\"smart\":true,\"regex\":false,\"caseInsensitive\":true},\"columns\":[{\"visible\":true,\"search\":{\"search\":\"\",\"smart\":true,\"regex\":false,\"caseInsensitive\":true}},{\"visible\":true,\"search\":{\"search\":\"\",\"smart\":true,\"regex\":false,\"caseInsensitive\":true}},{\"visible\":true,\"search\":{\"search\":\"\",\"smart\":true,\"regex\":false,\"caseInsensitive\":true}},{\"visible\":false,\"search\":{\"search\":\"\",\"smart\":true,\"regex\":false,\"caseInsensitive\":true}},{\"visible\":true,\"search\":{\"search\":\"\",\"smart\":true,\"regex\":false,\"caseInsensitive\":true}},{\"visible\":true,\"search\":{\"search\":\"\",\"smart\":true,\"regex\":false,\"caseInsensitive\":true}},{\"visible\":false,\"search\":{\"search\":\"\",\"smart\":true,\"regex\":false,\"caseInsensitive\":true}},{\"visible\":true,\"search\":{\"search\":\"\",\"smart\":true,\"regex\":false,\"caseInsensitive\":true}},{\"visible\":false,\"search\":{\"search\":\"\",\"smart\":true,\"regex\":false,\"caseInsensitive\":true}},{\"visible\":true,\"search\":{\"search\":\"\",\"smart\":true,\"regex\":false,\"caseInsensitive\":true}},{\"visible\":true,\"search\":{\"search\":\"\",\"smart\":true,\"regex\":false,\"caseInsensitive\":true}},{\"visible\":false,\"search\":{\"search\":\"\",\"smart\":true,\"regex\":false,\"caseInsensitive\":true}},{\"visible\":false,\"search\":{\"search\":\"\",\"smart\":true,\"regex\":false,\"caseInsensitive\":true}},{\"visible\":true,\"search\":{\"search\":\"\",\"smart\":true,\"regex\":false,\"caseInsensitive\":true}},{\"visible\":true,\"search\":{\"search\":\"\",\"smart\":true,\"regex\":false,\"caseInsensitive\":true}},{\"visible\":false,\"search\":{\"search\":\"\",\"smart\":true,\"regex\":false,\"caseInsensitive\":true}},{\"visible\":false,\"search\":{\"search\":\"\",\"smart\":true,\"regex\":false,\"caseInsensitive\":true}},{\"visible\":true,\"search\":{\"search\":\"\",\"smart\":true,\"regex\":false,\"caseInsensitive\":true}},{\"visible\":true,\"search\":{\"search\":\"\",\"smart\":true,\"regex\":false,\"caseInsensitive\":true}}]}');
INSERT INTO `useroption` (`userId`, `option`, `value`) VALUES
(6, 'playlistGrid', '{\"time\":1650650317730,\"start\":0,\"length\":10,\"order\":[[1,\"asc\"]],\"search\":{\"search\":\"\",\"smart\":true,\"regex\":false,\"caseInsensitive\":true},\"columns\":[{\"visible\":true,\"search\":{\"search\":\"\",\"smart\":true,\"regex\":false,\"caseInsensitive\":true}},{\"visible\":true,\"search\":{\"search\":\"\",\"smart\":true,\"regex\":false,\"caseInsensitive\":true}},{\"visible\":true,\"search\":{\"search\":\"\",\"smart\":true,\"regex\":false,\"caseInsensitive\":true}},{\"visible\":false,\"search\":{\"search\":\"\",\"smart\":true,\"regex\":false,\"caseInsensitive\":true}},{\"visible\":true,\"search\":{\"search\":\"\",\"smart\":true,\"regex\":false,\"caseInsensitive\":true}},{\"visible\":true,\"search\":{\"search\":\"\",\"smart\":true,\"regex\":false,\"caseInsensitive\":true}},{\"visible\":true,\"search\":{\"search\":\"\",\"smart\":true,\"regex\":false,\"caseInsensitive\":true}},{\"visible\":false,\"search\":{\"search\":\"\",\"smart\":true,\"regex\":false,\"caseInsensitive\":true}},{\"visible\":false,\"search\":{\"search\":\"\",\"smart\":true,\"regex\":false,\"caseInsensitive\":true}},{\"visible\":true,\"search\":{\"search\":\"\",\"smart\":true,\"regex\":false,\"caseInsensitive\":true}},{\"visible\":true,\"search\":{\"search\":\"\",\"smart\":true,\"regex\":false,\"caseInsensitive\":true}}]}'),
(7, 'dataSetColumnGrid', '{\"time\":1699978349026,\"start\":0,\"length\":10,\"order\":[[0,\"asc\"]],\"search\":{\"search\":\"\",\"smart\":true,\"regex\":false,\"caseInsensitive\":true},\"columns\":[{\"visible\":true,\"search\":{\"search\":\"\",\"smart\":true,\"regex\":false,\"caseInsensitive\":true}},{\"visible\":true,\"search\":{\"search\":\"\",\"smart\":true,\"regex\":false,\"caseInsensitive\":true}},{\"visible\":true,\"search\":{\"search\":\"\",\"smart\":true,\"regex\":false,\"caseInsensitive\":true}},{\"visible\":true,\"search\":{\"search\":\"\",\"smart\":true,\"regex\":false,\"caseInsensitive\":true}},{\"visible\":true,\"search\":{\"search\":\"\",\"smart\":true,\"regex\":false,\"caseInsensitive\":true}},{\"visible\":true,\"search\":{\"search\":\"\",\"smart\":true,\"regex\":false,\"caseInsensitive\":true}}]}'),
(7, 'dataSetGrid', '{\"time\":1732196239827,\"start\":0,\"length\":10,\"order\":[[6,\"asc\"]],\"search\":{\"search\":\"\",\"smart\":true,\"regex\":false,\"caseInsensitive\":true},\"columns\":[{\"visible\":true,\"search\":{\"search\":\"\",\"smart\":true,\"regex\":false,\"caseInsensitive\":true}},{\"visible\":true,\"search\":{\"search\":\"\",\"smart\":true,\"regex\":false,\"caseInsensitive\":true}},{\"visible\":true,\"search\":{\"search\":\"\",\"smart\":true,\"regex\":false,\"caseInsensitive\":true}},{\"visible\":true,\"search\":{\"search\":\"\",\"smart\":true,\"regex\":false,\"caseInsensitive\":true}},{\"visible\":true,\"search\":{\"search\":\"\",\"smart\":true,\"regex\":false,\"caseInsensitive\":true}},{\"visible\":true,\"search\":{\"search\":\"\",\"smart\":true,\"regex\":false,\"caseInsensitive\":true}},{\"visible\":true,\"search\":{\"search\":\"\",\"smart\":true,\"regex\":false,\"caseInsensitive\":true}},{\"visible\":true,\"search\":{\"search\":\"\",\"smart\":true,\"regex\":false,\"caseInsensitive\":true}},{\"visible\":true,\"search\":{\"search\":\"\",\"smart\":true,\"regex\":false,\"caseInsensitive\":true}}]}'),
(7, 'displayGrid', '{\"time\":1708627681535,\"start\":0,\"length\":10,\"order\":[[1,\"asc\"]],\"search\":{\"search\":\"\",\"smart\":true,\"regex\":false,\"caseInsensitive\":true},\"columns\":[{\"visible\":true,\"search\":{\"search\":\"\",\"smart\":true,\"regex\":false,\"caseInsensitive\":true}},{\"visible\":true,\"search\":{\"search\":\"\",\"smart\":true,\"regex\":false,\"caseInsensitive\":true}},{\"visible\":true,\"search\":{\"search\":\"\",\"smart\":true,\"regex\":false,\"caseInsensitive\":true}},{\"visible\":true,\"search\":{\"search\":\"\",\"smart\":true,\"regex\":false,\"caseInsensitive\":true}},{\"visible\":false,\"search\":{\"search\":\"\",\"smart\":true,\"regex\":false,\"caseInsensitive\":true}},{\"visible\":false,\"search\":{\"search\":\"\",\"smart\":true,\"regex\":false,\"caseInsensitive\":true}},{\"visible\":false,\"search\":{\"search\":\"\",\"smart\":true,\"regex\":false,\"caseInsensitive\":true}},{\"visible\":false,\"search\":{\"search\":\"\",\"smart\":true,\"regex\":false,\"caseInsensitive\":true}},{\"visible\":false,\"search\":{\"search\":\"\",\"smart\":true,\"regex\":false,\"caseInsensitive\":true}},{\"visible\":false,\"search\":{\"search\":\"\",\"smart\":true,\"regex\":false,\"caseInsensitive\":true}},{\"visible\":false,\"search\":{\"search\":\"\",\"smart\":true,\"regex\":false,\"caseInsensitive\":true}},{\"visible\":false,\"search\":{\"search\":\"\",\"smart\":true,\"regex\":false,\"caseInsensitive\":true}},{\"visible\":false,\"search\":{\"search\":\"\",\"smart\":true,\"regex\":false,\"caseInsensitive\":true}},{\"visible\":false,\"search\":{\"search\":\"\",\"smart\":true,\"regex\":false,\"caseInsensitive\":true}},{\"visible\":false,\"search\":{\"search\":\"\",\"smart\":true,\"regex\":false,\"caseInsensitive\":true}},{\"visible\":true,\"search\":{\"search\":\"\",\"smart\":true,\"regex\":false,\"caseInsensitive\":true}},{\"visible\":true,\"search\":{\"search\":\"\",\"smart\":true,\"regex\":false,\"caseInsensitive\":true}},{\"visible\":false,\"search\":{\"search\":\"\",\"smart\":true,\"regex\":false,\"caseInsensitive\":true}},{\"visible\":false,\"search\":{\"search\":\"\",\"smart\":true,\"regex\":false,\"caseInsensitive\":true}},{\"visible\":false,\"search\":{\"search\":\"\",\"smart\":true,\"regex\":false,\"caseInsensitive\":true}},{\"visible\":false,\"search\":{\"search\":\"\",\"smart\":true,\"regex\":false,\"caseInsensitive\":true}},{\"visible\":true,\"search\":{\"search\":\"\",\"smart\":true,\"regex\":false,\"caseInsensitive\":true}},{\"visible\":false,\"search\":{\"search\":\"\",\"smart\":true,\"regex\":false,\"caseInsensitive\":true}},{\"visible\":false,\"search\":{\"search\":\"\",\"smart\":true,\"regex\":false,\"caseInsensitive\":true}},{\"visible\":false,\"search\":{\"search\":\"\",\"smart\":true,\"regex\":false,\"caseInsensitive\":true}},{\"visible\":false,\"search\":{\"search\":\"\",\"smart\":true,\"regex\":false,\"caseInsensitive\":true}},{\"visible\":false,\"search\":{\"search\":\"\",\"smart\":true,\"regex\":false,\"caseInsensitive\":true}},{\"visible\":false,\"search\":{\"search\":\"\",\"smart\":true,\"regex\":false,\"caseInsensitive\":true}},{\"visible\":false,\"search\":{\"search\":\"\",\"smart\":true,\"regex\":false,\"caseInsensitive\":true}},{\"visible\":false,\"search\":{\"search\":\"\",\"smart\":true,\"regex\":false,\"caseInsensitive\":true}},{\"visible\":false,\"search\":{\"search\":\"\",\"smart\":true,\"regex\":false,\"caseInsensitive\":true}},{\"visible\":false,\"search\":{\"search\":\"\",\"smart\":true,\"regex\":false,\"caseInsensitive\":true}},{\"visible\":true,\"search\":{\"search\":\"\",\"smart\":true,\"regex\":false,\"caseInsensitive\":true}},{\"visible\":true,\"search\":{\"search\":\"\",\"smart\":true,\"regex\":false,\"caseInsensitive\":true}}]}'),
(7, 'layoutGrid', '{\"time\":1651587152805,\"start\":0,\"length\":10,\"order\":[[1,\"asc\"]],\"search\":{\"search\":\"\",\"smart\":true,\"regex\":false,\"caseInsensitive\":true},\"columns\":[{\"visible\":true,\"search\":{\"search\":\"\",\"smart\":true,\"regex\":false,\"caseInsensitive\":true}},{\"visible\":true,\"search\":{\"search\":\"\",\"smart\":true,\"regex\":false,\"caseInsensitive\":true}},{\"visible\":true,\"search\":{\"search\":\"\",\"smart\":true,\"regex\":false,\"caseInsensitive\":true}},{\"visible\":true,\"search\":{\"search\":\"\",\"smart\":true,\"regex\":false,\"caseInsensitive\":true}},{\"visible\":true,\"search\":{\"search\":\"\",\"smart\":true,\"regex\":false,\"caseInsensitive\":true}},{\"visible\":false,\"search\":{\"search\":\"\",\"smart\":true,\"regex\":false,\"caseInsensitive\":true}},{\"visible\":true,\"search\":{\"search\":\"\",\"smart\":true,\"regex\":false,\"caseInsensitive\":true}},{\"visible\":true,\"search\":{\"search\":\"\",\"smart\":true,\"regex\":false,\"caseInsensitive\":true}},{\"visible\":true,\"search\":{\"search\":\"\",\"smart\":true,\"regex\":false,\"caseInsensitive\":true}},{\"visible\":true,\"search\":{\"search\":\"\",\"smart\":true,\"regex\":false,\"caseInsensitive\":true}},{\"visible\":true,\"search\":{\"search\":\"\",\"smart\":true,\"regex\":false,\"caseInsensitive\":true}},{\"visible\":false,\"search\":{\"search\":\"\",\"smart\":true,\"regex\":false,\"caseInsensitive\":true}},{\"visible\":false,\"search\":{\"search\":\"\",\"smart\":true,\"regex\":false,\"caseInsensitive\":true}},{\"visible\":true,\"search\":{\"search\":\"\",\"smart\":true,\"regex\":false,\"caseInsensitive\":true}}]}'),
(7, 'playlistGrid', '{\"time\":1706797714370,\"start\":0,\"length\":10,\"order\":[[1,\"asc\"]],\"search\":{\"search\":\"\",\"smart\":true,\"regex\":false,\"caseInsensitive\":true},\"columns\":[{\"visible\":true,\"search\":{\"search\":\"\",\"smart\":true,\"regex\":false,\"caseInsensitive\":true}},{\"visible\":true,\"search\":{\"search\":\"\",\"smart\":true,\"regex\":false,\"caseInsensitive\":true}},{\"visible\":true,\"search\":{\"search\":\"\",\"smart\":true,\"regex\":false,\"caseInsensitive\":true}},{\"visible\":false,\"search\":{\"search\":\"\",\"smart\":true,\"regex\":false,\"caseInsensitive\":true}},{\"visible\":true,\"search\":{\"search\":\"\",\"smart\":true,\"regex\":false,\"caseInsensitive\":true}},{\"visible\":true,\"search\":{\"search\":\"\",\"smart\":true,\"regex\":false,\"caseInsensitive\":true}},{\"visible\":true,\"search\":{\"search\":\"\",\"smart\":true,\"regex\":false,\"caseInsensitive\":true}},{\"visible\":false,\"search\":{\"search\":\"\",\"smart\":true,\"regex\":false,\"caseInsensitive\":true}},{\"visible\":false,\"search\":{\"search\":\"\",\"smart\":true,\"regex\":false,\"caseInsensitive\":true}},{\"visible\":true,\"search\":{\"search\":\"\",\"smart\":true,\"regex\":false,\"caseInsensitive\":true}},{\"visible\":true,\"search\":{\"search\":\"\",\"smart\":true,\"regex\":false,\"caseInsensitive\":true}}]}'),
(8, 'dataSetGrid', '{\"time\":1732194448944,\"start\":0,\"length\":10,\"order\":[[0,\"asc\"]],\"search\":{\"search\":\"\",\"smart\":true,\"regex\":false,\"caseInsensitive\":true},\"columns\":[{\"visible\":true,\"search\":{\"search\":\"\",\"smart\":true,\"regex\":false,\"caseInsensitive\":true}},{\"visible\":true,\"search\":{\"search\":\"\",\"smart\":true,\"regex\":false,\"caseInsensitive\":true}},{\"visible\":true,\"search\":{\"search\":\"\",\"smart\":true,\"regex\":false,\"caseInsensitive\":true}},{\"visible\":true,\"search\":{\"search\":\"\",\"smart\":true,\"regex\":false,\"caseInsensitive\":true}},{\"visible\":true,\"search\":{\"search\":\"\",\"smart\":true,\"regex\":false,\"caseInsensitive\":true}},{\"visible\":true,\"search\":{\"search\":\"\",\"smart\":true,\"regex\":false,\"caseInsensitive\":true}},{\"visible\":true,\"search\":{\"search\":\"\",\"smart\":true,\"regex\":false,\"caseInsensitive\":true}},{\"visible\":true,\"search\":{\"search\":\"\",\"smart\":true,\"regex\":false,\"caseInsensitive\":true}},{\"visible\":true,\"search\":{\"search\":\"\",\"smart\":true,\"regex\":false,\"caseInsensitive\":true}}]}'),
(8, 'displayGrid', '{\"time\":1706105683911,\"start\":0,\"length\":10,\"order\":[[1,\"asc\"]],\"search\":{\"search\":\"\",\"smart\":true,\"regex\":false,\"caseInsensitive\":true},\"columns\":[{\"visible\":true,\"search\":{\"search\":\"\",\"smart\":true,\"regex\":false,\"caseInsensitive\":true}},{\"visible\":true,\"search\":{\"search\":\"\",\"smart\":true,\"regex\":false,\"caseInsensitive\":true}},{\"visible\":true,\"search\":{\"search\":\"\",\"smart\":true,\"regex\":false,\"caseInsensitive\":true}},{\"visible\":true,\"search\":{\"search\":\"\",\"smart\":true,\"regex\":false,\"caseInsensitive\":true}},{\"visible\":false,\"search\":{\"search\":\"\",\"smart\":true,\"regex\":false,\"caseInsensitive\":true}},{\"visible\":false,\"search\":{\"search\":\"\",\"smart\":true,\"regex\":false,\"caseInsensitive\":true}},{\"visible\":false,\"search\":{\"search\":\"\",\"smart\":true,\"regex\":false,\"caseInsensitive\":true}},{\"visible\":false,\"search\":{\"search\":\"\",\"smart\":true,\"regex\":false,\"caseInsensitive\":true}},{\"visible\":false,\"search\":{\"search\":\"\",\"smart\":true,\"regex\":false,\"caseInsensitive\":true}},{\"visible\":false,\"search\":{\"search\":\"\",\"smart\":true,\"regex\":false,\"caseInsensitive\":true}},{\"visible\":false,\"search\":{\"search\":\"\",\"smart\":true,\"regex\":false,\"caseInsensitive\":true}},{\"visible\":false,\"search\":{\"search\":\"\",\"smart\":true,\"regex\":false,\"caseInsensitive\":true}},{\"visible\":false,\"search\":{\"search\":\"\",\"smart\":true,\"regex\":false,\"caseInsensitive\":true}},{\"visible\":false,\"search\":{\"search\":\"\",\"smart\":true,\"regex\":false,\"caseInsensitive\":true}},{\"visible\":false,\"search\":{\"search\":\"\",\"smart\":true,\"regex\":false,\"caseInsensitive\":true}},{\"visible\":true,\"search\":{\"search\":\"\",\"smart\":true,\"regex\":false,\"caseInsensitive\":true}},{\"visible\":true,\"search\":{\"search\":\"\",\"smart\":true,\"regex\":false,\"caseInsensitive\":true}},{\"visible\":false,\"search\":{\"search\":\"\",\"smart\":true,\"regex\":false,\"caseInsensitive\":true}},{\"visible\":false,\"search\":{\"search\":\"\",\"smart\":true,\"regex\":false,\"caseInsensitive\":true}},{\"visible\":false,\"search\":{\"search\":\"\",\"smart\":true,\"regex\":false,\"caseInsensitive\":true}},{\"visible\":false,\"search\":{\"search\":\"\",\"smart\":true,\"regex\":false,\"caseInsensitive\":true}},{\"visible\":true,\"search\":{\"search\":\"\",\"smart\":true,\"regex\":false,\"caseInsensitive\":true}},{\"visible\":false,\"search\":{\"search\":\"\",\"smart\":true,\"regex\":false,\"caseInsensitive\":true}},{\"visible\":false,\"search\":{\"search\":\"\",\"smart\":true,\"regex\":false,\"caseInsensitive\":true}},{\"visible\":false,\"search\":{\"search\":\"\",\"smart\":true,\"regex\":false,\"caseInsensitive\":true}},{\"visible\":false,\"search\":{\"search\":\"\",\"smart\":true,\"regex\":false,\"caseInsensitive\":true}},{\"visible\":false,\"search\":{\"search\":\"\",\"smart\":true,\"regex\":false,\"caseInsensitive\":true}},{\"visible\":false,\"search\":{\"search\":\"\",\"smart\":true,\"regex\":false,\"caseInsensitive\":true}},{\"visible\":false,\"search\":{\"search\":\"\",\"smart\":true,\"regex\":false,\"caseInsensitive\":true}},{\"visible\":false,\"search\":{\"search\":\"\",\"smart\":true,\"regex\":false,\"caseInsensitive\":true}},{\"visible\":false,\"search\":{\"search\":\"\",\"smart\":true,\"regex\":false,\"caseInsensitive\":true}},{\"visible\":false,\"search\":{\"search\":\"\",\"smart\":true,\"regex\":false,\"caseInsensitive\":true}},{\"visible\":true,\"search\":{\"search\":\"\",\"smart\":true,\"regex\":false,\"caseInsensitive\":true}},{\"visible\":true,\"search\":{\"search\":\"\",\"smart\":true,\"regex\":false,\"caseInsensitive\":true}}]}'),
(8, 'layoutGrid', '{\"time\":1651587907294,\"start\":0,\"length\":10,\"order\":[[1,\"asc\"]],\"search\":{\"search\":\"\",\"smart\":true,\"regex\":false,\"caseInsensitive\":true},\"columns\":[{\"visible\":true,\"search\":{\"search\":\"\",\"smart\":true,\"regex\":false,\"caseInsensitive\":true}},{\"visible\":true,\"search\":{\"search\":\"\",\"smart\":true,\"regex\":false,\"caseInsensitive\":true}},{\"visible\":true,\"search\":{\"search\":\"\",\"smart\":true,\"regex\":false,\"caseInsensitive\":true}},{\"visible\":true,\"search\":{\"search\":\"\",\"smart\":true,\"regex\":false,\"caseInsensitive\":true}},{\"visible\":true,\"search\":{\"search\":\"\",\"smart\":true,\"regex\":false,\"caseInsensitive\":true}},{\"visible\":false,\"search\":{\"search\":\"\",\"smart\":true,\"regex\":false,\"caseInsensitive\":true}},{\"visible\":true,\"search\":{\"search\":\"\",\"smart\":true,\"regex\":false,\"caseInsensitive\":true}},{\"visible\":true,\"search\":{\"search\":\"\",\"smart\":true,\"regex\":false,\"caseInsensitive\":true}},{\"visible\":true,\"search\":{\"search\":\"\",\"smart\":true,\"regex\":false,\"caseInsensitive\":true}},{\"visible\":true,\"search\":{\"search\":\"\",\"smart\":true,\"regex\":false,\"caseInsensitive\":true}},{\"visible\":true,\"search\":{\"search\":\"\",\"smart\":true,\"regex\":false,\"caseInsensitive\":true}},{\"visible\":false,\"search\":{\"search\":\"\",\"smart\":true,\"regex\":false,\"caseInsensitive\":true}},{\"visible\":false,\"search\":{\"search\":\"\",\"smart\":true,\"regex\":false,\"caseInsensitive\":true}},{\"visible\":true,\"search\":{\"search\":\"\",\"smart\":true,\"regex\":false,\"caseInsensitive\":true}}]}'),
(8, 'userGrid', '{\"time\":1650468740366,\"start\":0,\"length\":10,\"order\":[[0,\"asc\"]],\"search\":{\"search\":\"\",\"smart\":true,\"regex\":false,\"caseInsensitive\":true},\"columns\":[{\"visible\":true,\"search\":{\"search\":\"\",\"smart\":true,\"regex\":false,\"caseInsensitive\":true}},{\"visible\":true,\"search\":{\"search\":\"\",\"smart\":true,\"regex\":false,\"caseInsensitive\":true}},{\"visible\":true,\"search\":{\"search\":\"\",\"smart\":true,\"regex\":false,\"caseInsensitive\":true}},{\"visible\":true,\"search\":{\"search\":\"\",\"smart\":true,\"regex\":false,\"caseInsensitive\":true}},{\"visible\":false,\"search\":{\"search\":\"\",\"smart\":true,\"regex\":false,\"caseInsensitive\":true}},{\"visible\":false,\"search\":{\"search\":\"\",\"smart\":true,\"regex\":false,\"caseInsensitive\":true}},{\"visible\":true,\"search\":{\"search\":\"\",\"smart\":true,\"regex\":false,\"caseInsensitive\":true}},{\"visible\":false,\"search\":{\"search\":\"\",\"smart\":true,\"regex\":false,\"caseInsensitive\":true}},{\"visible\":false,\"search\":{\"search\":\"\",\"smart\":true,\"regex\":false,\"caseInsensitive\":true}},{\"visible\":false,\"search\":{\"search\":\"\",\"smart\":true,\"regex\":false,\"caseInsensitive\":true}},{\"visible\":false,\"search\":{\"search\":\"\",\"smart\":true,\"regex\":false,\"caseInsensitive\":true}},{\"visible\":false,\"search\":{\"search\":\"\",\"smart\":true,\"regex\":false,\"caseInsensitive\":true}},{\"visible\":false,\"search\":{\"search\":\"\",\"smart\":true,\"regex\":false,\"caseInsensitive\":true}},{\"visible\":false,\"search\":{\"search\":\"\",\"smart\":true,\"regex\":false,\"caseInsensitive\":true}},{\"visible\":false,\"search\":{\"search\":\"\",\"smart\":true,\"regex\":false,\"caseInsensitive\":true}},{\"visible\":false,\"search\":{\"search\":\"\",\"smart\":true,\"regex\":false,\"caseInsensitive\":true}},{\"visible\":true,\"search\":{\"search\":\"\",\"smart\":true,\"regex\":false,\"caseInsensitive\":true}}]}'),
(10, 'campaignGrid', '{\"time\":1706796107631,\"start\":0,\"length\":10,\"order\":[[0,\"asc\"]],\"search\":{\"search\":\"\",\"smart\":true,\"regex\":false,\"caseInsensitive\":true},\"columns\":[{\"visible\":true,\"search\":{\"search\":\"\",\"smart\":true,\"regex\":false,\"caseInsensitive\":true}},{\"visible\":true,\"search\":{\"search\":\"\",\"smart\":true,\"regex\":false,\"caseInsensitive\":true}},{\"visible\":true,\"search\":{\"search\":\"\",\"smart\":true,\"regex\":false,\"caseInsensitive\":true}},{\"visible\":true,\"search\":{\"search\":\"\",\"smart\":true,\"regex\":false,\"caseInsensitive\":true}},{\"visible\":true,\"search\":{\"search\":\"\",\"smart\":true,\"regex\":false,\"caseInsensitive\":true}}]}'),
(10, 'dataSetGrid', '{\"time\":1732194852449,\"start\":0,\"length\":10,\"order\":[[4,\"asc\"]],\"search\":{\"search\":\"\",\"smart\":true,\"regex\":false,\"caseInsensitive\":true},\"columns\":[{\"visible\":true,\"search\":{\"search\":\"\",\"smart\":true,\"regex\":false,\"caseInsensitive\":true}},{\"visible\":true,\"search\":{\"search\":\"\",\"smart\":true,\"regex\":false,\"caseInsensitive\":true}},{\"visible\":true,\"search\":{\"search\":\"\",\"smart\":true,\"regex\":false,\"caseInsensitive\":true}},{\"visible\":true,\"search\":{\"search\":\"\",\"smart\":true,\"regex\":false,\"caseInsensitive\":true}},{\"visible\":true,\"search\":{\"search\":\"\",\"smart\":true,\"regex\":false,\"caseInsensitive\":true}},{\"visible\":true,\"search\":{\"search\":\"\",\"smart\":true,\"regex\":false,\"caseInsensitive\":true}},{\"visible\":true,\"search\":{\"search\":\"\",\"smart\":true,\"regex\":false,\"caseInsensitive\":true}},{\"visible\":true,\"search\":{\"search\":\"\",\"smart\":true,\"regex\":false,\"caseInsensitive\":true}},{\"visible\":true,\"search\":{\"search\":\"\",\"smart\":true,\"regex\":false,\"caseInsensitive\":true}}]}'),
(10, 'displayGrid', '{\"time\":1711474462251,\"start\":0,\"length\":10,\"order\":[[1,\"asc\"]],\"search\":{\"search\":\"\",\"smart\":true,\"regex\":false,\"caseInsensitive\":true},\"columns\":[{\"visible\":true,\"search\":{\"search\":\"\",\"smart\":true,\"regex\":false,\"caseInsensitive\":true}},{\"visible\":true,\"search\":{\"search\":\"\",\"smart\":true,\"regex\":false,\"caseInsensitive\":true}},{\"visible\":true,\"search\":{\"search\":\"\",\"smart\":true,\"regex\":false,\"caseInsensitive\":true}},{\"visible\":true,\"search\":{\"search\":\"\",\"smart\":true,\"regex\":false,\"caseInsensitive\":true}},{\"visible\":true,\"search\":{\"search\":\"\",\"smart\":true,\"regex\":false,\"caseInsensitive\":true}},{\"visible\":false,\"search\":{\"search\":\"\",\"smart\":true,\"regex\":false,\"caseInsensitive\":true}},{\"visible\":false,\"search\":{\"search\":\"\",\"smart\":true,\"regex\":false,\"caseInsensitive\":true}},{\"visible\":false,\"search\":{\"search\":\"\",\"smart\":true,\"regex\":false,\"caseInsensitive\":true}},{\"visible\":false,\"search\":{\"search\":\"\",\"smart\":true,\"regex\":false,\"caseInsensitive\":true}},{\"visible\":false,\"search\":{\"search\":\"\",\"smart\":true,\"regex\":false,\"caseInsensitive\":true}},{\"visible\":false,\"search\":{\"search\":\"\",\"smart\":true,\"regex\":false,\"caseInsensitive\":true}},{\"visible\":false,\"search\":{\"search\":\"\",\"smart\":true,\"regex\":false,\"caseInsensitive\":true}},{\"visible\":false,\"search\":{\"search\":\"\",\"smart\":true,\"regex\":false,\"caseInsensitive\":true}},{\"visible\":false,\"search\":{\"search\":\"\",\"smart\":true,\"regex\":false,\"caseInsensitive\":true}},{\"visible\":false,\"search\":{\"search\":\"\",\"smart\":true,\"regex\":false,\"caseInsensitive\":true}},{\"visible\":true,\"search\":{\"search\":\"\",\"smart\":true,\"regex\":false,\"caseInsensitive\":true}},{\"visible\":true,\"search\":{\"search\":\"\",\"smart\":true,\"regex\":false,\"caseInsensitive\":true}},{\"visible\":false,\"search\":{\"search\":\"\",\"smart\":true,\"regex\":false,\"caseInsensitive\":true}},{\"visible\":false,\"search\":{\"search\":\"\",\"smart\":true,\"regex\":false,\"caseInsensitive\":true}},{\"visible\":false,\"search\":{\"search\":\"\",\"smart\":true,\"regex\":false,\"caseInsensitive\":true}},{\"visible\":false,\"search\":{\"search\":\"\",\"smart\":true,\"regex\":false,\"caseInsensitive\":true}},{\"visible\":true,\"search\":{\"search\":\"\",\"smart\":true,\"regex\":false,\"caseInsensitive\":true}},{\"visible\":false,\"search\":{\"search\":\"\",\"smart\":true,\"regex\":false,\"caseInsensitive\":true}},{\"visible\":false,\"search\":{\"search\":\"\",\"smart\":true,\"regex\":false,\"caseInsensitive\":true}},{\"visible\":false,\"search\":{\"search\":\"\",\"smart\":true,\"regex\":false,\"caseInsensitive\":true}},{\"visible\":false,\"search\":{\"search\":\"\",\"smart\":true,\"regex\":false,\"caseInsensitive\":true}},{\"visible\":true,\"search\":{\"search\":\"\",\"smart\":true,\"regex\":false,\"caseInsensitive\":true}},{\"visible\":false,\"search\":{\"search\":\"\",\"smart\":true,\"regex\":false,\"caseInsensitive\":true}},{\"visible\":false,\"search\":{\"search\":\"\",\"smart\":true,\"regex\":false,\"caseInsensitive\":true}},{\"visible\":false,\"search\":{\"search\":\"\",\"smart\":true,\"regex\":false,\"caseInsensitive\":true}},{\"visible\":false,\"search\":{\"search\":\"\",\"smart\":true,\"regex\":false,\"caseInsensitive\":true}},{\"visible\":false,\"search\":{\"search\":\"\",\"smart\":true,\"regex\":false,\"caseInsensitive\":true}},{\"visible\":true,\"search\":{\"search\":\"\",\"smart\":true,\"regex\":false,\"caseInsensitive\":true}},{\"visible\":true,\"search\":{\"search\":\"\",\"smart\":true,\"regex\":false,\"caseInsensitive\":true}}]}'),
(10, 'displayGroupGrid', '{\"time\":1695844400091,\"start\":0,\"length\":10,\"order\":[[1,\"asc\"]],\"search\":{\"search\":\"\",\"smart\":true,\"regex\":false,\"caseInsensitive\":true},\"columns\":[{\"visible\":true,\"search\":{\"search\":\"\",\"smart\":true,\"regex\":false,\"caseInsensitive\":true}},{\"visible\":true,\"search\":{\"search\":\"\",\"smart\":true,\"regex\":false,\"caseInsensitive\":true}},{\"visible\":true,\"search\":{\"search\":\"\",\"smart\":true,\"regex\":false,\"caseInsensitive\":true}},{\"visible\":true,\"search\":{\"search\":\"\",\"smart\":true,\"regex\":false,\"caseInsensitive\":true}},{\"visible\":true,\"search\":{\"search\":\"\",\"smart\":true,\"regex\":false,\"caseInsensitive\":true}},{\"visible\":true,\"search\":{\"search\":\"\",\"smart\":true,\"regex\":false,\"caseInsensitive\":true}},{\"visible\":true,\"search\":{\"search\":\"\",\"smart\":true,\"regex\":false,\"caseInsensitive\":true}},{\"visible\":true,\"search\":{\"search\":\"\",\"smart\":true,\"regex\":false,\"caseInsensitive\":true}}]}'),
(10, 'layoutGrid', '{\"time\":1706796109926,\"start\":0,\"length\":10,\"order\":[[1,\"asc\"]],\"search\":{\"search\":\"\",\"smart\":true,\"regex\":false,\"caseInsensitive\":true},\"columns\":[{\"visible\":true,\"search\":{\"search\":\"\",\"smart\":true,\"regex\":false,\"caseInsensitive\":true}},{\"visible\":true,\"search\":{\"search\":\"\",\"smart\":true,\"regex\":false,\"caseInsensitive\":true}},{\"visible\":true,\"search\":{\"search\":\"\",\"smart\":true,\"regex\":false,\"caseInsensitive\":true}},{\"visible\":true,\"search\":{\"search\":\"\",\"smart\":true,\"regex\":false,\"caseInsensitive\":true}},{\"visible\":true,\"search\":{\"search\":\"\",\"smart\":true,\"regex\":false,\"caseInsensitive\":true}},{\"visible\":false,\"search\":{\"search\":\"\",\"smart\":true,\"regex\":false,\"caseInsensitive\":true}},{\"visible\":true,\"search\":{\"search\":\"\",\"smart\":true,\"regex\":false,\"caseInsensitive\":true}},{\"visible\":true,\"search\":{\"search\":\"\",\"smart\":true,\"regex\":false,\"caseInsensitive\":true}},{\"visible\":true,\"search\":{\"search\":\"\",\"smart\":true,\"regex\":false,\"caseInsensitive\":true}},{\"visible\":true,\"search\":{\"search\":\"\",\"smart\":true,\"regex\":false,\"caseInsensitive\":true}},{\"visible\":true,\"search\":{\"search\":\"\",\"smart\":true,\"regex\":false,\"caseInsensitive\":true}},{\"visible\":false,\"search\":{\"search\":\"\",\"smart\":true,\"regex\":false,\"caseInsensitive\":true}},{\"visible\":false,\"search\":{\"search\":\"\",\"smart\":true,\"regex\":false,\"caseInsensitive\":true}},{\"visible\":true,\"search\":{\"search\":\"\",\"smart\":true,\"regex\":false,\"caseInsensitive\":true}}]}'),
(10, 'libraryGrid', '{\"time\":1730482506672,\"start\":0,\"length\":10,\"order\":[[1,\"asc\"]],\"search\":{\"search\":\"\",\"smart\":true,\"regex\":false,\"caseInsensitive\":true},\"columns\":[{\"visible\":true,\"search\":{\"search\":\"\",\"smart\":true,\"regex\":false,\"caseInsensitive\":true}},{\"visible\":true,\"search\":{\"search\":\"\",\"smart\":true,\"regex\":false,\"caseInsensitive\":true}},{\"visible\":true,\"search\":{\"search\":\"\",\"smart\":true,\"regex\":false,\"caseInsensitive\":true}},{\"visible\":false,\"search\":{\"search\":\"\",\"smart\":true,\"regex\":false,\"caseInsensitive\":true}},{\"visible\":true,\"search\":{\"search\":\"\",\"smart\":true,\"regex\":false,\"caseInsensitive\":true}},{\"visible\":true,\"search\":{\"search\":\"\",\"smart\":true,\"regex\":false,\"caseInsensitive\":true}},{\"visible\":false,\"search\":{\"search\":\"\",\"smart\":true,\"regex\":false,\"caseInsensitive\":true}},{\"visible\":true,\"search\":{\"search\":\"\",\"smart\":true,\"regex\":false,\"caseInsensitive\":true}},{\"visible\":false,\"search\":{\"search\":\"\",\"smart\":true,\"regex\":false,\"caseInsensitive\":true}},{\"visible\":true,\"search\":{\"search\":\"\",\"smart\":true,\"regex\":false,\"caseInsensitive\":true}},{\"visible\":true,\"search\":{\"search\":\"\",\"smart\":true,\"regex\":false,\"caseInsensitive\":true}},{\"visible\":false,\"search\":{\"search\":\"\",\"smart\":true,\"regex\":false,\"caseInsensitive\":true}},{\"visible\":false,\"search\":{\"search\":\"\",\"smart\":true,\"regex\":false,\"caseInsensitive\":true}},{\"visible\":true,\"search\":{\"search\":\"\",\"smart\":true,\"regex\":false,\"caseInsensitive\":true}},{\"visible\":true,\"search\":{\"search\":\"\",\"smart\":true,\"regex\":false,\"caseInsensitive\":true}},{\"visible\":false,\"search\":{\"search\":\"\",\"smart\":true,\"regex\":false,\"caseInsensitive\":true}},{\"visible\":false,\"search\":{\"search\":\"\",\"smart\":true,\"regex\":false,\"caseInsensitive\":true}},{\"visible\":true,\"search\":{\"search\":\"\",\"smart\":true,\"regex\":false,\"caseInsensitive\":true}},{\"visible\":true,\"search\":{\"search\":\"\",\"smart\":true,\"regex\":false,\"caseInsensitive\":true}}]}'),
(10, 'playlistGrid', '{\"time\":1731587819169,\"start\":0,\"length\":10,\"order\":[[1,\"asc\"]],\"search\":{\"search\":\"\",\"smart\":true,\"regex\":false,\"caseInsensitive\":true},\"columns\":[{\"visible\":true,\"search\":{\"search\":\"\",\"smart\":true,\"regex\":false,\"caseInsensitive\":true}},{\"visible\":true,\"search\":{\"search\":\"\",\"smart\":true,\"regex\":false,\"caseInsensitive\":true}},{\"visible\":true,\"search\":{\"search\":\"\",\"smart\":true,\"regex\":false,\"caseInsensitive\":true}},{\"visible\":false,\"search\":{\"search\":\"\",\"smart\":true,\"regex\":false,\"caseInsensitive\":true}},{\"visible\":true,\"search\":{\"search\":\"\",\"smart\":true,\"regex\":false,\"caseInsensitive\":true}},{\"visible\":true,\"search\":{\"search\":\"\",\"smart\":true,\"regex\":false,\"caseInsensitive\":true}},{\"visible\":true,\"search\":{\"search\":\"\",\"smart\":true,\"regex\":false,\"caseInsensitive\":true}},{\"visible\":false,\"search\":{\"search\":\"\",\"smart\":true,\"regex\":false,\"caseInsensitive\":true}},{\"visible\":false,\"search\":{\"search\":\"\",\"smart\":true,\"regex\":false,\"caseInsensitive\":true}},{\"visible\":true,\"search\":{\"search\":\"\",\"smart\":true,\"regex\":false,\"caseInsensitive\":true}},{\"visible\":true,\"search\":{\"search\":\"\",\"smart\":true,\"regex\":false,\"caseInsensitive\":true}}]}'),
(10, 'statusDashboardDisplays', '{\"time\":1696280451186,\"start\":0,\"length\":10,\"order\":[[0,\"asc\"]],\"search\":{\"search\":\"\",\"smart\":true,\"regex\":false,\"caseInsensitive\":true},\"columns\":[{\"visible\":true,\"search\":{\"search\":\"\",\"smart\":true,\"regex\":false,\"caseInsensitive\":true}},{\"visible\":true,\"search\":{\"search\":\"\",\"smart\":true,\"regex\":false,\"caseInsensitive\":true}},{\"visible\":true,\"search\":{\"search\":\"\",\"smart\":true,\"regex\":false,\"caseInsensitive\":true}}]}'),
(12, 'campaignGrid', '{\"time\":1727374829910,\"start\":0,\"length\":10,\"order\":[[0,\"asc\"]],\"search\":{\"search\":\"\",\"smart\":true,\"regex\":false,\"caseInsensitive\":true},\"columns\":[{\"visible\":true,\"search\":{\"search\":\"\",\"smart\":true,\"regex\":false,\"caseInsensitive\":true}},{\"visible\":true,\"search\":{\"search\":\"\",\"smart\":true,\"regex\":false,\"caseInsensitive\":true}},{\"visible\":true,\"search\":{\"search\":\"\",\"smart\":true,\"regex\":false,\"caseInsensitive\":true}},{\"visible\":true,\"search\":{\"search\":\"\",\"smart\":true,\"regex\":false,\"caseInsensitive\":true}},{\"visible\":true,\"search\":{\"search\":\"\",\"smart\":true,\"regex\":false,\"caseInsensitive\":true}}]}'),
(12, 'campaignLayoutAssignGrid', '{\"time\":1692967597187,\"start\":0,\"length\":5,\"order\":[[0,\"asc\"]],\"search\":{\"search\":\"\",\"smart\":true,\"regex\":false,\"caseInsensitive\":true},\"columns\":[{\"visible\":true,\"search\":{\"search\":\"\",\"smart\":true,\"regex\":false,\"caseInsensitive\":true}},{\"visible\":true,\"search\":{\"search\":\"\",\"smart\":true,\"regex\":false,\"caseInsensitive\":true}},{\"visible\":true,\"search\":{\"search\":\"\",\"smart\":true,\"regex\":false,\"caseInsensitive\":true}}]}'),
(12, 'dataSetColumnGrid', '{\"time\":1698923923484,\"start\":0,\"length\":10,\"order\":[[0,\"asc\"]],\"search\":{\"search\":\"\",\"smart\":true,\"regex\":false,\"caseInsensitive\":true},\"columns\":[{\"visible\":true,\"search\":{\"search\":\"\",\"smart\":true,\"regex\":false,\"caseInsensitive\":true}},{\"visible\":true,\"search\":{\"search\":\"\",\"smart\":true,\"regex\":false,\"caseInsensitive\":true}},{\"visible\":true,\"search\":{\"search\":\"\",\"smart\":true,\"regex\":false,\"caseInsensitive\":true}},{\"visible\":true,\"search\":{\"search\":\"\",\"smart\":true,\"regex\":false,\"caseInsensitive\":true}},{\"visible\":true,\"search\":{\"search\":\"\",\"smart\":true,\"regex\":false,\"caseInsensitive\":true}},{\"visible\":true,\"search\":{\"search\":\"\",\"smart\":true,\"regex\":false,\"caseInsensitive\":true}}]}'),
(12, 'dataSetGrid', '{\"time\":1732021552908,\"start\":0,\"length\":10,\"order\":[[0,\"asc\"]],\"search\":{\"search\":\"\",\"smart\":true,\"regex\":false,\"caseInsensitive\":true},\"columns\":[{\"visible\":true,\"search\":{\"search\":\"\",\"smart\":true,\"regex\":false,\"caseInsensitive\":true}},{\"visible\":true,\"search\":{\"search\":\"\",\"smart\":true,\"regex\":false,\"caseInsensitive\":true}},{\"visible\":true,\"search\":{\"search\":\"\",\"smart\":true,\"regex\":false,\"caseInsensitive\":true}},{\"visible\":true,\"search\":{\"search\":\"\",\"smart\":true,\"regex\":false,\"caseInsensitive\":true}},{\"visible\":false,\"search\":{\"search\":\"\",\"smart\":true,\"regex\":false,\"caseInsensitive\":true}},{\"visible\":true,\"search\":{\"search\":\"\",\"smart\":true,\"regex\":false,\"caseInsensitive\":true}},{\"visible\":true,\"search\":{\"search\":\"\",\"smart\":true,\"regex\":false,\"caseInsensitive\":true}},{\"visible\":false,\"search\":{\"search\":\"\",\"smart\":true,\"regex\":false,\"caseInsensitive\":true}},{\"visible\":true,\"search\":{\"search\":\"\",\"smart\":true,\"regex\":false,\"caseInsensitive\":true}}]}'),
(12, 'displayGrid', '{\"time\":1730821973966,\"start\":0,\"length\":10,\"order\":[[15,\"asc\"]],\"search\":{\"search\":\"\",\"smart\":true,\"regex\":false,\"caseInsensitive\":true},\"columns\":[{\"visible\":true,\"search\":{\"search\":\"\",\"smart\":true,\"regex\":false,\"caseInsensitive\":true}},{\"visible\":true,\"search\":{\"search\":\"\",\"smart\":true,\"regex\":false,\"caseInsensitive\":true}},{\"visible\":true,\"search\":{\"search\":\"\",\"smart\":true,\"regex\":false,\"caseInsensitive\":true}},{\"visible\":true,\"search\":{\"search\":\"\",\"smart\":true,\"regex\":false,\"caseInsensitive\":true}},{\"visible\":false,\"search\":{\"search\":\"\",\"smart\":true,\"regex\":false,\"caseInsensitive\":true}},{\"visible\":false,\"search\":{\"search\":\"\",\"smart\":true,\"regex\":false,\"caseInsensitive\":true}},{\"visible\":false,\"search\":{\"search\":\"\",\"smart\":true,\"regex\":false,\"caseInsensitive\":true}},{\"visible\":false,\"search\":{\"search\":\"\",\"smart\":true,\"regex\":false,\"caseInsensitive\":true}},{\"visible\":false,\"search\":{\"search\":\"\",\"smart\":true,\"regex\":false,\"caseInsensitive\":true}},{\"visible\":false,\"search\":{\"search\":\"\",\"smart\":true,\"regex\":false,\"caseInsensitive\":true}},{\"visible\":false,\"search\":{\"search\":\"\",\"smart\":true,\"regex\":false,\"caseInsensitive\":true}},{\"visible\":false,\"search\":{\"search\":\"\",\"smart\":true,\"regex\":false,\"caseInsensitive\":true}},{\"visible\":false,\"search\":{\"search\":\"\",\"smart\":true,\"regex\":false,\"caseInsensitive\":true}},{\"visible\":false,\"search\":{\"search\":\"\",\"smart\":true,\"regex\":false,\"caseInsensitive\":true}},{\"visible\":false,\"search\":{\"search\":\"\",\"smart\":true,\"regex\":false,\"caseInsensitive\":true}},{\"visible\":true,\"search\":{\"search\":\"\",\"smart\":true,\"regex\":false,\"caseInsensitive\":true}},{\"visible\":true,\"search\":{\"search\":\"\",\"smart\":true,\"regex\":false,\"caseInsensitive\":true}},{\"visible\":false,\"search\":{\"search\":\"\",\"smart\":true,\"regex\":false,\"caseInsensitive\":true}},{\"visible\":false,\"search\":{\"search\":\"\",\"smart\":true,\"regex\":false,\"caseInsensitive\":true}},{\"visible\":false,\"search\":{\"search\":\"\",\"smart\":true,\"regex\":false,\"caseInsensitive\":true}},{\"visible\":false,\"search\":{\"search\":\"\",\"smart\":true,\"regex\":false,\"caseInsensitive\":true}},{\"visible\":true,\"search\":{\"search\":\"\",\"smart\":true,\"regex\":false,\"caseInsensitive\":true}},{\"visible\":false,\"search\":{\"search\":\"\",\"smart\":true,\"regex\":false,\"caseInsensitive\":true}},{\"visible\":false,\"search\":{\"search\":\"\",\"smart\":true,\"regex\":false,\"caseInsensitive\":true}},{\"visible\":false,\"search\":{\"search\":\"\",\"smart\":true,\"regex\":false,\"caseInsensitive\":true}},{\"visible\":true,\"search\":{\"search\":\"\",\"smart\":true,\"regex\":false,\"caseInsensitive\":true}},{\"visible\":true,\"search\":{\"search\":\"\",\"smart\":true,\"regex\":false,\"caseInsensitive\":true}},{\"visible\":false,\"search\":{\"search\":\"\",\"smart\":true,\"regex\":false,\"caseInsensitive\":true}},{\"visible\":false,\"search\":{\"search\":\"\",\"smart\":true,\"regex\":false,\"caseInsensitive\":true}},{\"visible\":false,\"search\":{\"search\":\"\",\"smart\":true,\"regex\":false,\"caseInsensitive\":true}},{\"visible\":false,\"search\":{\"search\":\"\",\"smart\":true,\"regex\":false,\"caseInsensitive\":true}},{\"visible\":false,\"search\":{\"search\":\"\",\"smart\":true,\"regex\":false,\"caseInsensitive\":true}},{\"visible\":true,\"search\":{\"search\":\"\",\"smart\":true,\"regex\":false,\"caseInsensitive\":true}},{\"visible\":true,\"search\":{\"search\":\"\",\"smart\":true,\"regex\":false,\"caseInsensitive\":true}}]}'),
(12, 'displayGroupGrid', '{\"time\":1723842216585,\"start\":0,\"length\":10,\"order\":[[3,\"asc\"]],\"search\":{\"search\":\"\",\"smart\":true,\"regex\":false,\"caseInsensitive\":true},\"columns\":[{\"visible\":true,\"search\":{\"search\":\"\",\"smart\":true,\"regex\":false,\"caseInsensitive\":true}},{\"visible\":true,\"search\":{\"search\":\"\",\"smart\":true,\"regex\":false,\"caseInsensitive\":true}},{\"visible\":true,\"search\":{\"search\":\"\",\"smart\":true,\"regex\":false,\"caseInsensitive\":true}},{\"visible\":true,\"search\":{\"search\":\"\",\"smart\":true,\"regex\":false,\"caseInsensitive\":true}},{\"visible\":true,\"search\":{\"search\":\"\",\"smart\":true,\"regex\":false,\"caseInsensitive\":true}},{\"visible\":true,\"search\":{\"search\":\"\",\"smart\":true,\"regex\":false,\"caseInsensitive\":true}},{\"visible\":true,\"search\":{\"search\":\"\",\"smart\":true,\"regex\":false,\"caseInsensitive\":true}},{\"visible\":true,\"search\":{\"search\":\"\",\"smart\":true,\"regex\":false,\"caseInsensitive\":true}}]}'),
(12, 'displaysGrid', '{\"time\":1684942070212,\"start\":0,\"length\":10,\"order\":[[1,\"asc\"]],\"search\":{\"search\":\"\",\"smart\":true,\"regex\":false,\"caseInsensitive\":true},\"columns\":[{\"visible\":true,\"search\":{\"search\":\"\",\"smart\":true,\"regex\":false,\"caseInsensitive\":true}},{\"visible\":true,\"search\":{\"search\":\"\",\"smart\":true,\"regex\":false,\"caseInsensitive\":true}},{\"visible\":true,\"search\":{\"search\":\"\",\"smart\":true,\"regex\":false,\"caseInsensitive\":true}},{\"visible\":true,\"search\":{\"search\":\"\",\"smart\":true,\"regex\":false,\"caseInsensitive\":true}},{\"visible\":false,\"search\":{\"search\":\"\",\"smart\":true,\"regex\":false,\"caseInsensitive\":true}},{\"visible\":false,\"search\":{\"search\":\"\",\"smart\":true,\"regex\":false,\"caseInsensitive\":true}},{\"visible\":false,\"search\":{\"search\":\"\",\"smart\":true,\"regex\":false,\"caseInsensitive\":true}},{\"visible\":false,\"search\":{\"search\":\"\",\"smart\":true,\"regex\":false,\"caseInsensitive\":true}},{\"visible\":false,\"search\":{\"search\":\"\",\"smart\":true,\"regex\":false,\"caseInsensitive\":true}},{\"visible\":false,\"search\":{\"search\":\"\",\"smart\":true,\"regex\":false,\"caseInsensitive\":true}},{\"visible\":false,\"search\":{\"search\":\"\",\"smart\":true,\"regex\":false,\"caseInsensitive\":true}},{\"visible\":false,\"search\":{\"search\":\"\",\"smart\":true,\"regex\":false,\"caseInsensitive\":true}},{\"visible\":false,\"search\":{\"search\":\"\",\"smart\":true,\"regex\":false,\"caseInsensitive\":true}},{\"visible\":true,\"search\":{\"search\":\"\",\"smart\":true,\"regex\":false,\"caseInsensitive\":true}},{\"visible\":true,\"search\":{\"search\":\"\",\"smart\":true,\"regex\":false,\"caseInsensitive\":true}},{\"visible\":false,\"search\":{\"search\":\"\",\"smart\":true,\"regex\":false,\"caseInsensitive\":true}},{\"visible\":false,\"search\":{\"search\":\"\",\"smart\":true,\"regex\":false,\"caseInsensitive\":true}},{\"visible\":false,\"search\":{\"search\":\"\",\"smart\":true,\"regex\":false,\"caseInsensitive\":true}},{\"visible\":false,\"search\":{\"search\":\"\",\"smart\":true,\"regex\":false,\"caseInsensitive\":true}},{\"visible\":true,\"search\":{\"search\":\"\",\"smart\":true,\"regex\":false,\"caseInsensitive\":true}},{\"visible\":false,\"search\":{\"search\":\"\",\"smart\":true,\"regex\":false,\"caseInsensitive\":true}},{\"visible\":false,\"search\":{\"search\":\"\",\"smart\":true,\"regex\":false,\"caseInsensitive\":true}},{\"visible\":false,\"search\":{\"search\":\"\",\"smart\":true,\"regex\":false,\"caseInsensitive\":true}},{\"visible\":false,\"search\":{\"search\":\"\",\"smart\":true,\"regex\":false,\"caseInsensitive\":true}},{\"visible\":false,\"search\":{\"search\":\"\",\"smart\":true,\"regex\":false,\"caseInsensitive\":true}},{\"visible\":true,\"search\":{\"search\":\"\",\"smart\":true,\"regex\":false,\"caseInsensitive\":true}}]}'),
(12, 'layoutGrid', '{\"time\":1732021581975,\"start\":0,\"length\":10,\"order\":[[8,\"asc\"]],\"search\":{\"search\":\"\",\"smart\":true,\"regex\":false,\"caseInsensitive\":true},\"columns\":[{\"visible\":true,\"search\":{\"search\":\"\",\"smart\":true,\"regex\":false,\"caseInsensitive\":true}},{\"visible\":true,\"search\":{\"search\":\"\",\"smart\":true,\"regex\":false,\"caseInsensitive\":true}},{\"visible\":true,\"search\":{\"search\":\"\",\"smart\":true,\"regex\":false,\"caseInsensitive\":true}},{\"visible\":true,\"search\":{\"search\":\"\",\"smart\":true,\"regex\":false,\"caseInsensitive\":true}},{\"visible\":true,\"search\":{\"search\":\"\",\"smart\":true,\"regex\":false,\"caseInsensitive\":true}},{\"visible\":false,\"search\":{\"search\":\"\",\"smart\":true,\"regex\":false,\"caseInsensitive\":true}},{\"visible\":true,\"search\":{\"search\":\"\",\"smart\":true,\"regex\":false,\"caseInsensitive\":true}},{\"visible\":true,\"search\":{\"search\":\"\",\"smart\":true,\"regex\":false,\"caseInsensitive\":true}},{\"visible\":true,\"search\":{\"search\":\"\",\"smart\":true,\"regex\":false,\"caseInsensitive\":true}},{\"visible\":true,\"search\":{\"search\":\"\",\"smart\":true,\"regex\":false,\"caseInsensitive\":true}},{\"visible\":true,\"search\":{\"search\":\"\",\"smart\":true,\"regex\":false,\"caseInsensitive\":true}},{\"visible\":false,\"search\":{\"search\":\"\",\"smart\":true,\"regex\":false,\"caseInsensitive\":true}},{\"visible\":false,\"search\":{\"search\":\"\",\"smart\":true,\"regex\":false,\"caseInsensitive\":true}},{\"visible\":true,\"search\":{\"search\":\"\",\"smart\":true,\"regex\":false,\"caseInsensitive\":true}}]}'),
(12, 'libraryGrid', '{\"time\":1731580006010,\"start\":0,\"length\":10,\"order\":[[17,\"asc\"]],\"search\":{\"search\":\"\",\"smart\":true,\"regex\":false,\"caseInsensitive\":true},\"columns\":[{\"visible\":true,\"search\":{\"search\":\"\",\"smart\":true,\"regex\":false,\"caseInsensitive\":true}},{\"visible\":true,\"search\":{\"search\":\"\",\"smart\":true,\"regex\":false,\"caseInsensitive\":true}},{\"visible\":true,\"search\":{\"search\":\"\",\"smart\":true,\"regex\":false,\"caseInsensitive\":true}},{\"visible\":false,\"search\":{\"search\":\"\",\"smart\":true,\"regex\":false,\"caseInsensitive\":true}},{\"visible\":true,\"search\":{\"search\":\"\",\"smart\":true,\"regex\":false,\"caseInsensitive\":true}},{\"visible\":false,\"search\":{\"search\":\"\",\"smart\":true,\"regex\":false,\"caseInsensitive\":true}},{\"visible\":false,\"search\":{\"search\":\"\",\"smart\":true,\"regex\":false,\"caseInsensitive\":true}},{\"visible\":false,\"search\":{\"search\":\"\",\"smart\":true,\"regex\":false,\"caseInsensitive\":true}},{\"visible\":false,\"search\":{\"search\":\"\",\"smart\":true,\"regex\":false,\"caseInsensitive\":true}},{\"visible\":true,\"search\":{\"search\":\"\",\"smart\":true,\"regex\":false,\"caseInsensitive\":true}},{\"visible\":false,\"search\":{\"search\":\"\",\"smart\":true,\"regex\":false,\"caseInsensitive\":true}},{\"visible\":false,\"search\":{\"search\":\"\",\"smart\":true,\"regex\":false,\"caseInsensitive\":true}},{\"visible\":false,\"search\":{\"search\":\"\",\"smart\":true,\"regex\":false,\"caseInsensitive\":true}},{\"visible\":true,\"search\":{\"search\":\"\",\"smart\":true,\"regex\":false,\"caseInsensitive\":true}},{\"visible\":false,\"search\":{\"search\":\"\",\"smart\":true,\"regex\":false,\"caseInsensitive\":true}},{\"visible\":false,\"search\":{\"search\":\"\",\"smart\":true,\"regex\":false,\"caseInsensitive\":true}},{\"visible\":false,\"search\":{\"search\":\"\",\"smart\":true,\"regex\":false,\"caseInsensitive\":true}},{\"visible\":true,\"search\":{\"search\":\"\",\"smart\":true,\"regex\":false,\"caseInsensitive\":true}},{\"visible\":true,\"search\":{\"search\":\"\",\"smart\":true,\"regex\":false,\"caseInsensitive\":true}}]}'),
(12, 'playlistGrid', '{\"time\":1732022031029,\"start\":0,\"length\":10,\"order\":[[1,\"asc\"]],\"search\":{\"search\":\"\",\"smart\":true,\"regex\":false,\"caseInsensitive\":true},\"columns\":[{\"visible\":true,\"search\":{\"search\":\"\",\"smart\":true,\"regex\":false,\"caseInsensitive\":true}},{\"visible\":true,\"search\":{\"search\":\"\",\"smart\":true,\"regex\":false,\"caseInsensitive\":true}},{\"visible\":true,\"search\":{\"search\":\"\",\"smart\":true,\"regex\":false,\"caseInsensitive\":true}},{\"visible\":false,\"search\":{\"search\":\"\",\"smart\":true,\"regex\":false,\"caseInsensitive\":true}},{\"visible\":true,\"search\":{\"search\":\"\",\"smart\":true,\"regex\":false,\"caseInsensitive\":true}},{\"visible\":true,\"search\":{\"search\":\"\",\"smart\":true,\"regex\":false,\"caseInsensitive\":true}},{\"visible\":true,\"search\":{\"search\":\"\",\"smart\":true,\"regex\":false,\"caseInsensitive\":true}},{\"visible\":false,\"search\":{\"search\":\"\",\"smart\":true,\"regex\":false,\"caseInsensitive\":true}},{\"visible\":false,\"search\":{\"search\":\"\",\"smart\":true,\"regex\":false,\"caseInsensitive\":true}},{\"visible\":true,\"search\":{\"search\":\"\",\"smart\":true,\"regex\":false,\"caseInsensitive\":true}},{\"visible\":true,\"search\":{\"search\":\"\",\"smart\":true,\"regex\":false,\"caseInsensitive\":true}}]}'),
(12, 'toolbar', '{\"libraryContent\":[{\"name\":\"Library Search 0\",\"filters\":{\"name\":{\"name\":\"Nome\",\"value\":\"\"},\"tag\":{\"name\":\"Tag\",\"value\":\"\"},\"type\":{\"name\":\"Tipo\",\"values\":[{\"type\":\"audio\",\"name\":\"Áudio\"},{\"type\":\"flash\",\"name\":\"Flash\"},{\"type\":\"htmlpackage\",\"name\":\"HTML Package\"},{\"type\":\"image\",\"name\":\"Imagem\"},{\"type\":\"pdf\",\"name\":\"PDF\"},{\"type\":\"powerpoint\",\"name\":\"PowerPoint\"},{\"type\":\"video\",\"name\":\"Video\"}]},\"owner\":{\"name\":\"Usuário\",\"values\":[{\"userId\":\"12\",\"name\":\"promo01\"}]}},\"hideElement\":false},{\"name\":\"Library Search 1 [image] \",\"filters\":{\"name\":{\"name\":\"Nome\",\"value\":\"\"},\"tag\":{\"name\":\"Tag\",\"value\":\"\"},\"type\":{\"name\":\"Tipo\",\"values\":[{\"type\":\"audio\",\"name\":\"Áudio\"},{\"type\":\"flash\",\"name\":\"Flash\"},{\"type\":\"htmlpackage\",\"name\":\"HTML Package\"},{\"type\":\"image\",\"name\":\"Imagem\"},{\"type\":\"pdf\",\"name\":\"PDF\"},{\"type\":\"powerpoint\",\"name\":\"PowerPoint\"},{\"type\":\"video\",\"name\":\"Video\"}],\"value\":\"image\"},\"owner\":{\"name\":\"Usuário\",\"values\":[{\"userId\":\"12\",\"name\":\"promo01\"}]}},\"hideElement\":false},{\"name\":\"Library Search 2 [image] \",\"filters\":{\"name\":{\"name\":\"Nome\",\"value\":\"\"},\"tag\":{\"name\":\"Tag\",\"value\":\"\"},\"type\":{\"name\":\"Tipo\",\"values\":[{\"type\":\"audio\",\"name\":\"Áudio\"},{\"type\":\"flash\",\"name\":\"Flash\"},{\"type\":\"htmlpackage\",\"name\":\"HTML Package\"},{\"type\":\"image\",\"name\":\"Imagem\"},{\"type\":\"pdf\",\"name\":\"PDF\"},{\"type\":\"powerpoint\",\"name\":\"PowerPoint\"},{\"type\":\"video\",\"name\":\"Video\"}],\"value\":\"image\"},\"owner\":{\"name\":\"Usuário\",\"values\":[{\"userId\":\"12\",\"name\":\"promo01\"}]}},\"hideElement\":false}],\"searchPosition\":{\"width\":586.672,\"height\":533.844,\"top\":167.140625,\"left\":836.3125},\"openedMenu\":2,\"displayTooltips\":1,\"favouriteModules\":[]}');
INSERT INTO `useroption` (`userId`, `option`, `value`) VALUES
(12, 'userGrid', '{\"time\":1684941416253,\"start\":0,\"length\":10,\"order\":[[0,\"asc\"]],\"search\":{\"search\":\"\",\"smart\":true,\"regex\":false,\"caseInsensitive\":true},\"columns\":[{\"visible\":true,\"search\":{\"search\":\"\",\"smart\":true,\"regex\":false,\"caseInsensitive\":true}},{\"visible\":true,\"search\":{\"search\":\"\",\"smart\":true,\"regex\":false,\"caseInsensitive\":true}},{\"visible\":true,\"search\":{\"search\":\"\",\"smart\":true,\"regex\":false,\"caseInsensitive\":true}},{\"visible\":true,\"search\":{\"search\":\"\",\"smart\":true,\"regex\":false,\"caseInsensitive\":true}},{\"visible\":false,\"search\":{\"search\":\"\",\"smart\":true,\"regex\":false,\"caseInsensitive\":true}},{\"visible\":false,\"search\":{\"search\":\"\",\"smart\":true,\"regex\":false,\"caseInsensitive\":true}},{\"visible\":true,\"search\":{\"search\":\"\",\"smart\":true,\"regex\":false,\"caseInsensitive\":true}},{\"visible\":false,\"search\":{\"search\":\"\",\"smart\":true,\"regex\":false,\"caseInsensitive\":true}},{\"visible\":false,\"search\":{\"search\":\"\",\"smart\":true,\"regex\":false,\"caseInsensitive\":true}},{\"visible\":false,\"search\":{\"search\":\"\",\"smart\":true,\"regex\":false,\"caseInsensitive\":true}},{\"visible\":false,\"search\":{\"search\":\"\",\"smart\":true,\"regex\":false,\"caseInsensitive\":true}},{\"visible\":false,\"search\":{\"search\":\"\",\"smart\":true,\"regex\":false,\"caseInsensitive\":true}},{\"visible\":false,\"search\":{\"search\":\"\",\"smart\":true,\"regex\":false,\"caseInsensitive\":true}},{\"visible\":false,\"search\":{\"search\":\"\",\"smart\":true,\"regex\":false,\"caseInsensitive\":true}},{\"visible\":false,\"search\":{\"search\":\"\",\"smart\":true,\"regex\":false,\"caseInsensitive\":true}},{\"visible\":false,\"search\":{\"search\":\"\",\"smart\":true,\"regex\":false,\"caseInsensitive\":true}},{\"visible\":true,\"search\":{\"search\":\"\",\"smart\":true,\"regex\":false,\"caseInsensitive\":true}}]}');

-- --------------------------------------------------------

--
-- Estrutura para tabela `usertype`
--

