INSERT INTO `auditlog` (`logId`, `logDate`, `userId`, `message`, `entity`, `entityId`, `objectAfter`) VALUES
(16480, 1731441223, 0, 'Updated', 'Media', 3, '{\"fileName\":\"xibo-layout-scaler.js > \\/home\\/mgatv524\\/public_html\\/serraazul\\/modules\\/xibo-layout-scaler.js\"}'),
(16481, 1731441223, 0, 'Updated', 'Media', 21, '{\"fileName\":\"bootstrap.min.css > \\/home\\/mgatv524\\/public_html\\/serraazul\\/modules\\/vendor\\/bootstrap.min.css\"}'),
(16482, 1731441223, 0, 'Updated', 'Media', 1, '{\"fileName\":\"jquery-1.11.1.min.js > \\/home\\/mgatv524\\/public_html\\/serraazul\\/modules\\/vendor\\/jquery-1.11.1.min.js\"}'),
(16483, 1731441223, 0, 'Updated', 'Media', 2, '{\"fileName\":\"moment.js > \\/home\\/mgatv524\\/public_html\\/serraazul\\/modules\\/vendor\\/moment.js\"}'),
(16484, 1731441223, 0, 'Updated', 'Media', 9, '{\"fileName\":\"jquery.marquee.min.js > \\/home\\/mgatv524\\/public_html\\/serraazul\\/modules\\/vendor\\/jquery.marquee.min.js\"}'),
(16485, 1731441223, 0, 'Updated', 'Media', 6, '{\"fileName\":\"jquery-cycle-2.1.6.min.js > \\/home\\/mgatv524\\/public_html\\/serraazul\\/modules\\/vendor\\/jquery-cycle-2.1.6.min.js\"}'),
(16486, 1731441223, 0, 'Updated', 'Media', 3, '{\"fileName\":\"xibo-layout-scaler.js > \\/home\\/mgatv524\\/public_html\\/serraazul\\/modules\\/xibo-layout-scaler.js\"}'),
(16487, 1731441223, 0, 'Updated', 'Media', 4, '{\"fileName\":\"xibo-text-render.js > \\/home\\/mgatv524\\/public_html\\/serraazul\\/modules\\/xibo-text-render.js\"}'),
(16488, 1731441223, 0, 'Updated', 'Media', 10, '{\"fileName\":\"xibo-image-render.js > \\/home\\/mgatv524\\/public_html\\/serraazul\\/modules\\/xibo-image-render.js\"}'),
(16489, 1731441223, 0, 'Updated', 'Media', 1, '{\"fileName\":\"jquery-1.11.1.min.js > \\/home\\/mgatv524\\/public_html\\/serraazul\\/modules\\/vendor\\/jquery-1.11.1.min.js\"}'),
(16490, 1731441223, 0, 'Updated', 'Media', 6, '{\"fileName\":\"jquery-cycle-2.1.6.min.js > \\/home\\/mgatv524\\/public_html\\/serraazul\\/modules\\/vendor\\/jquery-cycle-2.1.6.min.js\"}'),
(16491, 1731441223, 0, 'Updated', 'Media', 3, '{\"fileName\":\"xibo-layout-scaler.js > \\/home\\/mgatv524\\/public_html\\/serraazul\\/modules\\/xibo-layout-scaler.js\"}'),
(16492, 1731441223, 0, 'Updated', 'Media', 11, '{\"fileName\":\"xibo-dataset-render.js > \\/home\\/mgatv524\\/public_html\\/serraazul\\/modules\\/xibo-dataset-render.js\"}'),
(16493, 1731441223, 0, 'Updated', 'Media', 10, '{\"fileName\":\"xibo-image-render.js > \\/home\\/mgatv524\\/public_html\\/serraazul\\/modules\\/xibo-image-render.js\"}'),
(16494, 1731441223, 0, 'Updated', 'Media', 1, '{\"fileName\":\"jquery-1.11.1.min.js > \\/home\\/mgatv524\\/public_html\\/serraazul\\/modules\\/vendor\\/jquery-1.11.1.min.js\"}'),
(16495, 1731441223, 0, 'Updated', 'Media', 3, '{\"fileName\":\"xibo-layout-scaler.js > \\/home\\/mgatv524\\/public_html\\/serraazul\\/modules\\/xibo-layout-scaler.js\"}'),
(16496, 1731441223, 0, 'Updated', 'Media', 10, '{\"fileName\":\"xibo-image-render.js > \\/home\\/mgatv524\\/public_html\\/serraazul\\/modules\\/xibo-image-render.js\"}'),
(16497, 1731441223, 0, 'Updated', 'Media', 1, '{\"fileName\":\"jquery-1.11.1.min.js > \\/home\\/mgatv524\\/public_html\\/serraazul\\/modules\\/vendor\\/jquery-1.11.1.min.js\"}'),
(16498, 1731441223, 0, 'Updated', 'Media', 3, '{\"fileName\":\"xibo-layout-scaler.js > \\/home\\/mgatv524\\/public_html\\/serraazul\\/modules\\/xibo-layout-scaler.js\"}'),
(16499, 1731441223, 0, 'Updated', 'Media', 10, '{\"fileName\":\"xibo-image-render.js > \\/home\\/mgatv524\\/public_html\\/serraazul\\/modules\\/xibo-image-render.js\"}'),
(16500, 1731441223, 0, 'Updated', 'Media', 21, '{\"fileName\":\"bootstrap.min.css > \\/home\\/mgatv524\\/public_html\\/serraazul\\/modules\\/vendor\\/bootstrap.min.css\"}'),
(16501, 1731441223, 0, 'Updated', 'Media', 22, '{\"fileName\":\"WeatherIcons-Regular.otf > \\/home\\/mgatv524\\/public_html\\/serraazul\\/modules\\/forecastio\\/player\\/WeatherIcons-Regular.otf\"}'),
(16502, 1731441223, 0, 'Updated', 'Media', 23, '{\"fileName\":\"animate.css > \\/home\\/mgatv524\\/public_html\\/serraazul\\/modules\\/forecastio\\/player\\/animate.css\"}'),
(16503, 1731441223, 0, 'Updated', 'Media', 24, '{\"fileName\":\"font-awesome.min.css > \\/home\\/mgatv524\\/public_html\\/serraazul\\/modules\\/forecastio\\/player\\/font-awesome.min.css\"}'),
(16504, 1731441223, 0, 'Updated', 'Media', 25, '{\"fileName\":\"weather-icons.min.css > \\/home\\/mgatv524\\/public_html\\/serraazul\\/modules\\/forecastio\\/player\\/weather-icons.min.css\"}'),
(16505, 1731441223, 0, 'Updated', 'Media', 26, '{\"fileName\":\"weathericons-regular-webfont.eot > \\/home\\/mgatv524\\/public_html\\/serraazul\\/modules\\/forecastio\\/player\\/weathericons-regular-webfont.eot\"}'),
(16506, 1731441223, 0, 'Updated', 'Media', 27, '{\"fileName\":\"weathericons-regular-webfont.svg > \\/home\\/mgatv524\\/public_html\\/serraazul\\/modules\\/forecastio\\/player\\/weathericons-regular-webfont.svg\"}'),
(16507, 1731441223, 0, 'Updated', 'Media', 28, '{\"fileName\":\"weathericons-regular-webfont.ttf > \\/home\\/mgatv524\\/public_html\\/serraazul\\/modules\\/forecastio\\/player\\/weathericons-regular-webfont.ttf\"}'),
(16508, 1731441223, 0, 'Updated', 'Media', 29, '{\"fileName\":\"weathericons-regular-webfont.woff > \\/home\\/mgatv524\\/public_html\\/serraazul\\/modules\\/forecastio\\/player\\/weathericons-regular-webfont.woff\"}'),
(16509, 1731441223, 0, 'Updated', 'Media', 30, '{\"fileName\":\"weathericons-regular-webfont.woff2 > \\/home\\/mgatv524\\/public_html\\/serraazul\\/modules\\/forecastio\\/player\\/weathericons-regular-webfont.woff2\"}'),
(16510, 1731441223, 0, 'Updated', 'Media', 31, '{\"fileName\":\"wi-cloudy.jpg > \\/home\\/mgatv524\\/public_html\\/serraazul\\/modules\\/forecastio\\/player\\/wi-cloudy.jpg\"}'),
(16511, 1731441223, 0, 'Updated', 'Media', 32, '{\"fileName\":\"wi-day-cloudy.jpg > \\/home\\/mgatv524\\/public_html\\/serraazul\\/modules\\/forecastio\\/player\\/wi-day-cloudy.jpg\"}'),
(16512, 1731441223, 0, 'Updated', 'Media', 33, '{\"fileName\":\"wi-day-sunny.jpg > \\/home\\/mgatv524\\/public_html\\/serraazul\\/modules\\/forecastio\\/player\\/wi-day-sunny.jpg\"}'),
(16513, 1731441223, 0, 'Updated', 'Media', 34, '{\"fileName\":\"wi-fog.jpg > \\/home\\/mgatv524\\/public_html\\/serraazul\\/modules\\/forecastio\\/player\\/wi-fog.jpg\"}'),
(16514, 1731441223, 0, 'Updated', 'Media', 35, '{\"fileName\":\"wi-hail.jpg > \\/home\\/mgatv524\\/public_html\\/serraazul\\/modules\\/forecastio\\/player\\/wi-hail.jpg\"}'),
(16515, 1731441223, 0, 'Updated', 'Media', 36, '{\"fileName\":\"wi-night-clear.jpg > \\/home\\/mgatv524\\/public_html\\/serraazul\\/modules\\/forecastio\\/player\\/wi-night-clear.jpg\"}'),
(16516, 1731441223, 0, 'Updated', 'Media', 37, '{\"fileName\":\"wi-night-partly-cloudy.jpg > \\/home\\/mgatv524\\/public_html\\/serraazul\\/modules\\/forecastio\\/player\\/wi-night-partly-cloudy.jpg\"}'),
(16517, 1731441223, 0, 'Updated', 'Media', 38, '{\"fileName\":\"wi-rain.jpg > \\/home\\/mgatv524\\/public_html\\/serraazul\\/modules\\/forecastio\\/player\\/wi-rain.jpg\"}'),
(16518, 1731441223, 0, 'Updated', 'Media', 39, '{\"fileName\":\"wi-snow.jpg > \\/home\\/mgatv524\\/public_html\\/serraazul\\/modules\\/forecastio\\/player\\/wi-snow.jpg\"}'),
(16519, 1731441223, 0, 'Updated', 'Media', 40, '{\"fileName\":\"wi-windy.jpg > \\/home\\/mgatv524\\/public_html\\/serraazul\\/modules\\/forecastio\\/player\\/wi-windy.jpg\"}'),
(16520, 1731441223, 0, 'Updated', 'Media', 1, '{\"fileName\":\"jquery-1.11.1.min.js > \\/home\\/mgatv524\\/public_html\\/serraazul\\/modules\\/vendor\\/jquery-1.11.1.min.js\"}'),
(16521, 1731441223, 0, 'Updated', 'Media', 1, '{\"fileName\":\"jquery-1.11.1.min.js > \\/home\\/mgatv524\\/public_html\\/serraazul\\/modules\\/vendor\\/jquery-1.11.1.min.js\"}'),
(16522, 1731441223, 0, 'Updated', 'Media', 3, '{\"fileName\":\"xibo-layout-scaler.js > \\/home\\/mgatv524\\/public_html\\/serraazul\\/modules\\/xibo-layout-scaler.js\"}'),
(16523, 1731441223, 0, 'Updated', 'Media', 4, '{\"fileName\":\"xibo-text-render.js > \\/home\\/mgatv524\\/public_html\\/serraazul\\/modules\\/xibo-text-render.js\"}'),
(16524, 1731441223, 0, 'Updated', 'Media', 9, '{\"fileName\":\"jquery.marquee.min.js > \\/home\\/mgatv524\\/public_html\\/serraazul\\/modules\\/vendor\\/jquery.marquee.min.js\"}'),
(16525, 1731441223, 0, 'Updated', 'Media', 6, '{\"fileName\":\"jquery-cycle-2.1.6.min.js > \\/home\\/mgatv524\\/public_html\\/serraazul\\/modules\\/vendor\\/jquery-cycle-2.1.6.min.js\"}'),
(16526, 1731441223, 0, 'Updated', 'Media', 17, '{\"fileName\":\"pdf.js > \\/home\\/mgatv524\\/public_html\\/serraazul\\/modules\\/vendor\\/pdfjs\\/pdf.js\"}'),
(16527, 1731441223, 0, 'Updated', 'Media', 18, '{\"fileName\":\"pdf.worker.js > \\/home\\/mgatv524\\/public_html\\/serraazul\\/modules\\/vendor\\/pdfjs\\/pdf.worker.js\"}'),
(16528, 1731441223, 0, 'Updated', 'Media', 19, '{\"fileName\":\"compatibility.js > \\/home\\/mgatv524\\/public_html\\/serraazul\\/modules\\/vendor\\/pdfjs\\/compatibility.js\"}'),
(16529, 1731441223, 0, 'Updated', 'Media', 1, '{\"fileName\":\"jquery-1.11.1.min.js > \\/home\\/mgatv524\\/public_html\\/serraazul\\/modules\\/vendor\\/jquery-1.11.1.min.js\"}'),
(16530, 1731441223, 0, 'Updated', 'Media', 2, '{\"fileName\":\"moment.js > \\/home\\/mgatv524\\/public_html\\/serraazul\\/modules\\/vendor\\/moment.js\"}'),
(16531, 1731441223, 0, 'Updated', 'Media', 9, '{\"fileName\":\"jquery.marquee.min.js > \\/home\\/mgatv524\\/public_html\\/serraazul\\/modules\\/vendor\\/jquery.marquee.min.js\"}'),
(16532, 1731441223, 0, 'Updated', 'Media', 6, '{\"fileName\":\"jquery-cycle-2.1.6.min.js > \\/home\\/mgatv524\\/public_html\\/serraazul\\/modules\\/vendor\\/jquery-cycle-2.1.6.min.js\"}'),
(16533, 1731441223, 0, 'Updated', 'Media', 3, '{\"fileName\":\"xibo-layout-scaler.js > \\/home\\/mgatv524\\/public_html\\/serraazul\\/modules\\/xibo-layout-scaler.js\"}'),
(16534, 1731441223, 0, 'Updated', 'Media', 4, '{\"fileName\":\"xibo-text-render.js > \\/home\\/mgatv524\\/public_html\\/serraazul\\/modules\\/xibo-text-render.js\"}'),
(16535, 1731441223, 0, 'Updated', 'Media', 10, '{\"fileName\":\"xibo-image-render.js > \\/home\\/mgatv524\\/public_html\\/serraazul\\/modules\\/xibo-image-render.js\"}'),
(16536, 1731441223, 0, 'Updated', 'Media', 1, '{\"fileName\":\"jquery-1.11.1.min.js > \\/home\\/mgatv524\\/public_html\\/serraazul\\/modules\\/vendor\\/jquery-1.11.1.min.js\"}'),
(16537, 1731441223, 0, 'Updated', 'Media', 2, '{\"fileName\":\"moment.js > \\/home\\/mgatv524\\/public_html\\/serraazul\\/modules\\/vendor\\/moment.js\"}'),
(16538, 1731441223, 0, 'Updated', 'Media', 9, '{\"fileName\":\"jquery.marquee.min.js > \\/home\\/mgatv524\\/public_html\\/serraazul\\/modules\\/vendor\\/jquery.marquee.min.js\"}'),
(16539, 1731441223, 0, 'Updated', 'Media', 6, '{\"fileName\":\"jquery-cycle-2.1.6.min.js > \\/home\\/mgatv524\\/public_html\\/serraazul\\/modules\\/vendor\\/jquery-cycle-2.1.6.min.js\"}'),
(16540, 1731441223, 0, 'Updated', 'Media', 3, '{\"fileName\":\"xibo-layout-scaler.js > \\/home\\/mgatv524\\/public_html\\/serraazul\\/modules\\/xibo-layout-scaler.js\"}'),
(16541, 1731441223, 0, 'Updated', 'Media', 4, '{\"fileName\":\"xibo-text-render.js > \\/home\\/mgatv524\\/public_html\\/serraazul\\/modules\\/xibo-text-render.js\"}'),
(16542, 1731441223, 0, 'Updated', 'Media', 10, '{\"fileName\":\"xibo-image-render.js > \\/home\\/mgatv524\\/public_html\\/serraazul\\/modules\\/xibo-image-render.js\"}'),
(16543, 1731441223, 0, 'Updated', 'Media', 1, '{\"fileName\":\"jquery-1.11.1.min.js > \\/home\\/mgatv524\\/public_html\\/serraazul\\/modules\\/vendor\\/jquery-1.11.1.min.js\"}'),
(16544, 1731441223, 0, 'Updated', 'Media', 3, '{\"fileName\":\"xibo-layout-scaler.js > \\/home\\/mgatv524\\/public_html\\/serraazul\\/modules\\/xibo-layout-scaler.js\"}'),
(16545, 1731441223, 0, 'Updated', 'Media', 20, '{\"fileName\":\"xibo-webpage-render.js > \\/home\\/mgatv524\\/public_html\\/serraazul\\/modules\\/xibo-webpage-render.js\"}'),
(16546, 1731483371, 0, 'Updated', 'Media', 1, '{\"fileName\":\"jquery-1.11.1.min.js > \\/home\\/mgatv524\\/public_html\\/serraazul\\/modules\\/vendor\\/jquery-1.11.1.min.js\"}'),
(16547, 1731483371, 0, 'Updated', 'Media', 2, '{\"fileName\":\"moment.js > \\/home\\/mgatv524\\/public_html\\/serraazul\\/modules\\/vendor\\/moment.js\"}'),
(16548, 1731483371, 0, 'Updated', 'Media', 3, '{\"fileName\":\"xibo-layout-scaler.js > \\/home\\/mgatv524\\/public_html\\/serraazul\\/modules\\/xibo-layout-scaler.js\"}'),
(16549, 1731483371, 0, 'Updated', 'Media', 4, '{\"fileName\":\"xibo-text-render.js > \\/home\\/mgatv524\\/public_html\\/serraazul\\/modules\\/xibo-text-render.js\"}'),
(16550, 1731483371, 0, 'Updated', 'Media', 1, '{\"fileName\":\"jquery-1.11.1.min.js > \\/home\\/mgatv524\\/public_html\\/serraazul\\/modules\\/vendor\\/jquery-1.11.1.min.js\"}'),
(16551, 1731483371, 0, 'Updated', 'Media', 2, '{\"fileName\":\"moment.js > \\/home\\/mgatv524\\/public_html\\/serraazul\\/modules\\/vendor\\/moment.js\"}'),
(16552, 1731483371, 0, 'Updated', 'Media', 5, '{\"fileName\":\"Chart.min.js > \\/home\\/mgatv524\\/public_html\\/serraazul\\/modules\\/vendor\\/Chart.min.js\"}'),
(16553, 1731483371, 0, 'Updated', 'Media', 3, '{\"fileName\":\"xibo-layout-scaler.js > \\/home\\/mgatv524\\/public_html\\/serraazul\\/modules\\/xibo-layout-scaler.js\"}'),
(16554, 1731483371, 0, 'Updated', 'Media', 1, '{\"fileName\":\"jquery-1.11.1.min.js > \\/home\\/mgatv524\\/public_html\\/serraazul\\/modules\\/vendor\\/jquery-1.11.1.min.js\"}'),
(16555, 1731483371, 0, 'Updated', 'Media', 6, '{\"fileName\":\"jquery-cycle-2.1.6.min.js > \\/home\\/mgatv524\\/public_html\\/serraazul\\/modules\\/vendor\\/jquery-cycle-2.1.6.min.js\"}'),
(16556, 1731483371, 0, 'Updated', 'Media', 2, '{\"fileName\":\"moment.js > \\/home\\/mgatv524\\/public_html\\/serraazul\\/modules\\/vendor\\/moment.js\"}'),
(16557, 1731483371, 0, 'Updated', 'Media', 7, '{\"fileName\":\"flipclock.min.js > \\/home\\/mgatv524\\/public_html\\/serraazul\\/modules\\/vendor\\/flipclock.min.js\"}'),
(16558, 1731483371, 0, 'Updated', 'Media', 3, '{\"fileName\":\"xibo-layout-scaler.js > \\/home\\/mgatv524\\/public_html\\/serraazul\\/modules\\/xibo-layout-scaler.js\"}'),
(16559, 1731483371, 0, 'Updated', 'Media', 1, '{\"fileName\":\"jquery-1.11.1.min.js > \\/home\\/mgatv524\\/public_html\\/serraazul\\/modules\\/vendor\\/jquery-1.11.1.min.js\"}'),
(16560, 1731483371, 0, 'Updated', 'Media', 8, '{\"fileName\":\"xibo-countdown-render.js > \\/home\\/mgatv524\\/public_html\\/serraazul\\/modules\\/xibo-countdown-render.js\"}'),
(16561, 1731483371, 0, 'Updated', 'Media', 2, '{\"fileName\":\"moment.js > \\/home\\/mgatv524\\/public_html\\/serraazul\\/modules\\/vendor\\/moment.js\"}'),
(16562, 1731483371, 0, 'Updated', 'Media', 3, '{\"fileName\":\"xibo-layout-scaler.js > \\/home\\/mgatv524\\/public_html\\/serraazul\\/modules\\/xibo-layout-scaler.js\"}'),
(16563, 1731483371, 0, 'Updated', 'Media', 21, '{\"fileName\":\"bootstrap.min.css > \\/home\\/mgatv524\\/public_html\\/serraazul\\/modules\\/vendor\\/bootstrap.min.css\"}'),
(16564, 1731483371, 0, 'Updated', 'Media', 1, '{\"fileName\":\"jquery-1.11.1.min.js > \\/home\\/mgatv524\\/public_html\\/serraazul\\/modules\\/vendor\\/jquery-1.11.1.min.js\"}'),
(16565, 1731483371, 0, 'Updated', 'Media', 2, '{\"fileName\":\"moment.js > \\/home\\/mgatv524\\/public_html\\/serraazul\\/modules\\/vendor\\/moment.js\"}'),
(16566, 1731483371, 0, 'Updated', 'Media', 9, '{\"fileName\":\"jquery.marquee.min.js > \\/home\\/mgatv524\\/public_html\\/serraazul\\/modules\\/vendor\\/jquery.marquee.min.js\"}'),
(16567, 1731483371, 0, 'Updated', 'Media', 6, '{\"fileName\":\"jquery-cycle-2.1.6.min.js > \\/home\\/mgatv524\\/public_html\\/serraazul\\/modules\\/vendor\\/jquery-cycle-2.1.6.min.js\"}'),
(16568, 1731483371, 0, 'Updated', 'Media', 3, '{\"fileName\":\"xibo-layout-scaler.js > \\/home\\/mgatv524\\/public_html\\/serraazul\\/modules\\/xibo-layout-scaler.js\"}'),
(16569, 1731483371, 0, 'Updated', 'Media', 4, '{\"fileName\":\"xibo-text-render.js > \\/home\\/mgatv524\\/public_html\\/serraazul\\/modules\\/xibo-text-render.js\"}'),
(16570, 1731483371, 0, 'Updated', 'Media', 10, '{\"fileName\":\"xibo-image-render.js > \\/home\\/mgatv524\\/public_html\\/serraazul\\/modules\\/xibo-image-render.js\"}'),
(16571, 1731483371, 0, 'Updated', 'Media', 1, '{\"fileName\":\"jquery-1.11.1.min.js > \\/home\\/mgatv524\\/public_html\\/serraazul\\/modules\\/vendor\\/jquery-1.11.1.min.js\"}'),
(16572, 1731483371, 0, 'Updated', 'Media', 6, '{\"fileName\":\"jquery-cycle-2.1.6.min.js > \\/home\\/mgatv524\\/public_html\\/serraazul\\/modules\\/vendor\\/jquery-cycle-2.1.6.min.js\"}'),
(16573, 1731483371, 0, 'Updated', 'Media', 3, '{\"fileName\":\"xibo-layout-scaler.js > \\/home\\/mgatv524\\/public_html\\/serraazul\\/modules\\/xibo-layout-scaler.js\"}'),
(16574, 1731483371, 0, 'Updated', 'Media', 11, '{\"fileName\":\"xibo-dataset-render.js > \\/home\\/mgatv524\\/public_html\\/serraazul\\/modules\\/xibo-dataset-render.js\"}'),
(16575, 1731483371, 0, 'Updated', 'Media', 10, '{\"fileName\":\"xibo-image-render.js > \\/home\\/mgatv524\\/public_html\\/serraazul\\/modules\\/xibo-image-render.js\"}'),
(16576, 1731483371, 0, 'Updated', 'Media', 1, '{\"fileName\":\"jquery-1.11.1.min.js > \\/home\\/mgatv524\\/public_html\\/serraazul\\/modules\\/vendor\\/jquery-1.11.1.min.js\"}'),
(16577, 1731483371, 0, 'Updated', 'Media', 3, '{\"fileName\":\"xibo-layout-scaler.js > \\/home\\/mgatv524\\/public_html\\/serraazul\\/modules\\/xibo-layout-scaler.js\"}'),
(16578, 1731483371, 0, 'Updated', 'Media', 10, '{\"fileName\":\"xibo-image-render.js > \\/home\\/mgatv524\\/public_html\\/serraazul\\/modules\\/xibo-image-render.js\"}'),
(16579, 1731483371, 0, 'Updated', 'Media', 1, '{\"fileName\":\"jquery-1.11.1.min.js > \\/home\\/mgatv524\\/public_html\\/serraazul\\/modules\\/vendor\\/jquery-1.11.1.min.js\"}'),
(16580, 1731483371, 0, 'Updated', 'Media', 3, '{\"fileName\":\"xibo-layout-scaler.js > \\/home\\/mgatv524\\/public_html\\/serraazul\\/modules\\/xibo-layout-scaler.js\"}'),
(16581, 1731483371, 0, 'Updated', 'Media', 10, '{\"fileName\":\"xibo-image-render.js > \\/home\\/mgatv524\\/public_html\\/serraazul\\/modules\\/xibo-image-render.js\"}'),
(16582, 1731483371, 0, 'Updated', 'Media', 21, '{\"fileName\":\"bootstrap.min.css > \\/home\\/mgatv524\\/public_html\\/serraazul\\/modules\\/vendor\\/bootstrap.min.css\"}'),
(16583, 1731483371, 0, 'Updated', 'Media', 22, '{\"fileName\":\"WeatherIcons-Regular.otf > \\/home\\/mgatv524\\/public_html\\/serraazul\\/modules\\/forecastio\\/player\\/WeatherIcons-Regular.otf\"}'),
(16584, 1731483371, 0, 'Updated', 'Media', 23, '{\"fileName\":\"animate.css > \\/home\\/mgatv524\\/public_html\\/serraazul\\/modules\\/forecastio\\/player\\/animate.css\"}'),
(16585, 1731483371, 0, 'Updated', 'Media', 24, '{\"fileName\":\"font-awesome.min.css > \\/home\\/mgatv524\\/public_html\\/serraazul\\/modules\\/forecastio\\/player\\/font-awesome.min.css\"}'),
(16586, 1731483371, 0, 'Updated', 'Media', 25, '{\"fileName\":\"weather-icons.min.css > \\/home\\/mgatv524\\/public_html\\/serraazul\\/modules\\/forecastio\\/player\\/weather-icons.min.css\"}'),
(16587, 1731483371, 0, 'Updated', 'Media', 26, '{\"fileName\":\"weathericons-regular-webfont.eot > \\/home\\/mgatv524\\/public_html\\/serraazul\\/modules\\/forecastio\\/player\\/weathericons-regular-webfont.eot\"}'),
(16588, 1731483371, 0, 'Updated', 'Media', 27, '{\"fileName\":\"weathericons-regular-webfont.svg > \\/home\\/mgatv524\\/public_html\\/serraazul\\/modules\\/forecastio\\/player\\/weathericons-regular-webfont.svg\"}'),
(16589, 1731483371, 0, 'Updated', 'Media', 28, '{\"fileName\":\"weathericons-regular-webfont.ttf > \\/home\\/mgatv524\\/public_html\\/serraazul\\/modules\\/forecastio\\/player\\/weathericons-regular-webfont.ttf\"}'),
(16590, 1731483371, 0, 'Updated', 'Media', 29, '{\"fileName\":\"weathericons-regular-webfont.woff > \\/home\\/mgatv524\\/public_html\\/serraazul\\/modules\\/forecastio\\/player\\/weathericons-regular-webfont.woff\"}'),
(16591, 1731483371, 0, 'Updated', 'Media', 30, '{\"fileName\":\"weathericons-regular-webfont.woff2 > \\/home\\/mgatv524\\/public_html\\/serraazul\\/modules\\/forecastio\\/player\\/weathericons-regular-webfont.woff2\"}'),
(16592, 1731483371, 0, 'Updated', 'Media', 31, '{\"fileName\":\"wi-cloudy.jpg > \\/home\\/mgatv524\\/public_html\\/serraazul\\/modules\\/forecastio\\/player\\/wi-cloudy.jpg\"}'),
(16593, 1731483371, 0, 'Updated', 'Media', 32, '{\"fileName\":\"wi-day-cloudy.jpg > \\/home\\/mgatv524\\/public_html\\/serraazul\\/modules\\/forecastio\\/player\\/wi-day-cloudy.jpg\"}'),
(16594, 1731483371, 0, 'Updated', 'Media', 33, '{\"fileName\":\"wi-day-sunny.jpg > \\/home\\/mgatv524\\/public_html\\/serraazul\\/modules\\/forecastio\\/player\\/wi-day-sunny.jpg\"}'),
(16595, 1731483371, 0, 'Updated', 'Media', 34, '{\"fileName\":\"wi-fog.jpg > \\/home\\/mgatv524\\/public_html\\/serraazul\\/modules\\/forecastio\\/player\\/wi-fog.jpg\"}'),
(16596, 1731483371, 0, 'Updated', 'Media', 35, '{\"fileName\":\"wi-hail.jpg > \\/home\\/mgatv524\\/public_html\\/serraazul\\/modules\\/forecastio\\/player\\/wi-hail.jpg\"}'),
(16597, 1731483371, 0, 'Updated', 'Media', 36, '{\"fileName\":\"wi-night-clear.jpg > \\/home\\/mgatv524\\/public_html\\/serraazul\\/modules\\/forecastio\\/player\\/wi-night-clear.jpg\"}'),
(16598, 1731483371, 0, 'Updated', 'Media', 37, '{\"fileName\":\"wi-night-partly-cloudy.jpg > \\/home\\/mgatv524\\/public_html\\/serraazul\\/modules\\/forecastio\\/player\\/wi-night-partly-cloudy.jpg\"}'),
(16599, 1731483371, 0, 'Updated', 'Media', 38, '{\"fileName\":\"wi-rain.jpg > \\/home\\/mgatv524\\/public_html\\/serraazul\\/modules\\/forecastio\\/player\\/wi-rain.jpg\"}'),
(16600, 1731483371, 0, 'Updated', 'Media', 39, '{\"fileName\":\"wi-snow.jpg > \\/home\\/mgatv524\\/public_html\\/serraazul\\/modules\\/forecastio\\/player\\/wi-snow.jpg\"}'),
(16601, 1731483371, 0, 'Updated', 'Media', 40, '{\"fileName\":\"wi-windy.jpg > \\/home\\/mgatv524\\/public_html\\/serraazul\\/modules\\/forecastio\\/player\\/wi-windy.jpg\"}'),
(16602, 1731483371, 0, 'Updated', 'Media', 1, '{\"fileName\":\"jquery-1.11.1.min.js > \\/home\\/mgatv524\\/public_html\\/serraazul\\/modules\\/vendor\\/jquery-1.11.1.min.js\"}'),
(16603, 1731483371, 0, 'Updated', 'Media', 1, '{\"fileName\":\"jquery-1.11.1.min.js > \\/home\\/mgatv524\\/public_html\\/serraazul\\/modules\\/vendor\\/jquery-1.11.1.min.js\"}'),
(16604, 1731483371, 0, 'Updated', 'Media', 3, '{\"fileName\":\"xibo-layout-scaler.js > \\/home\\/mgatv524\\/public_html\\/serraazul\\/modules\\/xibo-layout-scaler.js\"}'),
(16605, 1731483371, 0, 'Updated', 'Media', 4, '{\"fileName\":\"xibo-text-render.js > \\/home\\/mgatv524\\/public_html\\/serraazul\\/modules\\/xibo-text-render.js\"}'),
(16606, 1731483371, 0, 'Updated', 'Media', 9, '{\"fileName\":\"jquery.marquee.min.js > \\/home\\/mgatv524\\/public_html\\/serraazul\\/modules\\/vendor\\/jquery.marquee.min.js\"}'),
(16607, 1731483371, 0, 'Updated', 'Media', 6, '{\"fileName\":\"jquery-cycle-2.1.6.min.js > \\/home\\/mgatv524\\/public_html\\/serraazul\\/modules\\/vendor\\/jquery-cycle-2.1.6.min.js\"}'),
(16608, 1731483371, 0, 'Updated', 'Media', 17, '{\"fileName\":\"pdf.js > \\/home\\/mgatv524\\/public_html\\/serraazul\\/modules\\/vendor\\/pdfjs\\/pdf.js\"}'),
(16609, 1731483371, 0, 'Updated', 'Media', 18, '{\"fileName\":\"pdf.worker.js > \\/home\\/mgatv524\\/public_html\\/serraazul\\/modules\\/vendor\\/pdfjs\\/pdf.worker.js\"}'),
(16610, 1731483371, 0, 'Updated', 'Media', 19, '{\"fileName\":\"compatibility.js > \\/home\\/mgatv524\\/public_html\\/serraazul\\/modules\\/vendor\\/pdfjs\\/compatibility.js\"}'),
(16611, 1731483371, 0, 'Updated', 'Media', 1, '{\"fileName\":\"jquery-1.11.1.min.js > \\/home\\/mgatv524\\/public_html\\/serraazul\\/modules\\/vendor\\/jquery-1.11.1.min.js\"}'),
(16612, 1731483371, 0, 'Updated', 'Media', 2, '{\"fileName\":\"moment.js > \\/home\\/mgatv524\\/public_html\\/serraazul\\/modules\\/vendor\\/moment.js\"}'),
(16613, 1731483371, 0, 'Updated', 'Media', 9, '{\"fileName\":\"jquery.marquee.min.js > \\/home\\/mgatv524\\/public_html\\/serraazul\\/modules\\/vendor\\/jquery.marquee.min.js\"}'),
(16614, 1731483371, 0, 'Updated', 'Media', 6, '{\"fileName\":\"jquery-cycle-2.1.6.min.js > \\/home\\/mgatv524\\/public_html\\/serraazul\\/modules\\/vendor\\/jquery-cycle-2.1.6.min.js\"}'),
(16615, 1731483371, 0, 'Updated', 'Media', 3, '{\"fileName\":\"xibo-layout-scaler.js > \\/home\\/mgatv524\\/public_html\\/serraazul\\/modules\\/xibo-layout-scaler.js\"}'),
(16616, 1731483371, 0, 'Updated', 'Media', 4, '{\"fileName\":\"xibo-text-render.js > \\/home\\/mgatv524\\/public_html\\/serraazul\\/modules\\/xibo-text-render.js\"}'),
(16617, 1731483371, 0, 'Updated', 'Media', 10, '{\"fileName\":\"xibo-image-render.js > \\/home\\/mgatv524\\/public_html\\/serraazul\\/modules\\/xibo-image-render.js\"}'),
(16618, 1731483371, 0, 'Updated', 'Media', 1, '{\"fileName\":\"jquery-1.11.1.min.js > \\/home\\/mgatv524\\/public_html\\/serraazul\\/modules\\/vendor\\/jquery-1.11.1.min.js\"}'),
(16619, 1731483371, 0, 'Updated', 'Media', 2, '{\"fileName\":\"moment.js > \\/home\\/mgatv524\\/public_html\\/serraazul\\/modules\\/vendor\\/moment.js\"}'),
(16620, 1731483371, 0, 'Updated', 'Media', 9, '{\"fileName\":\"jquery.marquee.min.js > \\/home\\/mgatv524\\/public_html\\/serraazul\\/modules\\/vendor\\/jquery.marquee.min.js\"}'),
(16621, 1731483371, 0, 'Updated', 'Media', 6, '{\"fileName\":\"jquery-cycle-2.1.6.min.js > \\/home\\/mgatv524\\/public_html\\/serraazul\\/modules\\/vendor\\/jquery-cycle-2.1.6.min.js\"}'),
(16622, 1731483371, 0, 'Updated', 'Media', 3, '{\"fileName\":\"xibo-layout-scaler.js > \\/home\\/mgatv524\\/public_html\\/serraazul\\/modules\\/xibo-layout-scaler.js\"}'),
(16623, 1731483371, 0, 'Updated', 'Media', 4, '{\"fileName\":\"xibo-text-render.js > \\/home\\/mgatv524\\/public_html\\/serraazul\\/modules\\/xibo-text-render.js\"}'),
(16624, 1731483371, 0, 'Updated', 'Media', 10, '{\"fileName\":\"xibo-image-render.js > \\/home\\/mgatv524\\/public_html\\/serraazul\\/modules\\/xibo-image-render.js\"}'),
(16625, 1731483371, 0, 'Updated', 'Media', 1, '{\"fileName\":\"jquery-1.11.1.min.js > \\/home\\/mgatv524\\/public_html\\/serraazul\\/modules\\/vendor\\/jquery-1.11.1.min.js\"}'),
(16626, 1731483371, 0, 'Updated', 'Media', 3, '{\"fileName\":\"xibo-layout-scaler.js > \\/home\\/mgatv524\\/public_html\\/serraazul\\/modules\\/xibo-layout-scaler.js\"}'),
(16627, 1731483371, 0, 'Updated', 'Media', 20, '{\"fileName\":\"xibo-webpage-render.js > \\/home\\/mgatv524\\/public_html\\/serraazul\\/modules\\/xibo-webpage-render.js\"}'),
(16628, 1731583345, 12, 'Login Granted', 'User', 12, '{\"IPAddress\":\"177.184.71.220\",\"UserAgent\":\"Mozilla\\/5.0 (Windows NT 10.0; Win64; x64) AppleWebKit\\/537.36 (KHTML, like Gecko) Chrome\\/130.0.0.0 Safari\\/537.36 Edg\\/130.0.0.0\"}'),
(16629, 1731583625, 12, 'Login Granted', 'User', 12, '{\"IPAddress\":\"177.184.78.240\",\"UserAgent\":\"Mozilla\\/5.0 (Windows NT 10.0; Win64; x64) AppleWebKit\\/537.36 (KHTML, like Gecko) Chrome\\/109.0.0.0 Safari\\/537.36\"}'),
(16630, 1731583671, 12, 'Added', 'Media', 947, '{\"mediaId\":947,\"name\":\"WhatsApp Image 2024-11-14 at 08.22.07.jpeg\",\"mediaType\":\"image\",\"fileName\":\"WhatsApp Image 2024-11-14 at 08.22.07.jpeg\"}'),
(16631, 1731588408, 7, 'Login Granted', 'User', 7, '{\"IPAddress\":\"177.184.78.215\",\"UserAgent\":\"Mozilla\\/5.0 (Windows NT 10.0; Win64; x64) AppleWebKit\\/537.36 (KHTML, like Gecko) Chrome\\/109.0.0.0 Safari\\/537.36\"}'),
(16632, 1731590053, 8, 'Login Granted', 'User', 8, '{\"IPAddress\":\"189.84.180.52\",\"UserAgent\":\"Mozilla\\/5.0 (Windows NT 10.0; Win64; x64) AppleWebKit\\/537.36 (KHTML, like Gecko) Chrome\\/109.0.0.0 Safari\\/537.36\"}'),
(16633, 1731590121, 8, 'Login Granted', 'User', 8, '{\"IPAddress\":\"177.184.78.215\",\"UserAgent\":\"Mozilla\\/5.0 (Windows NT 10.0; Win64; x64) AppleWebKit\\/537.36 (KHTML, like Gecko) Chrome\\/109.0.0.0 Safari\\/537.36\"}'),
(16634, 1731591482, 10, 'Login Granted', 'User', 10, '{\"IPAddress\":\"177.184.78.240\",\"UserAgent\":\"Mozilla\\/5.0 (Windows NT 10.0; Win64; x64) AppleWebKit\\/537.36 (KHTML, like Gecko) Chrome\\/109.0.0.0 Safari\\/537.36\"}'),
(16635, 1731593150, 10, 'Login Granted', 'User', 10, '{\"IPAddress\":\"177.184.78.240\",\"UserAgent\":\"Mozilla\\/5.0 (Windows NT 10.0; Win64; x64) AppleWebKit\\/537.36 (KHTML, like Gecko) Chrome\\/109.0.0.0 Safari\\/537.36\"}'),
(16636, 1731602158, 10, 'Login Granted', 'User', 10, '{\"IPAddress\":\"177.184.78.240\",\"UserAgent\":\"Mozilla\\/5.0 (Windows NT 10.0; Win64; x64) AppleWebKit\\/537.36 (KHTML, like Gecko) Chrome\\/109.0.0.0 Safari\\/537.36\"}'),
(16637, 1731602169, 12, 'Login Granted', 'User', 12, '{\"IPAddress\":\"177.184.78.240\",\"UserAgent\":\"Mozilla\\/5.0 (Windows NT 10.0; Win64; x64) AppleWebKit\\/537.36 (KHTML, like Gecko) Chrome\\/109.0.0.0 Safari\\/537.36\"}'),
(16638, 1731602236, 4, 'Login Granted', 'User', 4, '{\"IPAddress\":\"177.184.78.240\",\"UserAgent\":\"Mozilla\\/5.0 (Windows NT 10.0; Win64; x64) AppleWebKit\\/537.36 (KHTML, like Gecko) Chrome\\/109.0.0.0 Safari\\/537.36\"}'),
(16639, 1731619163, 0, 'Updated', 'Media', 1, '{\"fileName\":\"jquery-1.11.1.min.js > \\/home\\/mgatv524\\/public_html\\/serraazul\\/modules\\/vendor\\/jquery-1.11.1.min.js\"}'),
(16640, 1731619163, 0, 'Updated', 'Media', 2, '{\"fileName\":\"moment.js > \\/home\\/mgatv524\\/public_html\\/serraazul\\/modules\\/vendor\\/moment.js\"}'),
(16641, 1731619163, 0, 'Updated', 'Media', 3, '{\"fileName\":\"xibo-layout-scaler.js > \\/home\\/mgatv524\\/public_html\\/serraazul\\/modules\\/xibo-layout-scaler.js\"}'),
(16642, 1731619163, 0, 'Updated', 'Media', 4, '{\"fileName\":\"xibo-text-render.js > \\/home\\/mgatv524\\/public_html\\/serraazul\\/modules\\/xibo-text-render.js\"}'),
(16643, 1731619163, 0, 'Updated', 'Media', 1, '{\"fileName\":\"jquery-1.11.1.min.js > \\/home\\/mgatv524\\/public_html\\/serraazul\\/modules\\/vendor\\/jquery-1.11.1.min.js\"}'),
(16644, 1731619163, 0, 'Updated', 'Media', 2, '{\"fileName\":\"moment.js > \\/home\\/mgatv524\\/public_html\\/serraazul\\/modules\\/vendor\\/moment.js\"}'),
(16645, 1731619163, 0, 'Updated', 'Media', 5, '{\"fileName\":\"Chart.min.js > \\/home\\/mgatv524\\/public_html\\/serraazul\\/modules\\/vendor\\/Chart.min.js\"}'),
(16646, 1731619163, 0, 'Updated', 'Media', 3, '{\"fileName\":\"xibo-layout-scaler.js > \\/home\\/mgatv524\\/public_html\\/serraazul\\/modules\\/xibo-layout-scaler.js\"}'),
(16647, 1731619163, 0, 'Updated', 'Media', 1, '{\"fileName\":\"jquery-1.11.1.min.js > \\/home\\/mgatv524\\/public_html\\/serraazul\\/modules\\/vendor\\/jquery-1.11.1.min.js\"}'),
(16648, 1731619163, 0, 'Updated', 'Media', 6, '{\"fileName\":\"jquery-cycle-2.1.6.min.js > \\/home\\/mgatv524\\/public_html\\/serraazul\\/modules\\/vendor\\/jquery-cycle-2.1.6.min.js\"}'),
(16649, 1731619163, 0, 'Updated', 'Media', 2, '{\"fileName\":\"moment.js > \\/home\\/mgatv524\\/public_html\\/serraazul\\/modules\\/vendor\\/moment.js\"}'),
(16650, 1731619163, 0, 'Updated', 'Media', 7, '{\"fileName\":\"flipclock.min.js > \\/home\\/mgatv524\\/public_html\\/serraazul\\/modules\\/vendor\\/flipclock.min.js\"}'),
(16651, 1731619163, 0, 'Updated', 'Media', 3, '{\"fileName\":\"xibo-layout-scaler.js > \\/home\\/mgatv524\\/public_html\\/serraazul\\/modules\\/xibo-layout-scaler.js\"}'),
(16652, 1731619163, 0, 'Updated', 'Media', 1, '{\"fileName\":\"jquery-1.11.1.min.js > \\/home\\/mgatv524\\/public_html\\/serraazul\\/modules\\/vendor\\/jquery-1.11.1.min.js\"}'),
(16653, 1731619163, 0, 'Updated', 'Media', 8, '{\"fileName\":\"xibo-countdown-render.js > \\/home\\/mgatv524\\/public_html\\/serraazul\\/modules\\/xibo-countdown-render.js\"}'),
(16654, 1731619163, 0, 'Updated', 'Media', 2, '{\"fileName\":\"moment.js > \\/home\\/mgatv524\\/public_html\\/serraazul\\/modules\\/vendor\\/moment.js\"}'),
(16655, 1731619163, 0, 'Updated', 'Media', 3, '{\"fileName\":\"xibo-layout-scaler.js > \\/home\\/mgatv524\\/public_html\\/serraazul\\/modules\\/xibo-layout-scaler.js\"}'),
(16656, 1731619163, 0, 'Updated', 'Media', 21, '{\"fileName\":\"bootstrap.min.css > \\/home\\/mgatv524\\/public_html\\/serraazul\\/modules\\/vendor\\/bootstrap.min.css\"}'),
(16657, 1731619163, 0, 'Updated', 'Media', 1, '{\"fileName\":\"jquery-1.11.1.min.js > \\/home\\/mgatv524\\/public_html\\/serraazul\\/modules\\/vendor\\/jquery-1.11.1.min.js\"}'),
(16658, 1731619163, 0, 'Updated', 'Media', 2, '{\"fileName\":\"moment.js > \\/home\\/mgatv524\\/public_html\\/serraazul\\/modules\\/vendor\\/moment.js\"}'),
(16659, 1731619163, 0, 'Updated', 'Media', 9, '{\"fileName\":\"jquery.marquee.min.js > \\/home\\/mgatv524\\/public_html\\/serraazul\\/modules\\/vendor\\/jquery.marquee.min.js\"}'),
(16660, 1731619163, 0, 'Updated', 'Media', 6, '{\"fileName\":\"jquery-cycle-2.1.6.min.js > \\/home\\/mgatv524\\/public_html\\/serraazul\\/modules\\/vendor\\/jquery-cycle-2.1.6.min.js\"}'),
(16661, 1731619163, 0, 'Updated', 'Media', 3, '{\"fileName\":\"xibo-layout-scaler.js > \\/home\\/mgatv524\\/public_html\\/serraazul\\/modules\\/xibo-layout-scaler.js\"}'),
(16662, 1731619163, 0, 'Updated', 'Media', 4, '{\"fileName\":\"xibo-text-render.js > \\/home\\/mgatv524\\/public_html\\/serraazul\\/modules\\/xibo-text-render.js\"}'),
(16663, 1731619163, 0, 'Updated', 'Media', 10, '{\"fileName\":\"xibo-image-render.js > \\/home\\/mgatv524\\/public_html\\/serraazul\\/modules\\/xibo-image-render.js\"}'),
(16664, 1731619163, 0, 'Updated', 'Media', 1, '{\"fileName\":\"jquery-1.11.1.min.js > \\/home\\/mgatv524\\/public_html\\/serraazul\\/modules\\/vendor\\/jquery-1.11.1.min.js\"}'),
(16665, 1731619163, 0, 'Updated', 'Media', 6, '{\"fileName\":\"jquery-cycle-2.1.6.min.js > \\/home\\/mgatv524\\/public_html\\/serraazul\\/modules\\/vendor\\/jquery-cycle-2.1.6.min.js\"}'),
(16666, 1731619163, 0, 'Updated', 'Media', 3, '{\"fileName\":\"xibo-layout-scaler.js > \\/home\\/mgatv524\\/public_html\\/serraazul\\/modules\\/xibo-layout-scaler.js\"}'),
(16667, 1731619163, 0, 'Updated', 'Media', 11, '{\"fileName\":\"xibo-dataset-render.js > \\/home\\/mgatv524\\/public_html\\/serraazul\\/modules\\/xibo-dataset-render.js\"}'),
(16668, 1731619163, 0, 'Updated', 'Media', 10, '{\"fileName\":\"xibo-image-render.js > \\/home\\/mgatv524\\/public_html\\/serraazul\\/modules\\/xibo-image-render.js\"}'),
(16669, 1731619163, 0, 'Updated', 'Media', 1, '{\"fileName\":\"jquery-1.11.1.min.js > \\/home\\/mgatv524\\/public_html\\/serraazul\\/modules\\/vendor\\/jquery-1.11.1.min.js\"}'),
(16670, 1731619163, 0, 'Updated', 'Media', 3, '{\"fileName\":\"xibo-layout-scaler.js > \\/home\\/mgatv524\\/public_html\\/serraazul\\/modules\\/xibo-layout-scaler.js\"}'),
(16671, 1731619163, 0, 'Updated', 'Media', 10, '{\"fileName\":\"xibo-image-render.js > \\/home\\/mgatv524\\/public_html\\/serraazul\\/modules\\/xibo-image-render.js\"}'),
(16672, 1731619163, 0, 'Updated', 'Media', 1, '{\"fileName\":\"jquery-1.11.1.min.js > \\/home\\/mgatv524\\/public_html\\/serraazul\\/modules\\/vendor\\/jquery-1.11.1.min.js\"}'),
(16673, 1731619163, 0, 'Updated', 'Media', 3, '{\"fileName\":\"xibo-layout-scaler.js > \\/home\\/mgatv524\\/public_html\\/serraazul\\/modules\\/xibo-layout-scaler.js\"}'),
(16674, 1731619163, 0, 'Updated', 'Media', 10, '{\"fileName\":\"xibo-image-render.js > \\/home\\/mgatv524\\/public_html\\/serraazul\\/modules\\/xibo-image-render.js\"}'),
(16675, 1731619163, 0, 'Updated', 'Media', 21, '{\"fileName\":\"bootstrap.min.css > \\/home\\/mgatv524\\/public_html\\/serraazul\\/modules\\/vendor\\/bootstrap.min.css\"}'),
(16676, 1731619163, 0, 'Updated', 'Media', 22, '{\"fileName\":\"WeatherIcons-Regular.otf > \\/home\\/mgatv524\\/public_html\\/serraazul\\/modules\\/forecastio\\/player\\/WeatherIcons-Regular.otf\"}'),
(16677, 1731619163, 0, 'Updated', 'Media', 23, '{\"fileName\":\"animate.css > \\/home\\/mgatv524\\/public_html\\/serraazul\\/modules\\/forecastio\\/player\\/animate.css\"}'),
(16678, 1731619163, 0, 'Updated', 'Media', 24, '{\"fileName\":\"font-awesome.min.css > \\/home\\/mgatv524\\/public_html\\/serraazul\\/modules\\/forecastio\\/player\\/font-awesome.min.css\"}'),
(16679, 1731619163, 0, 'Updated', 'Media', 25, '{\"fileName\":\"weather-icons.min.css > \\/home\\/mgatv524\\/public_html\\/serraazul\\/modules\\/forecastio\\/player\\/weather-icons.min.css\"}'),
(16680, 1731619163, 0, 'Updated', 'Media', 26, '{\"fileName\":\"weathericons-regular-webfont.eot > \\/home\\/mgatv524\\/public_html\\/serraazul\\/modules\\/forecastio\\/player\\/weathericons-regular-webfont.eot\"}'),
(16681, 1731619163, 0, 'Updated', 'Media', 27, '{\"fileName\":\"weathericons-regular-webfont.svg > \\/home\\/mgatv524\\/public_html\\/serraazul\\/modules\\/forecastio\\/player\\/weathericons-regular-webfont.svg\"}'),
(16682, 1731619163, 0, 'Updated', 'Media', 28, '{\"fileName\":\"weathericons-regular-webfont.ttf > \\/home\\/mgatv524\\/public_html\\/serraazul\\/modules\\/forecastio\\/player\\/weathericons-regular-webfont.ttf\"}'),
(16683, 1731619163, 0, 'Updated', 'Media', 29, '{\"fileName\":\"weathericons-regular-webfont.woff > \\/home\\/mgatv524\\/public_html\\/serraazul\\/modules\\/forecastio\\/player\\/weathericons-regular-webfont.woff\"}'),
(16684, 1731619163, 0, 'Updated', 'Media', 30, '{\"fileName\":\"weathericons-regular-webfont.woff2 > \\/home\\/mgatv524\\/public_html\\/serraazul\\/modules\\/forecastio\\/player\\/weathericons-regular-webfont.woff2\"}'),
(16685, 1731619163, 0, 'Updated', 'Media', 31, '{\"fileName\":\"wi-cloudy.jpg > \\/home\\/mgatv524\\/public_html\\/serraazul\\/modules\\/forecastio\\/player\\/wi-cloudy.jpg\"}'),
(16686, 1731619163, 0, 'Updated', 'Media', 32, '{\"fileName\":\"wi-day-cloudy.jpg > \\/home\\/mgatv524\\/public_html\\/serraazul\\/modules\\/forecastio\\/player\\/wi-day-cloudy.jpg\"}'),
(16687, 1731619163, 0, 'Updated', 'Media', 33, '{\"fileName\":\"wi-day-sunny.jpg > \\/home\\/mgatv524\\/public_html\\/serraazul\\/modules\\/forecastio\\/player\\/wi-day-sunny.jpg\"}'),
(16688, 1731619163, 0, 'Updated', 'Media', 34, '{\"fileName\":\"wi-fog.jpg > \\/home\\/mgatv524\\/public_html\\/serraazul\\/modules\\/forecastio\\/player\\/wi-fog.jpg\"}'),
(16689, 1731619163, 0, 'Updated', 'Media', 35, '{\"fileName\":\"wi-hail.jpg > \\/home\\/mgatv524\\/public_html\\/serraazul\\/modules\\/forecastio\\/player\\/wi-hail.jpg\"}'),
(16690, 1731619163, 0, 'Updated', 'Media', 36, '{\"fileName\":\"wi-night-clear.jpg > \\/home\\/mgatv524\\/public_html\\/serraazul\\/modules\\/forecastio\\/player\\/wi-night-clear.jpg\"}'),
(16691, 1731619163, 0, 'Updated', 'Media', 37, '{\"fileName\":\"wi-night-partly-cloudy.jpg > \\/home\\/mgatv524\\/public_html\\/serraazul\\/modules\\/forecastio\\/player\\/wi-night-partly-cloudy.jpg\"}'),
(16692, 1731619163, 0, 'Updated', 'Media', 38, '{\"fileName\":\"wi-rain.jpg > \\/home\\/mgatv524\\/public_html\\/serraazul\\/modules\\/forecastio\\/player\\/wi-rain.jpg\"}'),
(16693, 1731619163, 0, 'Updated', 'Media', 39, '{\"fileName\":\"wi-snow.jpg > \\/home\\/mgatv524\\/public_html\\/serraazul\\/modules\\/forecastio\\/player\\/wi-snow.jpg\"}'),
(16694, 1731619163, 0, 'Updated', 'Media', 40, '{\"fileName\":\"wi-windy.jpg > \\/home\\/mgatv524\\/public_html\\/serraazul\\/modules\\/forecastio\\/player\\/wi-windy.jpg\"}'),
(16695, 1731619163, 0, 'Updated', 'Media', 1, '{\"fileName\":\"jquery-1.11.1.min.js > \\/home\\/mgatv524\\/public_html\\/serraazul\\/modules\\/vendor\\/jquery-1.11.1.min.js\"}'),
(16696, 1731619163, 0, 'Updated', 'Media', 1, '{\"fileName\":\"jquery-1.11.1.min.js > \\/home\\/mgatv524\\/public_html\\/serraazul\\/modules\\/vendor\\/jquery-1.11.1.min.js\"}'),
(16697, 1731619163, 0, 'Updated', 'Media', 3, '{\"fileName\":\"xibo-layout-scaler.js > \\/home\\/mgatv524\\/public_html\\/serraazul\\/modules\\/xibo-layout-scaler.js\"}'),
(16698, 1731619163, 0, 'Updated', 'Media', 4, '{\"fileName\":\"xibo-text-render.js > \\/home\\/mgatv524\\/public_html\\/serraazul\\/modules\\/xibo-text-render.js\"}'),
(16699, 1731619163, 0, 'Updated', 'Media', 9, '{\"fileName\":\"jquery.marquee.min.js > \\/home\\/mgatv524\\/public_html\\/serraazul\\/modules\\/vendor\\/jquery.marquee.min.js\"}'),
(16700, 1731619163, 0, 'Updated', 'Media', 6, '{\"fileName\":\"jquery-cycle-2.1.6.min.js > \\/home\\/mgatv524\\/public_html\\/serraazul\\/modules\\/vendor\\/jquery-cycle-2.1.6.min.js\"}'),
(16701, 1731619163, 0, 'Updated', 'Media', 17, '{\"fileName\":\"pdf.js > \\/home\\/mgatv524\\/public_html\\/serraazul\\/modules\\/vendor\\/pdfjs\\/pdf.js\"}'),
(16702, 1731619163, 0, 'Updated', 'Media', 18, '{\"fileName\":\"pdf.worker.js > \\/home\\/mgatv524\\/public_html\\/serraazul\\/modules\\/vendor\\/pdfjs\\/pdf.worker.js\"}'),
(16703, 1731619163, 0, 'Updated', 'Media', 19, '{\"fileName\":\"compatibility.js > \\/home\\/mgatv524\\/public_html\\/serraazul\\/modules\\/vendor\\/pdfjs\\/compatibility.js\"}'),
(16704, 1731619163, 0, 'Updated', 'Media', 1, '{\"fileName\":\"jquery-1.11.1.min.js > \\/home\\/mgatv524\\/public_html\\/serraazul\\/modules\\/vendor\\/jquery-1.11.1.min.js\"}'),
(16705, 1731619163, 0, 'Updated', 'Media', 2, '{\"fileName\":\"moment.js > \\/home\\/mgatv524\\/public_html\\/serraazul\\/modules\\/vendor\\/moment.js\"}'),
(16706, 1731619163, 0, 'Updated', 'Media', 9, '{\"fileName\":\"jquery.marquee.min.js > \\/home\\/mgatv524\\/public_html\\/serraazul\\/modules\\/vendor\\/jquery.marquee.min.js\"}'),
(16707, 1731619163, 0, 'Updated', 'Media', 6, '{\"fileName\":\"jquery-cycle-2.1.6.min.js > \\/home\\/mgatv524\\/public_html\\/serraazul\\/modules\\/vendor\\/jquery-cycle-2.1.6.min.js\"}'),
(16708, 1731619163, 0, 'Updated', 'Media', 3, '{\"fileName\":\"xibo-layout-scaler.js > \\/home\\/mgatv524\\/public_html\\/serraazul\\/modules\\/xibo-layout-scaler.js\"}'),
(16709, 1731619163, 0, 'Updated', 'Media', 4, '{\"fileName\":\"xibo-text-render.js > \\/home\\/mgatv524\\/public_html\\/serraazul\\/modules\\/xibo-text-render.js\"}'),
(16710, 1731619163, 0, 'Updated', 'Media', 10, '{\"fileName\":\"xibo-image-render.js > \\/home\\/mgatv524\\/public_html\\/serraazul\\/modules\\/xibo-image-render.js\"}'),
(16711, 1731619163, 0, 'Updated', 'Media', 1, '{\"fileName\":\"jquery-1.11.1.min.js > \\/home\\/mgatv524\\/public_html\\/serraazul\\/modules\\/vendor\\/jquery-1.11.1.min.js\"}'),
(16712, 1731619163, 0, 'Updated', 'Media', 2, '{\"fileName\":\"moment.js > \\/home\\/mgatv524\\/public_html\\/serraazul\\/modules\\/vendor\\/moment.js\"}'),
(16713, 1731619163, 0, 'Updated', 'Media', 9, '{\"fileName\":\"jquery.marquee.min.js > \\/home\\/mgatv524\\/public_html\\/serraazul\\/modules\\/vendor\\/jquery.marquee.min.js\"}'),
(16714, 1731619163, 0, 'Updated', 'Media', 6, '{\"fileName\":\"jquery-cycle-2.1.6.min.js > \\/home\\/mgatv524\\/public_html\\/serraazul\\/modules\\/vendor\\/jquery-cycle-2.1.6.min.js\"}'),
(16715, 1731619163, 0, 'Updated', 'Media', 3, '{\"fileName\":\"xibo-layout-scaler.js > \\/home\\/mgatv524\\/public_html\\/serraazul\\/modules\\/xibo-layout-scaler.js\"}'),
(16716, 1731619163, 0, 'Updated', 'Media', 4, '{\"fileName\":\"xibo-text-render.js > \\/home\\/mgatv524\\/public_html\\/serraazul\\/modules\\/xibo-text-render.js\"}'),
(16717, 1731619163, 0, 'Updated', 'Media', 10, '{\"fileName\":\"xibo-image-render.js > \\/home\\/mgatv524\\/public_html\\/serraazul\\/modules\\/xibo-image-render.js\"}'),
(16718, 1731619163, 0, 'Updated', 'Media', 1, '{\"fileName\":\"jquery-1.11.1.min.js > \\/home\\/mgatv524\\/public_html\\/serraazul\\/modules\\/vendor\\/jquery-1.11.1.min.js\"}'),
(16719, 1731619163, 0, 'Updated', 'Media', 3, '{\"fileName\":\"xibo-layout-scaler.js > \\/home\\/mgatv524\\/public_html\\/serraazul\\/modules\\/xibo-layout-scaler.js\"}'),
(16720, 1731619163, 0, 'Updated', 'Media', 20, '{\"fileName\":\"xibo-webpage-render.js > \\/home\\/mgatv524\\/public_html\\/serraazul\\/modules\\/xibo-webpage-render.js\"}'),
(16721, 1731854903, 0, 'Updated', 'Media', 1, '{\"fileName\":\"jquery-1.11.1.min.js > \\/home\\/mgatv524\\/public_html\\/serraazul\\/modules\\/vendor\\/jquery-1.11.1.min.js\"}'),
(16722, 1731854903, 0, 'Updated', 'Media', 2, '{\"fileName\":\"moment.js > \\/home\\/mgatv524\\/public_html\\/serraazul\\/modules\\/vendor\\/moment.js\"}'),
(16723, 1731854903, 0, 'Updated', 'Media', 3, '{\"fileName\":\"xibo-layout-scaler.js > \\/home\\/mgatv524\\/public_html\\/serraazul\\/modules\\/xibo-layout-scaler.js\"}'),
(16724, 1731854903, 0, 'Updated', 'Media', 4, '{\"fileName\":\"xibo-text-render.js > \\/home\\/mgatv524\\/public_html\\/serraazul\\/modules\\/xibo-text-render.js\"}'),
(16725, 1731854903, 0, 'Updated', 'Media', 1, '{\"fileName\":\"jquery-1.11.1.min.js > \\/home\\/mgatv524\\/public_html\\/serraazul\\/modules\\/vendor\\/jquery-1.11.1.min.js\"}'),
(16726, 1731854903, 0, 'Updated', 'Media', 2, '{\"fileName\":\"moment.js > \\/home\\/mgatv524\\/public_html\\/serraazul\\/modules\\/vendor\\/moment.js\"}'),
(16727, 1731854903, 0, 'Updated', 'Media', 5, '{\"fileName\":\"Chart.min.js > \\/home\\/mgatv524\\/public_html\\/serraazul\\/modules\\/vendor\\/Chart.min.js\"}'),
(16728, 1731854903, 0, 'Updated', 'Media', 3, '{\"fileName\":\"xibo-layout-scaler.js > \\/home\\/mgatv524\\/public_html\\/serraazul\\/modules\\/xibo-layout-scaler.js\"}'),
(16729, 1731854903, 0, 'Updated', 'Media', 1, '{\"fileName\":\"jquery-1.11.1.min.js > \\/home\\/mgatv524\\/public_html\\/serraazul\\/modules\\/vendor\\/jquery-1.11.1.min.js\"}'),
(16730, 1731854903, 0, 'Updated', 'Media', 6, '{\"fileName\":\"jquery-cycle-2.1.6.min.js > \\/home\\/mgatv524\\/public_html\\/serraazul\\/modules\\/vendor\\/jquery-cycle-2.1.6.min.js\"}'),
(16731, 1731854903, 0, 'Updated', 'Media', 2, '{\"fileName\":\"moment.js > \\/home\\/mgatv524\\/public_html\\/serraazul\\/modules\\/vendor\\/moment.js\"}'),
(16732, 1731854903, 0, 'Updated', 'Media', 7, '{\"fileName\":\"flipclock.min.js > \\/home\\/mgatv524\\/public_html\\/serraazul\\/modules\\/vendor\\/flipclock.min.js\"}'),
(16733, 1731854903, 0, 'Updated', 'Media', 3, '{\"fileName\":\"xibo-layout-scaler.js > \\/home\\/mgatv524\\/public_html\\/serraazul\\/modules\\/xibo-layout-scaler.js\"}'),
(16734, 1731854904, 0, 'Updated', 'Media', 1, '{\"fileName\":\"jquery-1.11.1.min.js > \\/home\\/mgatv524\\/public_html\\/serraazul\\/modules\\/vendor\\/jquery-1.11.1.min.js\"}'),
(16735, 1731854904, 0, 'Updated', 'Media', 8, '{\"fileName\":\"xibo-countdown-render.js > \\/home\\/mgatv524\\/public_html\\/serraazul\\/modules\\/xibo-countdown-render.js\"}'),
(16736, 1731854904, 0, 'Updated', 'Media', 2, '{\"fileName\":\"moment.js > \\/home\\/mgatv524\\/public_html\\/serraazul\\/modules\\/vendor\\/moment.js\"}'),
(16737, 1731854904, 0, 'Updated', 'Media', 3, '{\"fileName\":\"xibo-layout-scaler.js > \\/home\\/mgatv524\\/public_html\\/serraazul\\/modules\\/xibo-layout-scaler.js\"}'),
(16738, 1731854904, 0, 'Updated', 'Media', 21, '{\"fileName\":\"bootstrap.min.css > \\/home\\/mgatv524\\/public_html\\/serraazul\\/modules\\/vendor\\/bootstrap.min.css\"}'),
(16739, 1731854904, 0, 'Updated', 'Media', 1, '{\"fileName\":\"jquery-1.11.1.min.js > \\/home\\/mgatv524\\/public_html\\/serraazul\\/modules\\/vendor\\/jquery-1.11.1.min.js\"}'),
(16740, 1731854904, 0, 'Updated', 'Media', 2, '{\"fileName\":\"moment.js > \\/home\\/mgatv524\\/public_html\\/serraazul\\/modules\\/vendor\\/moment.js\"}'),
(16741, 1731854904, 0, 'Updated', 'Media', 9, '{\"fileName\":\"jquery.marquee.min.js > \\/home\\/mgatv524\\/public_html\\/serraazul\\/modules\\/vendor\\/jquery.marquee.min.js\"}'),
(16742, 1731854904, 0, 'Updated', 'Media', 6, '{\"fileName\":\"jquery-cycle-2.1.6.min.js > \\/home\\/mgatv524\\/public_html\\/serraazul\\/modules\\/vendor\\/jquery-cycle-2.1.6.min.js\"}'),
(16743, 1731854904, 0, 'Updated', 'Media', 3, '{\"fileName\":\"xibo-layout-scaler.js > \\/home\\/mgatv524\\/public_html\\/serraazul\\/modules\\/xibo-layout-scaler.js\"}'),
(16744, 1731854904, 0, 'Updated', 'Media', 4, '{\"fileName\":\"xibo-text-render.js > \\/home\\/mgatv524\\/public_html\\/serraazul\\/modules\\/xibo-text-render.js\"}'),
(16745, 1731854904, 0, 'Updated', 'Media', 10, '{\"fileName\":\"xibo-image-render.js > \\/home\\/mgatv524\\/public_html\\/serraazul\\/modules\\/xibo-image-render.js\"}'),
(16746, 1731854904, 0, 'Updated', 'Media', 1, '{\"fileName\":\"jquery-1.11.1.min.js > \\/home\\/mgatv524\\/public_html\\/serraazul\\/modules\\/vendor\\/jquery-1.11.1.min.js\"}'),
(16747, 1731854904, 0, 'Updated', 'Media', 6, '{\"fileName\":\"jquery-cycle-2.1.6.min.js > \\/home\\/mgatv524\\/public_html\\/serraazul\\/modules\\/vendor\\/jquery-cycle-2.1.6.min.js\"}'),
(16748, 1731854904, 0, 'Updated', 'Media', 3, '{\"fileName\":\"xibo-layout-scaler.js > \\/home\\/mgatv524\\/public_html\\/serraazul\\/modules\\/xibo-layout-scaler.js\"}'),
(16749, 1731854904, 0, 'Updated', 'Media', 11, '{\"fileName\":\"xibo-dataset-render.js > \\/home\\/mgatv524\\/public_html\\/serraazul\\/modules\\/xibo-dataset-render.js\"}'),
(16750, 1731854904, 0, 'Updated', 'Media', 10, '{\"fileName\":\"xibo-image-render.js > \\/home\\/mgatv524\\/public_html\\/serraazul\\/modules\\/xibo-image-render.js\"}'),
(16751, 1731854904, 0, 'Updated', 'Media', 1, '{\"fileName\":\"jquery-1.11.1.min.js > \\/home\\/mgatv524\\/public_html\\/serraazul\\/modules\\/vendor\\/jquery-1.11.1.min.js\"}'),
(16752, 1731854904, 0, 'Updated', 'Media', 3, '{\"fileName\":\"xibo-layout-scaler.js > \\/home\\/mgatv524\\/public_html\\/serraazul\\/modules\\/xibo-layout-scaler.js\"}'),
(16753, 1731854904, 0, 'Updated', 'Media', 10, '{\"fileName\":\"xibo-image-render.js > \\/home\\/mgatv524\\/public_html\\/serraazul\\/modules\\/xibo-image-render.js\"}'),
(16754, 1731854904, 0, 'Updated', 'Media', 1, '{\"fileName\":\"jquery-1.11.1.min.js > \\/home\\/mgatv524\\/public_html\\/serraazul\\/modules\\/vendor\\/jquery-1.11.1.min.js\"}'),
(16755, 1731854904, 0, 'Updated', 'Media', 3, '{\"fileName\":\"xibo-layout-scaler.js > \\/home\\/mgatv524\\/public_html\\/serraazul\\/modules\\/xibo-layout-scaler.js\"}'),
(16756, 1731854904, 0, 'Updated', 'Media', 10, '{\"fileName\":\"xibo-image-render.js > \\/home\\/mgatv524\\/public_html\\/serraazul\\/modules\\/xibo-image-render.js\"}'),
(16757, 1731854904, 0, 'Updated', 'Media', 21, '{\"fileName\":\"bootstrap.min.css > \\/home\\/mgatv524\\/public_html\\/serraazul\\/modules\\/vendor\\/bootstrap.min.css\"}'),
(16758, 1731854904, 0, 'Updated', 'Media', 22, '{\"fileName\":\"WeatherIcons-Regular.otf > \\/home\\/mgatv524\\/public_html\\/serraazul\\/modules\\/forecastio\\/player\\/WeatherIcons-Regular.otf\"}'),
(16759, 1731854904, 0, 'Updated', 'Media', 23, '{\"fileName\":\"animate.css > \\/home\\/mgatv524\\/public_html\\/serraazul\\/modules\\/forecastio\\/player\\/animate.css\"}');
INSERT INTO `auditlog` (`logId`, `logDate`, `userId`, `message`, `entity`, `entityId`, `objectAfter`) VALUES
(16760, 1731854904, 0, 'Updated', 'Media', 24, '{\"fileName\":\"font-awesome.min.css > \\/home\\/mgatv524\\/public_html\\/serraazul\\/modules\\/forecastio\\/player\\/font-awesome.min.css\"}'),
(16761, 1731854904, 0, 'Updated', 'Media', 25, '{\"fileName\":\"weather-icons.min.css > \\/home\\/mgatv524\\/public_html\\/serraazul\\/modules\\/forecastio\\/player\\/weather-icons.min.css\"}'),
(16762, 1731854904, 0, 'Updated', 'Media', 26, '{\"fileName\":\"weathericons-regular-webfont.eot > \\/home\\/mgatv524\\/public_html\\/serraazul\\/modules\\/forecastio\\/player\\/weathericons-regular-webfont.eot\"}'),
(16763, 1731854904, 0, 'Updated', 'Media', 27, '{\"fileName\":\"weathericons-regular-webfont.svg > \\/home\\/mgatv524\\/public_html\\/serraazul\\/modules\\/forecastio\\/player\\/weathericons-regular-webfont.svg\"}'),
(16764, 1731854904, 0, 'Updated', 'Media', 28, '{\"fileName\":\"weathericons-regular-webfont.ttf > \\/home\\/mgatv524\\/public_html\\/serraazul\\/modules\\/forecastio\\/player\\/weathericons-regular-webfont.ttf\"}'),
(16765, 1731854904, 0, 'Updated', 'Media', 29, '{\"fileName\":\"weathericons-regular-webfont.woff > \\/home\\/mgatv524\\/public_html\\/serraazul\\/modules\\/forecastio\\/player\\/weathericons-regular-webfont.woff\"}'),
(16766, 1731854904, 0, 'Updated', 'Media', 30, '{\"fileName\":\"weathericons-regular-webfont.woff2 > \\/home\\/mgatv524\\/public_html\\/serraazul\\/modules\\/forecastio\\/player\\/weathericons-regular-webfont.woff2\"}'),
(16767, 1731854904, 0, 'Updated', 'Media', 31, '{\"fileName\":\"wi-cloudy.jpg > \\/home\\/mgatv524\\/public_html\\/serraazul\\/modules\\/forecastio\\/player\\/wi-cloudy.jpg\"}'),
(16768, 1731854904, 0, 'Updated', 'Media', 32, '{\"fileName\":\"wi-day-cloudy.jpg > \\/home\\/mgatv524\\/public_html\\/serraazul\\/modules\\/forecastio\\/player\\/wi-day-cloudy.jpg\"}'),
(16769, 1731854904, 0, 'Updated', 'Media', 33, '{\"fileName\":\"wi-day-sunny.jpg > \\/home\\/mgatv524\\/public_html\\/serraazul\\/modules\\/forecastio\\/player\\/wi-day-sunny.jpg\"}'),
(16770, 1731854904, 0, 'Updated', 'Media', 34, '{\"fileName\":\"wi-fog.jpg > \\/home\\/mgatv524\\/public_html\\/serraazul\\/modules\\/forecastio\\/player\\/wi-fog.jpg\"}'),
(16771, 1731854904, 0, 'Updated', 'Media', 35, '{\"fileName\":\"wi-hail.jpg > \\/home\\/mgatv524\\/public_html\\/serraazul\\/modules\\/forecastio\\/player\\/wi-hail.jpg\"}'),
(16772, 1731854904, 0, 'Updated', 'Media', 36, '{\"fileName\":\"wi-night-clear.jpg > \\/home\\/mgatv524\\/public_html\\/serraazul\\/modules\\/forecastio\\/player\\/wi-night-clear.jpg\"}'),
(16773, 1731854904, 0, 'Updated', 'Media', 37, '{\"fileName\":\"wi-night-partly-cloudy.jpg > \\/home\\/mgatv524\\/public_html\\/serraazul\\/modules\\/forecastio\\/player\\/wi-night-partly-cloudy.jpg\"}'),
(16774, 1731854904, 0, 'Updated', 'Media', 38, '{\"fileName\":\"wi-rain.jpg > \\/home\\/mgatv524\\/public_html\\/serraazul\\/modules\\/forecastio\\/player\\/wi-rain.jpg\"}'),
(16775, 1731854904, 0, 'Updated', 'Media', 39, '{\"fileName\":\"wi-snow.jpg > \\/home\\/mgatv524\\/public_html\\/serraazul\\/modules\\/forecastio\\/player\\/wi-snow.jpg\"}'),
(16776, 1731854904, 0, 'Updated', 'Media', 40, '{\"fileName\":\"wi-windy.jpg > \\/home\\/mgatv524\\/public_html\\/serraazul\\/modules\\/forecastio\\/player\\/wi-windy.jpg\"}'),
(16777, 1731854904, 0, 'Updated', 'Media', 1, '{\"fileName\":\"jquery-1.11.1.min.js > \\/home\\/mgatv524\\/public_html\\/serraazul\\/modules\\/vendor\\/jquery-1.11.1.min.js\"}'),
(16778, 1731854904, 0, 'Updated', 'Media', 1, '{\"fileName\":\"jquery-1.11.1.min.js > \\/home\\/mgatv524\\/public_html\\/serraazul\\/modules\\/vendor\\/jquery-1.11.1.min.js\"}'),
(16779, 1731854904, 0, 'Updated', 'Media', 3, '{\"fileName\":\"xibo-layout-scaler.js > \\/home\\/mgatv524\\/public_html\\/serraazul\\/modules\\/xibo-layout-scaler.js\"}'),
(16780, 1731854904, 0, 'Updated', 'Media', 4, '{\"fileName\":\"xibo-text-render.js > \\/home\\/mgatv524\\/public_html\\/serraazul\\/modules\\/xibo-text-render.js\"}'),
(16781, 1731854904, 0, 'Updated', 'Media', 9, '{\"fileName\":\"jquery.marquee.min.js > \\/home\\/mgatv524\\/public_html\\/serraazul\\/modules\\/vendor\\/jquery.marquee.min.js\"}'),
(16782, 1731854904, 0, 'Updated', 'Media', 6, '{\"fileName\":\"jquery-cycle-2.1.6.min.js > \\/home\\/mgatv524\\/public_html\\/serraazul\\/modules\\/vendor\\/jquery-cycle-2.1.6.min.js\"}'),
(16783, 1731854904, 0, 'Updated', 'Media', 17, '{\"fileName\":\"pdf.js > \\/home\\/mgatv524\\/public_html\\/serraazul\\/modules\\/vendor\\/pdfjs\\/pdf.js\"}'),
(16784, 1731854904, 0, 'Updated', 'Media', 18, '{\"fileName\":\"pdf.worker.js > \\/home\\/mgatv524\\/public_html\\/serraazul\\/modules\\/vendor\\/pdfjs\\/pdf.worker.js\"}'),
(16785, 1731854904, 0, 'Updated', 'Media', 19, '{\"fileName\":\"compatibility.js > \\/home\\/mgatv524\\/public_html\\/serraazul\\/modules\\/vendor\\/pdfjs\\/compatibility.js\"}'),
(16786, 1731854904, 0, 'Updated', 'Media', 1, '{\"fileName\":\"jquery-1.11.1.min.js > \\/home\\/mgatv524\\/public_html\\/serraazul\\/modules\\/vendor\\/jquery-1.11.1.min.js\"}'),
(16787, 1731854904, 0, 'Updated', 'Media', 2, '{\"fileName\":\"moment.js > \\/home\\/mgatv524\\/public_html\\/serraazul\\/modules\\/vendor\\/moment.js\"}'),
(16788, 1731854904, 0, 'Updated', 'Media', 9, '{\"fileName\":\"jquery.marquee.min.js > \\/home\\/mgatv524\\/public_html\\/serraazul\\/modules\\/vendor\\/jquery.marquee.min.js\"}'),
(16789, 1731854904, 0, 'Updated', 'Media', 6, '{\"fileName\":\"jquery-cycle-2.1.6.min.js > \\/home\\/mgatv524\\/public_html\\/serraazul\\/modules\\/vendor\\/jquery-cycle-2.1.6.min.js\"}'),
(16790, 1731854904, 0, 'Updated', 'Media', 3, '{\"fileName\":\"xibo-layout-scaler.js > \\/home\\/mgatv524\\/public_html\\/serraazul\\/modules\\/xibo-layout-scaler.js\"}'),
(16791, 1731854904, 0, 'Updated', 'Media', 4, '{\"fileName\":\"xibo-text-render.js > \\/home\\/mgatv524\\/public_html\\/serraazul\\/modules\\/xibo-text-render.js\"}'),
(16792, 1731854904, 0, 'Updated', 'Media', 10, '{\"fileName\":\"xibo-image-render.js > \\/home\\/mgatv524\\/public_html\\/serraazul\\/modules\\/xibo-image-render.js\"}'),
(16793, 1731854904, 0, 'Updated', 'Media', 1, '{\"fileName\":\"jquery-1.11.1.min.js > \\/home\\/mgatv524\\/public_html\\/serraazul\\/modules\\/vendor\\/jquery-1.11.1.min.js\"}'),
(16794, 1731854904, 0, 'Updated', 'Media', 2, '{\"fileName\":\"moment.js > \\/home\\/mgatv524\\/public_html\\/serraazul\\/modules\\/vendor\\/moment.js\"}'),
(16795, 1731854904, 0, 'Updated', 'Media', 9, '{\"fileName\":\"jquery.marquee.min.js > \\/home\\/mgatv524\\/public_html\\/serraazul\\/modules\\/vendor\\/jquery.marquee.min.js\"}'),
(16796, 1731854904, 0, 'Updated', 'Media', 6, '{\"fileName\":\"jquery-cycle-2.1.6.min.js > \\/home\\/mgatv524\\/public_html\\/serraazul\\/modules\\/vendor\\/jquery-cycle-2.1.6.min.js\"}'),
(16797, 1731854904, 0, 'Updated', 'Media', 3, '{\"fileName\":\"xibo-layout-scaler.js > \\/home\\/mgatv524\\/public_html\\/serraazul\\/modules\\/xibo-layout-scaler.js\"}'),
(16798, 1731854904, 0, 'Updated', 'Media', 4, '{\"fileName\":\"xibo-text-render.js > \\/home\\/mgatv524\\/public_html\\/serraazul\\/modules\\/xibo-text-render.js\"}'),
(16799, 1731854904, 0, 'Updated', 'Media', 10, '{\"fileName\":\"xibo-image-render.js > \\/home\\/mgatv524\\/public_html\\/serraazul\\/modules\\/xibo-image-render.js\"}'),
(16800, 1731854904, 0, 'Updated', 'Media', 1, '{\"fileName\":\"jquery-1.11.1.min.js > \\/home\\/mgatv524\\/public_html\\/serraazul\\/modules\\/vendor\\/jquery-1.11.1.min.js\"}'),
(16801, 1731854904, 0, 'Updated', 'Media', 3, '{\"fileName\":\"xibo-layout-scaler.js > \\/home\\/mgatv524\\/public_html\\/serraazul\\/modules\\/xibo-layout-scaler.js\"}'),
(16802, 1731854904, 0, 'Updated', 'Media', 20, '{\"fileName\":\"xibo-webpage-render.js > \\/home\\/mgatv524\\/public_html\\/serraazul\\/modules\\/xibo-webpage-render.js\"}'),
(16803, 1731961699, 0, 'Updated', 'Media', 1, '{\"fileName\":\"jquery-1.11.1.min.js > \\/home\\/mgatv524\\/public_html\\/serraazul\\/modules\\/vendor\\/jquery-1.11.1.min.js\"}'),
(16804, 1731961699, 0, 'Updated', 'Media', 2, '{\"fileName\":\"moment.js > \\/home\\/mgatv524\\/public_html\\/serraazul\\/modules\\/vendor\\/moment.js\"}'),
(16805, 1731961699, 0, 'Updated', 'Media', 3, '{\"fileName\":\"xibo-layout-scaler.js > \\/home\\/mgatv524\\/public_html\\/serraazul\\/modules\\/xibo-layout-scaler.js\"}'),
(16806, 1731961699, 0, 'Updated', 'Media', 4, '{\"fileName\":\"xibo-text-render.js > \\/home\\/mgatv524\\/public_html\\/serraazul\\/modules\\/xibo-text-render.js\"}'),
(16807, 1731961699, 0, 'Updated', 'Media', 1, '{\"fileName\":\"jquery-1.11.1.min.js > \\/home\\/mgatv524\\/public_html\\/serraazul\\/modules\\/vendor\\/jquery-1.11.1.min.js\"}'),
(16808, 1731961699, 0, 'Updated', 'Media', 2, '{\"fileName\":\"moment.js > \\/home\\/mgatv524\\/public_html\\/serraazul\\/modules\\/vendor\\/moment.js\"}'),
(16809, 1731961699, 0, 'Updated', 'Media', 5, '{\"fileName\":\"Chart.min.js > \\/home\\/mgatv524\\/public_html\\/serraazul\\/modules\\/vendor\\/Chart.min.js\"}'),
(16810, 1731961699, 0, 'Updated', 'Media', 3, '{\"fileName\":\"xibo-layout-scaler.js > \\/home\\/mgatv524\\/public_html\\/serraazul\\/modules\\/xibo-layout-scaler.js\"}'),
(16811, 1731961699, 0, 'Updated', 'Media', 1, '{\"fileName\":\"jquery-1.11.1.min.js > \\/home\\/mgatv524\\/public_html\\/serraazul\\/modules\\/vendor\\/jquery-1.11.1.min.js\"}'),
(16812, 1731961699, 0, 'Updated', 'Media', 6, '{\"fileName\":\"jquery-cycle-2.1.6.min.js > \\/home\\/mgatv524\\/public_html\\/serraazul\\/modules\\/vendor\\/jquery-cycle-2.1.6.min.js\"}'),
(16813, 1731961699, 0, 'Updated', 'Media', 2, '{\"fileName\":\"moment.js > \\/home\\/mgatv524\\/public_html\\/serraazul\\/modules\\/vendor\\/moment.js\"}'),
(16814, 1731961699, 0, 'Updated', 'Media', 7, '{\"fileName\":\"flipclock.min.js > \\/home\\/mgatv524\\/public_html\\/serraazul\\/modules\\/vendor\\/flipclock.min.js\"}'),
(16815, 1731961699, 0, 'Updated', 'Media', 3, '{\"fileName\":\"xibo-layout-scaler.js > \\/home\\/mgatv524\\/public_html\\/serraazul\\/modules\\/xibo-layout-scaler.js\"}'),
(16816, 1731961699, 0, 'Updated', 'Media', 1, '{\"fileName\":\"jquery-1.11.1.min.js > \\/home\\/mgatv524\\/public_html\\/serraazul\\/modules\\/vendor\\/jquery-1.11.1.min.js\"}'),
(16817, 1731961699, 0, 'Updated', 'Media', 8, '{\"fileName\":\"xibo-countdown-render.js > \\/home\\/mgatv524\\/public_html\\/serraazul\\/modules\\/xibo-countdown-render.js\"}'),
(16818, 1731961699, 0, 'Updated', 'Media', 2, '{\"fileName\":\"moment.js > \\/home\\/mgatv524\\/public_html\\/serraazul\\/modules\\/vendor\\/moment.js\"}'),
(16819, 1731961699, 0, 'Updated', 'Media', 3, '{\"fileName\":\"xibo-layout-scaler.js > \\/home\\/mgatv524\\/public_html\\/serraazul\\/modules\\/xibo-layout-scaler.js\"}'),
(16820, 1731961699, 0, 'Updated', 'Media', 21, '{\"fileName\":\"bootstrap.min.css > \\/home\\/mgatv524\\/public_html\\/serraazul\\/modules\\/vendor\\/bootstrap.min.css\"}'),
(16821, 1731961699, 0, 'Updated', 'Media', 1, '{\"fileName\":\"jquery-1.11.1.min.js > \\/home\\/mgatv524\\/public_html\\/serraazul\\/modules\\/vendor\\/jquery-1.11.1.min.js\"}'),
(16822, 1731961699, 0, 'Updated', 'Media', 2, '{\"fileName\":\"moment.js > \\/home\\/mgatv524\\/public_html\\/serraazul\\/modules\\/vendor\\/moment.js\"}'),
(16823, 1731961699, 0, 'Updated', 'Media', 9, '{\"fileName\":\"jquery.marquee.min.js > \\/home\\/mgatv524\\/public_html\\/serraazul\\/modules\\/vendor\\/jquery.marquee.min.js\"}'),
(16824, 1731961699, 0, 'Updated', 'Media', 6, '{\"fileName\":\"jquery-cycle-2.1.6.min.js > \\/home\\/mgatv524\\/public_html\\/serraazul\\/modules\\/vendor\\/jquery-cycle-2.1.6.min.js\"}'),
(16825, 1731961699, 0, 'Updated', 'Media', 3, '{\"fileName\":\"xibo-layout-scaler.js > \\/home\\/mgatv524\\/public_html\\/serraazul\\/modules\\/xibo-layout-scaler.js\"}'),
(16826, 1731961699, 0, 'Updated', 'Media', 4, '{\"fileName\":\"xibo-text-render.js > \\/home\\/mgatv524\\/public_html\\/serraazul\\/modules\\/xibo-text-render.js\"}'),
(16827, 1731961699, 0, 'Updated', 'Media', 10, '{\"fileName\":\"xibo-image-render.js > \\/home\\/mgatv524\\/public_html\\/serraazul\\/modules\\/xibo-image-render.js\"}'),
(16828, 1731961699, 0, 'Updated', 'Media', 1, '{\"fileName\":\"jquery-1.11.1.min.js > \\/home\\/mgatv524\\/public_html\\/serraazul\\/modules\\/vendor\\/jquery-1.11.1.min.js\"}'),
(16829, 1731961699, 0, 'Updated', 'Media', 6, '{\"fileName\":\"jquery-cycle-2.1.6.min.js > \\/home\\/mgatv524\\/public_html\\/serraazul\\/modules\\/vendor\\/jquery-cycle-2.1.6.min.js\"}'),
(16830, 1731961699, 0, 'Updated', 'Media', 3, '{\"fileName\":\"xibo-layout-scaler.js > \\/home\\/mgatv524\\/public_html\\/serraazul\\/modules\\/xibo-layout-scaler.js\"}'),
(16831, 1731961699, 0, 'Updated', 'Media', 11, '{\"fileName\":\"xibo-dataset-render.js > \\/home\\/mgatv524\\/public_html\\/serraazul\\/modules\\/xibo-dataset-render.js\"}'),
(16832, 1731961699, 0, 'Updated', 'Media', 10, '{\"fileName\":\"xibo-image-render.js > \\/home\\/mgatv524\\/public_html\\/serraazul\\/modules\\/xibo-image-render.js\"}'),
(16833, 1731961699, 0, 'Updated', 'Media', 1, '{\"fileName\":\"jquery-1.11.1.min.js > \\/home\\/mgatv524\\/public_html\\/serraazul\\/modules\\/vendor\\/jquery-1.11.1.min.js\"}'),
(16834, 1731961699, 0, 'Updated', 'Media', 3, '{\"fileName\":\"xibo-layout-scaler.js > \\/home\\/mgatv524\\/public_html\\/serraazul\\/modules\\/xibo-layout-scaler.js\"}'),
(16835, 1731961699, 0, 'Updated', 'Media', 10, '{\"fileName\":\"xibo-image-render.js > \\/home\\/mgatv524\\/public_html\\/serraazul\\/modules\\/xibo-image-render.js\"}'),
(16836, 1731961699, 0, 'Updated', 'Media', 1, '{\"fileName\":\"jquery-1.11.1.min.js > \\/home\\/mgatv524\\/public_html\\/serraazul\\/modules\\/vendor\\/jquery-1.11.1.min.js\"}'),
(16837, 1731961699, 0, 'Updated', 'Media', 3, '{\"fileName\":\"xibo-layout-scaler.js > \\/home\\/mgatv524\\/public_html\\/serraazul\\/modules\\/xibo-layout-scaler.js\"}'),
(16838, 1731961699, 0, 'Updated', 'Media', 10, '{\"fileName\":\"xibo-image-render.js > \\/home\\/mgatv524\\/public_html\\/serraazul\\/modules\\/xibo-image-render.js\"}'),
(16839, 1731961699, 0, 'Updated', 'Media', 21, '{\"fileName\":\"bootstrap.min.css > \\/home\\/mgatv524\\/public_html\\/serraazul\\/modules\\/vendor\\/bootstrap.min.css\"}'),
(16840, 1731961699, 0, 'Updated', 'Media', 22, '{\"fileName\":\"WeatherIcons-Regular.otf > \\/home\\/mgatv524\\/public_html\\/serraazul\\/modules\\/forecastio\\/player\\/WeatherIcons-Regular.otf\"}'),
(16841, 1731961699, 0, 'Updated', 'Media', 23, '{\"fileName\":\"animate.css > \\/home\\/mgatv524\\/public_html\\/serraazul\\/modules\\/forecastio\\/player\\/animate.css\"}'),
(16842, 1731961699, 0, 'Updated', 'Media', 24, '{\"fileName\":\"font-awesome.min.css > \\/home\\/mgatv524\\/public_html\\/serraazul\\/modules\\/forecastio\\/player\\/font-awesome.min.css\"}'),
(16843, 1731961699, 0, 'Updated', 'Media', 25, '{\"fileName\":\"weather-icons.min.css > \\/home\\/mgatv524\\/public_html\\/serraazul\\/modules\\/forecastio\\/player\\/weather-icons.min.css\"}'),
(16844, 1731961699, 0, 'Updated', 'Media', 26, '{\"fileName\":\"weathericons-regular-webfont.eot > \\/home\\/mgatv524\\/public_html\\/serraazul\\/modules\\/forecastio\\/player\\/weathericons-regular-webfont.eot\"}'),
(16845, 1731961699, 0, 'Updated', 'Media', 27, '{\"fileName\":\"weathericons-regular-webfont.svg > \\/home\\/mgatv524\\/public_html\\/serraazul\\/modules\\/forecastio\\/player\\/weathericons-regular-webfont.svg\"}'),
(16846, 1731961699, 0, 'Updated', 'Media', 28, '{\"fileName\":\"weathericons-regular-webfont.ttf > \\/home\\/mgatv524\\/public_html\\/serraazul\\/modules\\/forecastio\\/player\\/weathericons-regular-webfont.ttf\"}'),
(16847, 1731961699, 0, 'Updated', 'Media', 29, '{\"fileName\":\"weathericons-regular-webfont.woff > \\/home\\/mgatv524\\/public_html\\/serraazul\\/modules\\/forecastio\\/player\\/weathericons-regular-webfont.woff\"}'),
(16848, 1731961699, 0, 'Updated', 'Media', 30, '{\"fileName\":\"weathericons-regular-webfont.woff2 > \\/home\\/mgatv524\\/public_html\\/serraazul\\/modules\\/forecastio\\/player\\/weathericons-regular-webfont.woff2\"}'),
(16849, 1731961699, 0, 'Updated', 'Media', 31, '{\"fileName\":\"wi-cloudy.jpg > \\/home\\/mgatv524\\/public_html\\/serraazul\\/modules\\/forecastio\\/player\\/wi-cloudy.jpg\"}'),
(16850, 1731961699, 0, 'Updated', 'Media', 32, '{\"fileName\":\"wi-day-cloudy.jpg > \\/home\\/mgatv524\\/public_html\\/serraazul\\/modules\\/forecastio\\/player\\/wi-day-cloudy.jpg\"}'),
(16851, 1731961699, 0, 'Updated', 'Media', 33, '{\"fileName\":\"wi-day-sunny.jpg > \\/home\\/mgatv524\\/public_html\\/serraazul\\/modules\\/forecastio\\/player\\/wi-day-sunny.jpg\"}'),
(16852, 1731961699, 0, 'Updated', 'Media', 34, '{\"fileName\":\"wi-fog.jpg > \\/home\\/mgatv524\\/public_html\\/serraazul\\/modules\\/forecastio\\/player\\/wi-fog.jpg\"}'),
(16853, 1731961699, 0, 'Updated', 'Media', 35, '{\"fileName\":\"wi-hail.jpg > \\/home\\/mgatv524\\/public_html\\/serraazul\\/modules\\/forecastio\\/player\\/wi-hail.jpg\"}'),
(16854, 1731961699, 0, 'Updated', 'Media', 36, '{\"fileName\":\"wi-night-clear.jpg > \\/home\\/mgatv524\\/public_html\\/serraazul\\/modules\\/forecastio\\/player\\/wi-night-clear.jpg\"}'),
(16855, 1731961699, 0, 'Updated', 'Media', 37, '{\"fileName\":\"wi-night-partly-cloudy.jpg > \\/home\\/mgatv524\\/public_html\\/serraazul\\/modules\\/forecastio\\/player\\/wi-night-partly-cloudy.jpg\"}'),
(16856, 1731961699, 0, 'Updated', 'Media', 38, '{\"fileName\":\"wi-rain.jpg > \\/home\\/mgatv524\\/public_html\\/serraazul\\/modules\\/forecastio\\/player\\/wi-rain.jpg\"}'),
(16857, 1731961699, 0, 'Updated', 'Media', 39, '{\"fileName\":\"wi-snow.jpg > \\/home\\/mgatv524\\/public_html\\/serraazul\\/modules\\/forecastio\\/player\\/wi-snow.jpg\"}'),
(16858, 1731961699, 0, 'Updated', 'Media', 40, '{\"fileName\":\"wi-windy.jpg > \\/home\\/mgatv524\\/public_html\\/serraazul\\/modules\\/forecastio\\/player\\/wi-windy.jpg\"}'),
(16859, 1731961699, 0, 'Updated', 'Media', 1, '{\"fileName\":\"jquery-1.11.1.min.js > \\/home\\/mgatv524\\/public_html\\/serraazul\\/modules\\/vendor\\/jquery-1.11.1.min.js\"}'),
(16860, 1731961699, 0, 'Updated', 'Media', 1, '{\"fileName\":\"jquery-1.11.1.min.js > \\/home\\/mgatv524\\/public_html\\/serraazul\\/modules\\/vendor\\/jquery-1.11.1.min.js\"}'),
(16861, 1731961699, 0, 'Updated', 'Media', 3, '{\"fileName\":\"xibo-layout-scaler.js > \\/home\\/mgatv524\\/public_html\\/serraazul\\/modules\\/xibo-layout-scaler.js\"}'),
(16862, 1731961699, 0, 'Updated', 'Media', 4, '{\"fileName\":\"xibo-text-render.js > \\/home\\/mgatv524\\/public_html\\/serraazul\\/modules\\/xibo-text-render.js\"}'),
(16863, 1731961699, 0, 'Updated', 'Media', 9, '{\"fileName\":\"jquery.marquee.min.js > \\/home\\/mgatv524\\/public_html\\/serraazul\\/modules\\/vendor\\/jquery.marquee.min.js\"}'),
(16864, 1731961699, 0, 'Updated', 'Media', 6, '{\"fileName\":\"jquery-cycle-2.1.6.min.js > \\/home\\/mgatv524\\/public_html\\/serraazul\\/modules\\/vendor\\/jquery-cycle-2.1.6.min.js\"}'),
(16865, 1731961699, 0, 'Updated', 'Media', 17, '{\"fileName\":\"pdf.js > \\/home\\/mgatv524\\/public_html\\/serraazul\\/modules\\/vendor\\/pdfjs\\/pdf.js\"}'),
(16866, 1731961699, 0, 'Updated', 'Media', 18, '{\"fileName\":\"pdf.worker.js > \\/home\\/mgatv524\\/public_html\\/serraazul\\/modules\\/vendor\\/pdfjs\\/pdf.worker.js\"}'),
(16867, 1731961699, 0, 'Updated', 'Media', 19, '{\"fileName\":\"compatibility.js > \\/home\\/mgatv524\\/public_html\\/serraazul\\/modules\\/vendor\\/pdfjs\\/compatibility.js\"}'),
(16868, 1731961699, 0, 'Updated', 'Media', 1, '{\"fileName\":\"jquery-1.11.1.min.js > \\/home\\/mgatv524\\/public_html\\/serraazul\\/modules\\/vendor\\/jquery-1.11.1.min.js\"}'),
(16869, 1731961699, 0, 'Updated', 'Media', 2, '{\"fileName\":\"moment.js > \\/home\\/mgatv524\\/public_html\\/serraazul\\/modules\\/vendor\\/moment.js\"}'),
(16870, 1731961699, 0, 'Updated', 'Media', 9, '{\"fileName\":\"jquery.marquee.min.js > \\/home\\/mgatv524\\/public_html\\/serraazul\\/modules\\/vendor\\/jquery.marquee.min.js\"}'),
(16871, 1731961699, 0, 'Updated', 'Media', 6, '{\"fileName\":\"jquery-cycle-2.1.6.min.js > \\/home\\/mgatv524\\/public_html\\/serraazul\\/modules\\/vendor\\/jquery-cycle-2.1.6.min.js\"}'),
(16872, 1731961699, 0, 'Updated', 'Media', 3, '{\"fileName\":\"xibo-layout-scaler.js > \\/home\\/mgatv524\\/public_html\\/serraazul\\/modules\\/xibo-layout-scaler.js\"}'),
(16873, 1731961699, 0, 'Updated', 'Media', 4, '{\"fileName\":\"xibo-text-render.js > \\/home\\/mgatv524\\/public_html\\/serraazul\\/modules\\/xibo-text-render.js\"}'),
(16874, 1731961699, 0, 'Updated', 'Media', 10, '{\"fileName\":\"xibo-image-render.js > \\/home\\/mgatv524\\/public_html\\/serraazul\\/modules\\/xibo-image-render.js\"}'),
(16875, 1731961699, 0, 'Updated', 'Media', 1, '{\"fileName\":\"jquery-1.11.1.min.js > \\/home\\/mgatv524\\/public_html\\/serraazul\\/modules\\/vendor\\/jquery-1.11.1.min.js\"}'),
(16876, 1731961699, 0, 'Updated', 'Media', 2, '{\"fileName\":\"moment.js > \\/home\\/mgatv524\\/public_html\\/serraazul\\/modules\\/vendor\\/moment.js\"}'),
(16877, 1731961699, 0, 'Updated', 'Media', 9, '{\"fileName\":\"jquery.marquee.min.js > \\/home\\/mgatv524\\/public_html\\/serraazul\\/modules\\/vendor\\/jquery.marquee.min.js\"}'),
(16878, 1731961699, 0, 'Updated', 'Media', 6, '{\"fileName\":\"jquery-cycle-2.1.6.min.js > \\/home\\/mgatv524\\/public_html\\/serraazul\\/modules\\/vendor\\/jquery-cycle-2.1.6.min.js\"}'),
(16879, 1731961699, 0, 'Updated', 'Media', 3, '{\"fileName\":\"xibo-layout-scaler.js > \\/home\\/mgatv524\\/public_html\\/serraazul\\/modules\\/xibo-layout-scaler.js\"}'),
(16880, 1731961699, 0, 'Updated', 'Media', 4, '{\"fileName\":\"xibo-text-render.js > \\/home\\/mgatv524\\/public_html\\/serraazul\\/modules\\/xibo-text-render.js\"}'),
(16881, 1731961699, 0, 'Updated', 'Media', 10, '{\"fileName\":\"xibo-image-render.js > \\/home\\/mgatv524\\/public_html\\/serraazul\\/modules\\/xibo-image-render.js\"}'),
(16882, 1731961699, 0, 'Updated', 'Media', 1, '{\"fileName\":\"jquery-1.11.1.min.js > \\/home\\/mgatv524\\/public_html\\/serraazul\\/modules\\/vendor\\/jquery-1.11.1.min.js\"}'),
(16883, 1731961699, 0, 'Updated', 'Media', 3, '{\"fileName\":\"xibo-layout-scaler.js > \\/home\\/mgatv524\\/public_html\\/serraazul\\/modules\\/xibo-layout-scaler.js\"}'),
(16884, 1731961699, 0, 'Updated', 'Media', 20, '{\"fileName\":\"xibo-webpage-render.js > \\/home\\/mgatv524\\/public_html\\/serraazul\\/modules\\/xibo-webpage-render.js\"}'),
(16885, 1732018824, 12, 'Login Granted', 'User', 12, '{\"IPAddress\":\"177.184.71.220\",\"UserAgent\":\"Mozilla\\/5.0 (Windows NT 10.0; Win64; x64) AppleWebKit\\/537.36 (KHTML, like Gecko) Chrome\\/131.0.0.0 Safari\\/537.36 Edg\\/131.0.0.0\"}'),
(16886, 1732025179, 10, 'Login Granted', 'User', 10, '{\"IPAddress\":\"177.184.74.155\",\"UserAgent\":\"Mozilla\\/5.0 (Windows NT 10.0; Win64; x64) AppleWebKit\\/537.36 (KHTML, like Gecko) Chrome\\/109.0.0.0 Safari\\/537.36\"}'),
(16887, 1732025190, 10, 'User logout', 'User', 10, '{\"IPAddress\":\"177.184.74.155\",\"UserAgent\":\"Mozilla\\/5.0 (Windows NT 10.0; Win64; x64) AppleWebKit\\/537.36 (KHTML, like Gecko) Chrome\\/109.0.0.0 Safari\\/537.36\"}'),
(16888, 1732025195, 12, 'Login Granted', 'User', 12, '{\"IPAddress\":\"177.184.74.155\",\"UserAgent\":\"Mozilla\\/5.0 (Windows NT 10.0; Win64; x64) AppleWebKit\\/537.36 (KHTML, like Gecko) Chrome\\/109.0.0.0 Safari\\/537.36\"}'),
(16889, 1732026036, 4, 'Login Granted', 'User', 4, '{\"IPAddress\":\"177.184.79.229\",\"UserAgent\":\"Mozilla\\/5.0 (Windows NT 10.0; Win64; x64) AppleWebKit\\/537.36 (KHTML, like Gecko) Chrome\\/131.0.0.0 Safari\\/537.36\"}'),
(16890, 1732026065, 4, 'Login Granted', 'User', 4, '{\"IPAddress\":\"177.184.74.155\",\"UserAgent\":\"Mozilla\\/5.0 (Windows NT 10.0; Win64; x64) AppleWebKit\\/537.36 (KHTML, like Gecko) Chrome\\/109.0.0.0 Safari\\/537.36\"}'),
(16891, 1732197885, 8, 'Login Granted', 'User', 8, '{\"IPAddress\":\"189.84.180.91\",\"UserAgent\":\"Mozilla\\/5.0 (Windows NT 10.0; Win64; x64) AppleWebKit\\/537.36 (KHTML, like Gecko) Chrome\\/109.0.0.0 Safari\\/537.36\"}'),
(16892, 1732197929, 8, 'Login Granted', 'User', 8, '{\"IPAddress\":\"177.184.74.155\",\"UserAgent\":\"Mozilla\\/5.0 (Windows NT 10.0; Win64; x64) AppleWebKit\\/537.36 (KHTML, like Gecko) Chrome\\/109.0.0.0 Safari\\/537.36\"}'),
(16893, 1732198443, 10, 'Login Granted', 'User', 10, '{\"IPAddress\":\"177.184.74.155\",\"UserAgent\":\"Mozilla\\/5.0 (Windows NT 10.0; Win64; x64) AppleWebKit\\/537.36 (KHTML, like Gecko) Chrome\\/109.0.0.0 Safari\\/537.36\"}'),
(16894, 1732199825, 7, 'Login Granted', 'User', 7, '{\"IPAddress\":\"177.184.74.155\",\"UserAgent\":\"Mozilla\\/5.0 (Windows NT 10.0; Win64; x64) AppleWebKit\\/537.36 (KHTML, like Gecko) Chrome\\/109.0.0.0 Safari\\/537.36\"}'),
(16895, 1732546062, 4, 'Login Granted', 'User', 4, '{\"IPAddress\":\"177.184.78.126\",\"UserAgent\":\"Mozilla\\/5.0 (Windows NT 10.0; Win64; x64) AppleWebKit\\/537.36 (KHTML, like Gecko) Chrome\\/131.0.0.0 Safari\\/537.36\"}'),
(16896, 1732663491, 0, 'Updated', 'Media', 1, '{\"fileName\":\"jquery-1.11.1.min.js > \\/home\\/mgatv524\\/public_html\\/serraazul\\/modules\\/vendor\\/jquery-1.11.1.min.js\"}'),
(16897, 1732663491, 0, 'Updated', 'Media', 2, '{\"fileName\":\"moment.js > \\/home\\/mgatv524\\/public_html\\/serraazul\\/modules\\/vendor\\/moment.js\"}'),
(16898, 1732663491, 0, 'Updated', 'Media', 3, '{\"fileName\":\"xibo-layout-scaler.js > \\/home\\/mgatv524\\/public_html\\/serraazul\\/modules\\/xibo-layout-scaler.js\"}'),
(16899, 1732663491, 0, 'Updated', 'Media', 4, '{\"fileName\":\"xibo-text-render.js > \\/home\\/mgatv524\\/public_html\\/serraazul\\/modules\\/xibo-text-render.js\"}'),
(16900, 1732663491, 0, 'Updated', 'Media', 1, '{\"fileName\":\"jquery-1.11.1.min.js > \\/home\\/mgatv524\\/public_html\\/serraazul\\/modules\\/vendor\\/jquery-1.11.1.min.js\"}'),
(16901, 1732663491, 0, 'Updated', 'Media', 2, '{\"fileName\":\"moment.js > \\/home\\/mgatv524\\/public_html\\/serraazul\\/modules\\/vendor\\/moment.js\"}'),
(16902, 1732663491, 0, 'Updated', 'Media', 5, '{\"fileName\":\"Chart.min.js > \\/home\\/mgatv524\\/public_html\\/serraazul\\/modules\\/vendor\\/Chart.min.js\"}'),
(16903, 1732663491, 0, 'Updated', 'Media', 3, '{\"fileName\":\"xibo-layout-scaler.js > \\/home\\/mgatv524\\/public_html\\/serraazul\\/modules\\/xibo-layout-scaler.js\"}'),
(16904, 1732663491, 0, 'Updated', 'Media', 1, '{\"fileName\":\"jquery-1.11.1.min.js > \\/home\\/mgatv524\\/public_html\\/serraazul\\/modules\\/vendor\\/jquery-1.11.1.min.js\"}'),
(16905, 1732663491, 0, 'Updated', 'Media', 6, '{\"fileName\":\"jquery-cycle-2.1.6.min.js > \\/home\\/mgatv524\\/public_html\\/serraazul\\/modules\\/vendor\\/jquery-cycle-2.1.6.min.js\"}'),
(16906, 1732663491, 0, 'Updated', 'Media', 2, '{\"fileName\":\"moment.js > \\/home\\/mgatv524\\/public_html\\/serraazul\\/modules\\/vendor\\/moment.js\"}'),
(16907, 1732663491, 0, 'Updated', 'Media', 7, '{\"fileName\":\"flipclock.min.js > \\/home\\/mgatv524\\/public_html\\/serraazul\\/modules\\/vendor\\/flipclock.min.js\"}'),
(16908, 1732663491, 0, 'Updated', 'Media', 3, '{\"fileName\":\"xibo-layout-scaler.js > \\/home\\/mgatv524\\/public_html\\/serraazul\\/modules\\/xibo-layout-scaler.js\"}'),
(16909, 1732663491, 0, 'Updated', 'Media', 1, '{\"fileName\":\"jquery-1.11.1.min.js > \\/home\\/mgatv524\\/public_html\\/serraazul\\/modules\\/vendor\\/jquery-1.11.1.min.js\"}'),
(16910, 1732663491, 0, 'Updated', 'Media', 8, '{\"fileName\":\"xibo-countdown-render.js > \\/home\\/mgatv524\\/public_html\\/serraazul\\/modules\\/xibo-countdown-render.js\"}'),
(16911, 1732663491, 0, 'Updated', 'Media', 2, '{\"fileName\":\"moment.js > \\/home\\/mgatv524\\/public_html\\/serraazul\\/modules\\/vendor\\/moment.js\"}'),
(16912, 1732663491, 0, 'Updated', 'Media', 3, '{\"fileName\":\"xibo-layout-scaler.js > \\/home\\/mgatv524\\/public_html\\/serraazul\\/modules\\/xibo-layout-scaler.js\"}'),
(16913, 1732663491, 0, 'Updated', 'Media', 21, '{\"fileName\":\"bootstrap.min.css > \\/home\\/mgatv524\\/public_html\\/serraazul\\/modules\\/vendor\\/bootstrap.min.css\"}'),
(16914, 1732663491, 0, 'Updated', 'Media', 1, '{\"fileName\":\"jquery-1.11.1.min.js > \\/home\\/mgatv524\\/public_html\\/serraazul\\/modules\\/vendor\\/jquery-1.11.1.min.js\"}'),
(16915, 1732663491, 0, 'Updated', 'Media', 2, '{\"fileName\":\"moment.js > \\/home\\/mgatv524\\/public_html\\/serraazul\\/modules\\/vendor\\/moment.js\"}'),
(16916, 1732663491, 0, 'Updated', 'Media', 9, '{\"fileName\":\"jquery.marquee.min.js > \\/home\\/mgatv524\\/public_html\\/serraazul\\/modules\\/vendor\\/jquery.marquee.min.js\"}'),
(16917, 1732663491, 0, 'Updated', 'Media', 6, '{\"fileName\":\"jquery-cycle-2.1.6.min.js > \\/home\\/mgatv524\\/public_html\\/serraazul\\/modules\\/vendor\\/jquery-cycle-2.1.6.min.js\"}'),
(16918, 1732663491, 0, 'Updated', 'Media', 3, '{\"fileName\":\"xibo-layout-scaler.js > \\/home\\/mgatv524\\/public_html\\/serraazul\\/modules\\/xibo-layout-scaler.js\"}'),
(16919, 1732663491, 0, 'Updated', 'Media', 4, '{\"fileName\":\"xibo-text-render.js > \\/home\\/mgatv524\\/public_html\\/serraazul\\/modules\\/xibo-text-render.js\"}'),
(16920, 1732663491, 0, 'Updated', 'Media', 10, '{\"fileName\":\"xibo-image-render.js > \\/home\\/mgatv524\\/public_html\\/serraazul\\/modules\\/xibo-image-render.js\"}'),
(16921, 1732663491, 0, 'Updated', 'Media', 1, '{\"fileName\":\"jquery-1.11.1.min.js > \\/home\\/mgatv524\\/public_html\\/serraazul\\/modules\\/vendor\\/jquery-1.11.1.min.js\"}'),
(16922, 1732663491, 0, 'Updated', 'Media', 6, '{\"fileName\":\"jquery-cycle-2.1.6.min.js > \\/home\\/mgatv524\\/public_html\\/serraazul\\/modules\\/vendor\\/jquery-cycle-2.1.6.min.js\"}'),
(16923, 1732663491, 0, 'Updated', 'Media', 3, '{\"fileName\":\"xibo-layout-scaler.js > \\/home\\/mgatv524\\/public_html\\/serraazul\\/modules\\/xibo-layout-scaler.js\"}'),
(16924, 1732663491, 0, 'Updated', 'Media', 11, '{\"fileName\":\"xibo-dataset-render.js > \\/home\\/mgatv524\\/public_html\\/serraazul\\/modules\\/xibo-dataset-render.js\"}'),
(16925, 1732663491, 0, 'Updated', 'Media', 10, '{\"fileName\":\"xibo-image-render.js > \\/home\\/mgatv524\\/public_html\\/serraazul\\/modules\\/xibo-image-render.js\"}'),
(16926, 1732663491, 0, 'Updated', 'Media', 1, '{\"fileName\":\"jquery-1.11.1.min.js > \\/home\\/mgatv524\\/public_html\\/serraazul\\/modules\\/vendor\\/jquery-1.11.1.min.js\"}'),
(16927, 1732663491, 0, 'Updated', 'Media', 3, '{\"fileName\":\"xibo-layout-scaler.js > \\/home\\/mgatv524\\/public_html\\/serraazul\\/modules\\/xibo-layout-scaler.js\"}'),
(16928, 1732663491, 0, 'Updated', 'Media', 10, '{\"fileName\":\"xibo-image-render.js > \\/home\\/mgatv524\\/public_html\\/serraazul\\/modules\\/xibo-image-render.js\"}'),
(16929, 1732663491, 0, 'Updated', 'Media', 1, '{\"fileName\":\"jquery-1.11.1.min.js > \\/home\\/mgatv524\\/public_html\\/serraazul\\/modules\\/vendor\\/jquery-1.11.1.min.js\"}'),
(16930, 1732663491, 0, 'Updated', 'Media', 3, '{\"fileName\":\"xibo-layout-scaler.js > \\/home\\/mgatv524\\/public_html\\/serraazul\\/modules\\/xibo-layout-scaler.js\"}'),
(16931, 1732663491, 0, 'Updated', 'Media', 10, '{\"fileName\":\"xibo-image-render.js > \\/home\\/mgatv524\\/public_html\\/serraazul\\/modules\\/xibo-image-render.js\"}'),
(16932, 1732663491, 0, 'Updated', 'Media', 21, '{\"fileName\":\"bootstrap.min.css > \\/home\\/mgatv524\\/public_html\\/serraazul\\/modules\\/vendor\\/bootstrap.min.css\"}'),
(16933, 1732663491, 0, 'Updated', 'Media', 22, '{\"fileName\":\"WeatherIcons-Regular.otf > \\/home\\/mgatv524\\/public_html\\/serraazul\\/modules\\/forecastio\\/player\\/WeatherIcons-Regular.otf\"}'),
(16934, 1732663491, 0, 'Updated', 'Media', 23, '{\"fileName\":\"animate.css > \\/home\\/mgatv524\\/public_html\\/serraazul\\/modules\\/forecastio\\/player\\/animate.css\"}'),
(16935, 1732663491, 0, 'Updated', 'Media', 24, '{\"fileName\":\"font-awesome.min.css > \\/home\\/mgatv524\\/public_html\\/serraazul\\/modules\\/forecastio\\/player\\/font-awesome.min.css\"}'),
(16936, 1732663491, 0, 'Updated', 'Media', 25, '{\"fileName\":\"weather-icons.min.css > \\/home\\/mgatv524\\/public_html\\/serraazul\\/modules\\/forecastio\\/player\\/weather-icons.min.css\"}'),
(16937, 1732663491, 0, 'Updated', 'Media', 26, '{\"fileName\":\"weathericons-regular-webfont.eot > \\/home\\/mgatv524\\/public_html\\/serraazul\\/modules\\/forecastio\\/player\\/weathericons-regular-webfont.eot\"}'),
(16938, 1732663491, 0, 'Updated', 'Media', 27, '{\"fileName\":\"weathericons-regular-webfont.svg > \\/home\\/mgatv524\\/public_html\\/serraazul\\/modules\\/forecastio\\/player\\/weathericons-regular-webfont.svg\"}'),
(16939, 1732663491, 0, 'Updated', 'Media', 28, '{\"fileName\":\"weathericons-regular-webfont.ttf > \\/home\\/mgatv524\\/public_html\\/serraazul\\/modules\\/forecastio\\/player\\/weathericons-regular-webfont.ttf\"}'),
(16940, 1732663491, 0, 'Updated', 'Media', 29, '{\"fileName\":\"weathericons-regular-webfont.woff > \\/home\\/mgatv524\\/public_html\\/serraazul\\/modules\\/forecastio\\/player\\/weathericons-regular-webfont.woff\"}'),
(16941, 1732663491, 0, 'Updated', 'Media', 30, '{\"fileName\":\"weathericons-regular-webfont.woff2 > \\/home\\/mgatv524\\/public_html\\/serraazul\\/modules\\/forecastio\\/player\\/weathericons-regular-webfont.woff2\"}'),
(16942, 1732663491, 0, 'Updated', 'Media', 31, '{\"fileName\":\"wi-cloudy.jpg > \\/home\\/mgatv524\\/public_html\\/serraazul\\/modules\\/forecastio\\/player\\/wi-cloudy.jpg\"}'),
(16943, 1732663491, 0, 'Updated', 'Media', 32, '{\"fileName\":\"wi-day-cloudy.jpg > \\/home\\/mgatv524\\/public_html\\/serraazul\\/modules\\/forecastio\\/player\\/wi-day-cloudy.jpg\"}'),
(16944, 1732663491, 0, 'Updated', 'Media', 33, '{\"fileName\":\"wi-day-sunny.jpg > \\/home\\/mgatv524\\/public_html\\/serraazul\\/modules\\/forecastio\\/player\\/wi-day-sunny.jpg\"}'),
(16945, 1732663491, 0, 'Updated', 'Media', 34, '{\"fileName\":\"wi-fog.jpg > \\/home\\/mgatv524\\/public_html\\/serraazul\\/modules\\/forecastio\\/player\\/wi-fog.jpg\"}'),
(16946, 1732663491, 0, 'Updated', 'Media', 35, '{\"fileName\":\"wi-hail.jpg > \\/home\\/mgatv524\\/public_html\\/serraazul\\/modules\\/forecastio\\/player\\/wi-hail.jpg\"}'),
(16947, 1732663491, 0, 'Updated', 'Media', 36, '{\"fileName\":\"wi-night-clear.jpg > \\/home\\/mgatv524\\/public_html\\/serraazul\\/modules\\/forecastio\\/player\\/wi-night-clear.jpg\"}'),
(16948, 1732663491, 0, 'Updated', 'Media', 37, '{\"fileName\":\"wi-night-partly-cloudy.jpg > \\/home\\/mgatv524\\/public_html\\/serraazul\\/modules\\/forecastio\\/player\\/wi-night-partly-cloudy.jpg\"}'),
(16949, 1732663491, 0, 'Updated', 'Media', 38, '{\"fileName\":\"wi-rain.jpg > \\/home\\/mgatv524\\/public_html\\/serraazul\\/modules\\/forecastio\\/player\\/wi-rain.jpg\"}'),
(16950, 1732663491, 0, 'Updated', 'Media', 39, '{\"fileName\":\"wi-snow.jpg > \\/home\\/mgatv524\\/public_html\\/serraazul\\/modules\\/forecastio\\/player\\/wi-snow.jpg\"}'),
(16951, 1732663491, 0, 'Updated', 'Media', 40, '{\"fileName\":\"wi-windy.jpg > \\/home\\/mgatv524\\/public_html\\/serraazul\\/modules\\/forecastio\\/player\\/wi-windy.jpg\"}'),
(16952, 1732663491, 0, 'Updated', 'Media', 1, '{\"fileName\":\"jquery-1.11.1.min.js > \\/home\\/mgatv524\\/public_html\\/serraazul\\/modules\\/vendor\\/jquery-1.11.1.min.js\"}'),
(16953, 1732663491, 0, 'Updated', 'Media', 1, '{\"fileName\":\"jquery-1.11.1.min.js > \\/home\\/mgatv524\\/public_html\\/serraazul\\/modules\\/vendor\\/jquery-1.11.1.min.js\"}'),
(16954, 1732663491, 0, 'Updated', 'Media', 3, '{\"fileName\":\"xibo-layout-scaler.js > \\/home\\/mgatv524\\/public_html\\/serraazul\\/modules\\/xibo-layout-scaler.js\"}'),
(16955, 1732663491, 0, 'Updated', 'Media', 4, '{\"fileName\":\"xibo-text-render.js > \\/home\\/mgatv524\\/public_html\\/serraazul\\/modules\\/xibo-text-render.js\"}'),
(16956, 1732663491, 0, 'Updated', 'Media', 9, '{\"fileName\":\"jquery.marquee.min.js > \\/home\\/mgatv524\\/public_html\\/serraazul\\/modules\\/vendor\\/jquery.marquee.min.js\"}'),
(16957, 1732663491, 0, 'Updated', 'Media', 6, '{\"fileName\":\"jquery-cycle-2.1.6.min.js > \\/home\\/mgatv524\\/public_html\\/serraazul\\/modules\\/vendor\\/jquery-cycle-2.1.6.min.js\"}'),
(16958, 1732663491, 0, 'Updated', 'Media', 17, '{\"fileName\":\"pdf.js > \\/home\\/mgatv524\\/public_html\\/serraazul\\/modules\\/vendor\\/pdfjs\\/pdf.js\"}'),
(16959, 1732663491, 0, 'Updated', 'Media', 18, '{\"fileName\":\"pdf.worker.js > \\/home\\/mgatv524\\/public_html\\/serraazul\\/modules\\/vendor\\/pdfjs\\/pdf.worker.js\"}'),
(16960, 1732663491, 0, 'Updated', 'Media', 19, '{\"fileName\":\"compatibility.js > \\/home\\/mgatv524\\/public_html\\/serraazul\\/modules\\/vendor\\/pdfjs\\/compatibility.js\"}'),
(16961, 1732663491, 0, 'Updated', 'Media', 1, '{\"fileName\":\"jquery-1.11.1.min.js > \\/home\\/mgatv524\\/public_html\\/serraazul\\/modules\\/vendor\\/jquery-1.11.1.min.js\"}'),
(16962, 1732663491, 0, 'Updated', 'Media', 2, '{\"fileName\":\"moment.js > \\/home\\/mgatv524\\/public_html\\/serraazul\\/modules\\/vendor\\/moment.js\"}'),
(16963, 1732663491, 0, 'Updated', 'Media', 9, '{\"fileName\":\"jquery.marquee.min.js > \\/home\\/mgatv524\\/public_html\\/serraazul\\/modules\\/vendor\\/jquery.marquee.min.js\"}'),
(16964, 1732663491, 0, 'Updated', 'Media', 6, '{\"fileName\":\"jquery-cycle-2.1.6.min.js > \\/home\\/mgatv524\\/public_html\\/serraazul\\/modules\\/vendor\\/jquery-cycle-2.1.6.min.js\"}'),
(16965, 1732663491, 0, 'Updated', 'Media', 3, '{\"fileName\":\"xibo-layout-scaler.js > \\/home\\/mgatv524\\/public_html\\/serraazul\\/modules\\/xibo-layout-scaler.js\"}'),
(16966, 1732663491, 0, 'Updated', 'Media', 4, '{\"fileName\":\"xibo-text-render.js > \\/home\\/mgatv524\\/public_html\\/serraazul\\/modules\\/xibo-text-render.js\"}'),
(16967, 1732663491, 0, 'Updated', 'Media', 10, '{\"fileName\":\"xibo-image-render.js > \\/home\\/mgatv524\\/public_html\\/serraazul\\/modules\\/xibo-image-render.js\"}'),
(16968, 1732663491, 0, 'Updated', 'Media', 1, '{\"fileName\":\"jquery-1.11.1.min.js > \\/home\\/mgatv524\\/public_html\\/serraazul\\/modules\\/vendor\\/jquery-1.11.1.min.js\"}'),
(16969, 1732663491, 0, 'Updated', 'Media', 2, '{\"fileName\":\"moment.js > \\/home\\/mgatv524\\/public_html\\/serraazul\\/modules\\/vendor\\/moment.js\"}'),
(16970, 1732663491, 0, 'Updated', 'Media', 9, '{\"fileName\":\"jquery.marquee.min.js > \\/home\\/mgatv524\\/public_html\\/serraazul\\/modules\\/vendor\\/jquery.marquee.min.js\"}'),
(16971, 1732663491, 0, 'Updated', 'Media', 6, '{\"fileName\":\"jquery-cycle-2.1.6.min.js > \\/home\\/mgatv524\\/public_html\\/serraazul\\/modules\\/vendor\\/jquery-cycle-2.1.6.min.js\"}'),
(16972, 1732663491, 0, 'Updated', 'Media', 3, '{\"fileName\":\"xibo-layout-scaler.js > \\/home\\/mgatv524\\/public_html\\/serraazul\\/modules\\/xibo-layout-scaler.js\"}'),
(16973, 1732663491, 0, 'Updated', 'Media', 4, '{\"fileName\":\"xibo-text-render.js > \\/home\\/mgatv524\\/public_html\\/serraazul\\/modules\\/xibo-text-render.js\"}'),
(16974, 1732663491, 0, 'Updated', 'Media', 10, '{\"fileName\":\"xibo-image-render.js > \\/home\\/mgatv524\\/public_html\\/serraazul\\/modules\\/xibo-image-render.js\"}'),
(16975, 1732663491, 0, 'Updated', 'Media', 1, '{\"fileName\":\"jquery-1.11.1.min.js > \\/home\\/mgatv524\\/public_html\\/serraazul\\/modules\\/vendor\\/jquery-1.11.1.min.js\"}'),
(16976, 1732663491, 0, 'Updated', 'Media', 3, '{\"fileName\":\"xibo-layout-scaler.js > \\/home\\/mgatv524\\/public_html\\/serraazul\\/modules\\/xibo-layout-scaler.js\"}'),
(16977, 1732663491, 0, 'Updated', 'Media', 20, '{\"fileName\":\"xibo-webpage-render.js > \\/home\\/mgatv524\\/public_html\\/serraazul\\/modules\\/xibo-webpage-render.js\"}');

-- --------------------------------------------------------

--
-- Estrutura para tabela `bandwidth`
--

CREATE TABLE `bandwidth` (
  `displayId` int(11) NOT NULL,
  `type` int(11) NOT NULL,
  `month` int(11) NOT NULL,
  `size` bigint(20) NOT NULL
) ENGINE=InnoDB DEFAULT CHARSET=utf8;

--
-- Despejando dados para a tabela `bandwidth`
--

INSERT INTO `bandwidth` (`displayId`, `type`, `month`, `size`) VALUES
(1, 1, 1593658800, 181),
(2, 1, 1606878000, 97571),
(2, 2, 1606878000, 278970),
(2, 3, 1606878000, 91209),
(2, 4, 1606878000, 16203886),
(2, 5, 1606878000, 1160817),
(2, 6, 1606878000, 529638),
(2, 7, 1606878000, 7311),
(2, 9, 1606878000, 19163),
(3, 1, 1606878000, 24190),
(3, 2, 1606878000, 45034),
(3, 3, 1606878000, 20837),
(3, 4, 1606878000, 13269947),
(3, 5, 1606878000, 231977),
(3, 6, 1606878000, 82476),
(3, 7, 1606878000, 2264),
(3, 9, 1606878000, 1870),
(4, 1, 1606878000, 1121),
(5, 1, 1606878000, 446861),
(5, 1, 1609556400, 77610183),
(5, 1, 1612234800, 82284977),
(5, 1, 1614654000, 89976708),
(5, 1, 1617332400, 88627559),
(5, 1, 1619924400, 90167349),
(5, 1, 1622602800, 87514955),
(5, 1, 1625194800, 91691495),
(5, 1, 1627873200, 89823381),
(5, 1, 1630551600, 88604002),
(5, 1, 1633143600, 91566973),
(5, 1, 1635822000, 88056479),
(5, 1, 1638414000, 91448442),
(5, 1, 1641092400, 91501012),
(5, 1, 1643770800, 82805169),
(5, 1, 1646190000, 86551520),
(5, 1, 1648868400, 88440830),
(5, 1, 1651460400, 92048258),
(5, 1, 1654138800, 84357641),
(5, 1, 1656730800, 91393656),
(5, 1, 1659409200, 86873310),
(5, 1, 1662087600, 87286520),
(5, 1, 1664679600, 91672951),
(5, 1, 1667358000, 87626012),
(5, 1, 1669950000, 87944549),
(5, 1, 1672628400, 87588256),
(5, 1, 1675306800, 76717692),
(5, 1, 1677726000, 85423568),
(5, 1, 1680404400, 84955524),
(5, 1, 1682996400, 79939493),
(5, 1, 1685674800, 85462081),
(5, 1, 1688266800, 87813587),
(5, 1, 1690945200, 91377630),
(5, 1, 1693623600, 91075951),
(5, 1, 1696215600, 93197908),
(5, 1, 1698894000, 83884116),
(5, 1, 1701486000, 59408139),
(5, 1, 1704164400, 91054930),
(5, 1, 1706842800, 84987040),
(5, 1, 1709348400, 90399627),
(5, 1, 1712026800, 71011883),
(5, 1, 1714618800, 88583794),
(5, 1, 1717297200, 80829159),
(5, 1, 1719889200, 94603294),
(5, 1, 1722567600, 92636278),
(5, 1, 1725246000, 78217837),
(5, 1, 1727838000, 31330013),
(5, 1, 1730516400, 60059768),
(5, 2, 1606878000, 1108683),
(5, 2, 1609556400, 163305630),
(5, 2, 1612234800, 191402964),
(5, 2, 1614654000, 210251556),
(5, 2, 1617332400, 206456472),
(5, 2, 1619924400, 199763856),
(5, 2, 1622602800, 200524824),
(5, 2, 1625194800, 203334552),
(5, 2, 1627873200, 193207824),
(5, 2, 1630551600, 188417628),
(5, 2, 1633143600, 203519916),
(5, 2, 1635822000, 187217640),
(5, 2, 1638414000, 184905468),
(5, 2, 1641092400, 188329824),
(5, 2, 1643770800, 176047020),
(5, 2, 1646190000, 179354304),
(5, 2, 1648868400, 235924650),
(5, 2, 1651460400, 215047470),
(5, 2, 1654138800, 152412000),
(5, 2, 1656730800, 13687770),
(5, 2, 1659409200, 216835380),
(5, 2, 1662087600, 234382300),
(5, 2, 1664679600, 217040550),
(5, 2, 1667358000, 167682510),
(5, 2, 1669950000, 170046850),
(5, 2, 1672628400, 172626130),
(5, 2, 1675306800, 142104650),
(5, 2, 1677726000, 192410380),
(5, 2, 1680404400, 77710580),
(5, 2, 1682996400, 131068310),
(5, 2, 1685674800, 77339484),
(5, 2, 1688266800, 95657712),
(5, 2, 1693623600, 105524247),
(5, 2, 1696215600, 76724375),
(5, 2, 1698894000, 129690162),
(5, 2, 1701486000, 81257015),
(5, 2, 1704164400, 110332012),
(5, 2, 1706842800, 84760368),
(5, 2, 1712026800, 84448749),
(5, 2, 1714618800, 156376080),
(5, 2, 1717297200, 156791572),
(5, 2, 1719889200, 138944302),
(5, 2, 1722567600, 171730398),
(5, 2, 1725246000, 83901055),
(5, 2, 1727838000, 6430683),
(5, 2, 1730516400, 43503901),
(5, 3, 1606878000, 358704),
(5, 3, 1609556400, 52846766),
(5, 3, 1612234800, 63035778),
(5, 3, 1614654000, 69281472),
(5, 3, 1617332400, 68063034),
(5, 3, 1619924400, 65926770),
(5, 3, 1622602800, 66045096),
(5, 3, 1625194800, 67017288),
(5, 3, 1627873200, 63851268),
(5, 3, 1630551600, 61954854),
(5, 3, 1633143600, 67004496),
(5, 3, 1635822000, 61593480),
(5, 3, 1638414000, 60918702),
(5, 3, 1641092400, 62277852),
(5, 3, 1643770800, 58034106),
(5, 3, 1646190000, 59124624),
(5, 3, 1648868400, 77579253),
(5, 3, 1651460400, 70889840),
(5, 3, 1654138800, 50022763),
(5, 3, 1656730800, 4516988),
(5, 3, 1659409200, 71372889),
(5, 3, 1662087600, 76993532),
(5, 3, 1664679600, 71510446),
(5, 3, 1667358000, 55208342),
(5, 3, 1669950000, 55896127),
(5, 3, 1672628400, 56734265),
(5, 3, 1675306800, 46756584),
(5, 3, 1677726000, 63129066),
(5, 3, 1680404400, 25620791),
(5, 3, 1682996400, 42971121),
(5, 3, 1685674800, 20225259),
(5, 3, 1688266800, 24976175),
(5, 3, 1693623600, 27736100),
(5, 3, 1696215600, 20172817),
(5, 3, 1698894000, 34106999),
(5, 3, 1701486000, 21383629),
(5, 3, 1704164400, 29029956),
(5, 3, 1706842800, 22259745),
(5, 3, 1712026800, 22151461),
(5, 3, 1714618800, 41184835),
(5, 3, 1717297200, 41167608),
(5, 3, 1719889200, 36567999),
(5, 3, 1722567600, 45193804),
(5, 3, 1725246000, 22080092),
(5, 3, 1727838000, 1683324),
(5, 3, 1730516400, 11419040),
(5, 4, 1606878000, 31896444),
(5, 4, 1609556400, 11519837),
(5, 4, 1630551600, 13932),
(5, 4, 1648868400, 50130),
(5, 4, 1672628400, 1894),
(5, 4, 1682996400, 13957),
(5, 4, 1693623600, 2245365),
(5, 5, 1606878000, 4776581),
(5, 5, 1609556400, 624553638),
(5, 5, 1612234800, 615361617),
(5, 5, 1614654000, 640874678),
(5, 5, 1617332400, 629124226),
(5, 5, 1619924400, 622000079),
(5, 5, 1622602800, 598722066),
(5, 5, 1625194800, 597238958),
(5, 5, 1627873200, 604481941),
(5, 5, 1630551600, 575656480),
(5, 5, 1633143600, 594562927),
(5, 5, 1635822000, 578102728),
(5, 5, 1638414000, 604237061),
(5, 5, 1641092400, 605322269),
(5, 5, 1643770800, 570438186),
(5, 5, 1646190000, 589656629),
(5, 5, 1648868400, 615555500),
(5, 5, 1651460400, 646252846),
(5, 5, 1654138800, 585830145),
(5, 5, 1656730800, 609188644),
(5, 5, 1659409200, 579278797),
(5, 5, 1662087600, 575185907),
(5, 5, 1664679600, 599528665),
(5, 5, 1667358000, 593329674),
(5, 5, 1669950000, 577695525),
(5, 5, 1672628400, 578249336),
(5, 5, 1675306800, 532926123),
(5, 5, 1677726000, 549450826),
(5, 5, 1680404400, 520087395),
(5, 5, 1682996400, 411422676),
(5, 5, 1685674800, 442039897),
(5, 5, 1688266800, 463365221),
(5, 5, 1690945200, 474888134),
(5, 5, 1693623600, 475645039),
(5, 5, 1696215600, 467427406),
(5, 5, 1698894000, 425345405),
(5, 5, 1701486000, 293587410),
(5, 5, 1704164400, 455726542),
(5, 5, 1706842800, 431817908),
(5, 5, 1709348400, 452079166),
(5, 5, 1712026800, 372842027),
(5, 5, 1714618800, 448698159),
(5, 5, 1717297200, 443246080),
(5, 5, 1719889200, 482157116),
(5, 5, 1722567600, 482236035),
(5, 5, 1725246000, 397003253),
(5, 5, 1727838000, 159131064),
(5, 5, 1730516400, 316243830),
(5, 6, 1606878000, 2453136),
(5, 6, 1609556400, 348793424),
(5, 6, 1612234800, 388861875),
(5, 6, 1614654000, 435883000),
(5, 6, 1617332400, 431694625),
(5, 6, 1619924400, 423518625),
(5, 6, 1622602800, 406573500),
(5, 6, 1625194800, 430526625),
(5, 6, 1627873200, 423874500),
(5, 6, 1630551600, 405889125),
(5, 6, 1633143600, 419120375),
(5, 6, 1635822000, 410898750),
(5, 6, 1638414000, 408708750),
(5, 6, 1641092400, 432123500),
(5, 6, 1643770800, 384217250),
(5, 6, 1646190000, 407586375),
(5, 6, 1648868400, 435634040),
(5, 6, 1651460400, 430899480),
(5, 6, 1654138800, 275780780),
(5, 6, 1656730800, 33306240),
(5, 6, 1659409200, 410786090),
(5, 6, 1662087600, 405718940),
(5, 6, 1664679600, 423485920),
(5, 6, 1667358000, 391092680),
(5, 6, 1669950000, 390544880),
(5, 6, 1672628400, 394388610),
(5, 6, 1675306800, 384327350),
(5, 6, 1677726000, 345287470),
(5, 6, 1680404400, 165298650),
(5, 6, 1682996400, 279763330),
(5, 6, 1685674800, 189468070),
(5, 6, 1688266800, 205353390),
(5, 6, 1693623600, 264982670),
(5, 6, 1696215600, 205937116),
(5, 6, 1698894000, 317852570),
(5, 6, 1701486000, 175239400),
(5, 6, 1704164400, 266311052),
(5, 6, 1706842800, 174596562),
(5, 6, 1712026800, 203260092),
(5, 6, 1714618800, 324280950),
(5, 6, 1717297200, 393540140),
(5, 6, 1719889200, 311644340),
(5, 6, 1722567600, 380762634),
(5, 6, 1725246000, 205769802),
(5, 6, 1727838000, 19654992),
(5, 6, 1730516400, 82732370),
(5, 7, 1606878000, 33328),
(5, 7, 1609556400, 5832004),
(5, 7, 1612234800, 6534744),
(5, 7, 1614654000, 7145316),
(5, 7, 1617332400, 7037568),
(5, 7, 1619924400, 7156960),
(5, 7, 1622602800, 6949336),
(5, 7, 1625194800, 7278812),
(5, 7, 1627873200, 7126620),
(5, 7, 1630551600, 7033468),
(5, 7, 1633143600, 7270120),
(5, 7, 1635822000, 6990172),
(5, 7, 1638414000, 7261756),
(5, 7, 1641092400, 7257984),
(5, 7, 1643770800, 6573940),
(5, 7, 1646190000, 6870288),
(5, 7, 1648868400, 7028220),
(5, 7, 1651460400, 7310628),
(5, 7, 1654138800, 6708912),
(5, 7, 1656730800, 7291276),
(5, 7, 1659409200, 6901612),
(5, 7, 1662087600, 6937200),
(5, 7, 1664679600, 7281272),
(5, 7, 1667358000, 6962128),
(5, 7, 1669950000, 6985252),
(5, 7, 1672628400, 6957372),
(5, 7, 1675306800, 6091288),
(5, 7, 1677726000, 6792388),
(5, 7, 1680404400, 6768772),
(5, 7, 1682996400, 6361068),
(5, 7, 1685674800, 6803376),
(5, 7, 1688266800, 6989516),
(5, 7, 1690945200, 7292096),
(5, 7, 1693623600, 7020020),
(5, 7, 1696215600, 7165160),
(5, 7, 1698894000, 6439952),
(5, 7, 1701486000, 4565104),
(5, 7, 1704164400, 6995584),
(5, 7, 1706842800, 6536384),
(5, 7, 1709348400, 6969180),
(5, 7, 1712026800, 5459560),
(5, 7, 1714618800, 6802228),
(5, 7, 1717297200, 6197888),
(5, 7, 1719889200, 7266348),
(5, 7, 1722567600, 7102676),
(5, 7, 1725246000, 6009780),
(5, 7, 1727838000, 2411784),
(5, 7, 1730516400, 4621684),
(5, 9, 1606878000, 46412),
(5, 9, 1609556400, 278678),
(5, 9, 1612234800, 116259),
(5, 9, 1614654000, 278252),
(5, 9, 1617332400, 84812),
(5, 9, 1619924400, 296756),
(5, 9, 1622602800, 251742),
(5, 9, 1625194800, 61182),
(5, 9, 1627873200, 245019),
(5, 9, 1630551600, 77123),
(5, 9, 1633143600, 70966),
(5, 9, 1635822000, 118415),
(5, 9, 1638414000, 34314),
(5, 9, 1641092400, 84280),
(5, 9, 1643770800, 58778),
(5, 9, 1646190000, 580247),
(5, 9, 1648868400, 75804),
(5, 9, 1651460400, 24085),
(5, 9, 1654138800, 392567),
(5, 9, 1656730800, 41716),
(5, 9, 1659409200, 454899),
(5, 9, 1662087600, 132757),
(5, 9, 1664679600, 55842),
(5, 9, 1667358000, 112576),
(5, 9, 1669950000, 74279),
(5, 9, 1672628400, 145222),
(5, 9, 1675306800, 56409),
(5, 9, 1677726000, 380499),
(5, 9, 1680404400, 429312),
(5, 9, 1682996400, 42524),
(5, 9, 1685674800, 66417),
(5, 9, 1688266800, 87153),
(5, 9, 1690945200, 22068),
(5, 9, 1693623600, 43771),
(5, 9, 1696215600, 141369),
(5, 9, 1698894000, 206326),
(5, 9, 1701486000, 2607616),
(5, 9, 1704164400, 295818),
(5, 9, 1706842800, 257045),
(5, 9, 1709348400, 370089),
(5, 9, 1712026800, 71462),
(5, 9, 1714618800, 41531),
(5, 9, 1717297200, 122918),
(5, 9, 1719889200, 36556),
(5, 9, 1722567600, 211981),
(5, 9, 1725246000, 633987),
(5, 9, 1727838000, 73411),
(5, 9, 1730516400, 449744),
(6, 1, 1609556400, 2033424),
(6, 2, 1609556400, 4955501),
(6, 3, 1609556400, 1602291),
(6, 4, 1609556400, 8822712),
(6, 5, 1609556400, 15018840),
(6, 6, 1609556400, 4999960),
(6, 7, 1609556400, 110682),
(6, 9, 1609556400, 5881),
(7, 1, 1648868400, 49662336),
(7, 1, 1651460400, 85170627),
(7, 1, 1654138800, 7334370),
(7, 1, 1672628400, 77339487),
(7, 1, 1675306800, 75301839),
(7, 1, 1677726000, 79397047),
(7, 1, 1680404400, 80516895),
(7, 1, 1682996400, 83042574),
(7, 1, 1685674800, 88230193),
(7, 1, 1688266800, 89208637),
(7, 1, 1690945200, 91349686),
(7, 1, 1693623600, 91150010),
(7, 1, 1696215600, 88625946),
(7, 1, 1698894000, 85913819),
(7, 1, 1701486000, 59339485),
(7, 1, 1704164400, 92077415),
(7, 1, 1706842800, 77031581),
(7, 1, 1709348400, 74283128),
(7, 1, 1712026800, 88233211),
(7, 1, 1714618800, 94033232),
(7, 1, 1717297200, 90971104),
(7, 1, 1719889200, 93290243),
(7, 1, 1722567600, 93409143),
(7, 1, 1725246000, 90458616),
(7, 1, 1727838000, 88486673),
(7, 1, 1730516400, 78150293),
(7, 2, 1648868400, 81995122),
(7, 2, 1672628400, 69918524),
(7, 2, 1675306800, 7597668),
(7, 2, 1677726000, 58248788),
(7, 2, 1680404400, 35003332),
(7, 2, 1682996400, 31941936),
(7, 2, 1685674800, 28580864),
(7, 2, 1688266800, 10200736),
(7, 2, 1690945200, 66962896),
(7, 2, 1693623600, 25484212),
(7, 2, 1696215600, 13859496),
(7, 2, 1698894000, 39271568),
(7, 2, 1701486000, 19923400),
(7, 2, 1704164400, 20977992),
(7, 2, 1706842800, 13829536),
(7, 2, 1709348400, 11330872),
(7, 2, 1712026800, 43927352),
(7, 2, 1714618800, 37971304),
(7, 2, 1717297200, 80280816),
(7, 2, 1719889200, 64593760),
(7, 2, 1722567600, 25244296),
(7, 2, 1725246000, 33699008),
(7, 2, 1727838000, 11552576),
(7, 2, 1730516400, 11468688),
(7, 3, 1648868400, 19474357),
(7, 3, 1672628400, 21164763),
(7, 3, 1675306800, 2305584),
(7, 3, 1677726000, 17635227),
(7, 3, 1680404400, 10597503),
(7, 3, 1682996400, 9670644),
(7, 3, 1685674800, 8653056),
(7, 3, 1688266800, 3086565),
(7, 3, 1690945200, 20273484),
(7, 3, 1693623600, 7733947),
(7, 3, 1696215600, 4211480),
(7, 3, 1698894000, 11924640),
(7, 3, 1701486000, 6051500),
(7, 3, 1704164400, 6370000),
(7, 3, 1706842800, 4204200),
(7, 3, 1709348400, 3434340),
(7, 3, 1712026800, 13342420),
(7, 3, 1714618800, 11531520),
(7, 3, 1717297200, 24398920),
(7, 3, 1719889200, 19625060),
(7, 3, 1722567600, 7664020),
(7, 3, 1725246000, 10239320),
(7, 3, 1727838000, 3510780),
(7, 3, 1730516400, 3488940),
(7, 4, 1648868400, 66668499),
(7, 4, 1672628400, 244814),
(7, 4, 1696215600, 2245365),
(7, 5, 1648868400, 60092129),
(7, 5, 1651460400, 204433627),
(7, 5, 1672628400, 573629063),
(7, 5, 1675306800, 383421194),
(7, 5, 1677726000, 477159423),
(7, 5, 1680404400, 502484203),
(7, 5, 1682996400, 480830038),
(7, 5, 1685674800, 492431069),
(7, 5, 1688266800, 466122943),
(7, 5, 1690945200, 641721223),
(7, 5, 1693623600, 514962383),
(7, 5, 1696215600, 466566100),
(7, 5, 1698894000, 495773980),
(7, 5, 1701486000, 337928188),
(7, 5, 1704164400, 499109760),
(7, 5, 1706842800, 399634420),
(7, 5, 1709348400, 396319300),
(7, 5, 1712026800, 546967876),
(7, 5, 1714618800, 579005949),
(7, 5, 1717297200, 687926525),
(7, 5, 1719889200, 630819426),
(7, 5, 1722567600, 517319991),
(7, 5, 1725246000, 539058645),
(7, 5, 1727838000, 463170532),
(7, 5, 1730516400, 384977889),
(7, 6, 1648868400, 225444939),
(7, 6, 1672628400, 241679403),
(7, 6, 1675306800, 23887629),
(7, 6, 1677726000, 128522997),
(7, 6, 1680404400, 124549704),
(7, 6, 1682996400, 110305422),
(7, 6, 1685674800, 101231208),
(7, 6, 1688266800, 35052210),
(7, 6, 1690945200, 241009209),
(7, 6, 1693623600, 91529352),
(7, 6, 1696215600, 45192025),
(7, 6, 1698894000, 128570360),
(7, 6, 1701486000, 70127805),
(7, 6, 1704164400, 73258365),
(7, 6, 1706842800, 45654000),
(7, 6, 1709348400, 28522880),
(7, 6, 1712026800, 150391885),
(7, 6, 1714618800, 138424015),
(7, 6, 1717297200, 296837960),
(7, 6, 1719889200, 231487520),
(7, 6, 1722567600, 90443835),
(7, 6, 1725246000, 121135280),
(7, 6, 1727838000, 36572115),
(7, 6, 1730516400, 23185710),
(7, 7, 1648868400, 3599927),
(7, 7, 1651460400, 6206744),
(7, 7, 1654138800, 534910),
(7, 7, 1672628400, 5607913),
(7, 7, 1675306800, 5485286),
(7, 7, 1677726000, 5766151),
(7, 7, 1680404400, 5854657),
(7, 7, 1682996400, 6040907),
(7, 7, 1685674800, 6419516),
(7, 7, 1688266800, 6501168),
(7, 7, 1690945200, 6629308),
(7, 7, 1693623600, 6429350),
(7, 7, 1696215600, 6232372),
(7, 7, 1698894000, 6033755),
(7, 7, 1701486000, 4170659),
(7, 7, 1704164400, 6475242),
(7, 7, 1706842800, 5417938),
(7, 7, 1709348400, 5224536),
(7, 7, 1712026800, 6194824),
(7, 7, 1714618800, 6605468),
(7, 7, 1717297200, 6367217),
(7, 7, 1719889200, 6539610),
(7, 7, 1722567600, 6565834),
(7, 7, 1725246000, 6354105),
(7, 7, 1727838000, 6218962),
(7, 7, 1730516400, 5501378),
(7, 9, 1648868400, 2771819),
(7, 9, 1651460400, 795739),
(7, 9, 1654138800, 11097),
(7, 9, 1672628400, 172757),
(7, 9, 1675306800, 167771),
(7, 9, 1677726000, 1270516),
(7, 9, 1680404400, 151022),
(7, 9, 1682996400, 111865),
(7, 9, 1685674800, 187361),
(7, 9, 1688266800, 249504),
(7, 9, 1690945200, 129152),
(7, 9, 1693623600, 64496),
(7, 9, 1696215600, 169782),
(7, 9, 1698894000, 114080),
(7, 9, 1701486000, 2614375),
(7, 9, 1704164400, 306273),
(7, 9, 1706842800, 293377),
(7, 9, 1709348400, 209759),
(7, 9, 1712026800, 1117670),
(7, 9, 1714618800, 132832),
(7, 9, 1717297200, 2086427),
(7, 9, 1719889200, 15203338),
(7, 9, 1722567600, 134099),
(7, 9, 1725246000, 136412),
(7, 9, 1727838000, 548679),
(7, 9, 1730516400, 498744),
(8, 1, 1648868400, 56254429),
(8, 1, 1651460400, 92259892),
(8, 1, 1654138800, 87565362),
(8, 1, 1656730800, 91408101),
(8, 1, 1659409200, 87254210),
(8, 1, 1662087600, 87451351),
(8, 1, 1664679600, 91528051),
(8, 1, 1667358000, 87862563),
(8, 1, 1669950000, 91981533),
(8, 1, 1672628400, 90739914),
(8, 1, 1675306800, 76591796),
(8, 1, 1677726000, 39789168),
(8, 1, 1680404400, 85667230),
(8, 1, 1682996400, 91975596),
(8, 1, 1685674800, 87512147),
(8, 1, 1688266800, 88980523),
(8, 1, 1690945200, 78690797),
(8, 1, 1693623600, 89098777),
(8, 1, 1696215600, 93877715),
(8, 1, 1698894000, 74848267),
(8, 1, 1701486000, 59885064),
(8, 1, 1704164400, 87225495),
(8, 1, 1706842800, 84633603),
(8, 1, 1709348400, 90547516),
(8, 1, 1712026800, 90670380),
(8, 1, 1714618800, 94543115),
(8, 1, 1717297200, 89273906),
(8, 1, 1719889200, 92755323),
(8, 1, 1722567600, 94574675),
(8, 1, 1725246000, 91706029),
(8, 1, 1727838000, 90485169),
(8, 1, 1730516400, 79275958),
(8, 2, 1648868400, 137519395),
(8, 2, 1651460400, 118780479),
(8, 2, 1654138800, 132422580),
(8, 2, 1656730800, 125943768),
(8, 2, 1659409200, 123470163),
(8, 2, 1662087600, 137363013),
(8, 2, 1664679600, 120359520),
(8, 2, 1667358000, 113568966),
(8, 2, 1669950000, 118868580),
(8, 2, 1672628400, 114219558),
(8, 2, 1675306800, 99493137),
(8, 2, 1677726000, 57353751),
(8, 2, 1680404400, 126628245),
(8, 2, 1682996400, 118773702),
(8, 2, 1685674800, 113318217),
(8, 2, 1688266800, 114327990),
(8, 2, 1690945200, 101234826),
(8, 2, 1693623600, 112506921),
(8, 2, 1696215600, 119814126),
(8, 2, 1698894000, 69736481),
(8, 2, 1701486000, 81813017),
(8, 2, 1704164400, 109777918),
(8, 2, 1706842800, 112211147),
(8, 2, 1709348400, 128389018),
(8, 2, 1712026800, 125225131),
(8, 2, 1714618800, 123894782),
(8, 2, 1717297200, 114244582),
(8, 2, 1719889200, 118235629),
(8, 2, 1722567600, 121041080),
(8, 2, 1725246000, 117270609),
(8, 2, 1727838000, 116967317),
(8, 2, 1730516400, 119607336),
(8, 3, 1648868400, 43416209),
(8, 3, 1651460400, 31370886),
(8, 3, 1654138800, 34909317),
(8, 3, 1656730800, 33285090),
(8, 3, 1659409200, 32598396),
(8, 3, 1662087600, 36211545),
(8, 3, 1664679600, 31797846),
(8, 3, 1667358000, 29990382),
(8, 3, 1669950000, 31385118),
(8, 3, 1672628400, 30141597),
(8, 3, 1675306800, 26330979),
(8, 3, 1677726000, 15160638),
(8, 3, 1680404400, 33414957),
(8, 3, 1682996400, 31324632),
(8, 3, 1685674800, 29881863),
(8, 3, 1688266800, 30221652),
(8, 3, 1690945200, 26708127),
(8, 3, 1693623600, 29816460),
(8, 3, 1696215600, 31787376),
(8, 3, 1698894000, 18501360),
(8, 3, 1701486000, 21711783),
(8, 3, 1704164400, 29186988),
(8, 3, 1706842800, 29849832),
(8, 3, 1709348400, 34116435),
(8, 3, 1712026800, 33264207),
(8, 3, 1714618800, 32918217),
(8, 3, 1717297200, 30317829),
(8, 3, 1719889200, 31370367),
(8, 3, 1722567600, 32187996),
(8, 3, 1725246000, 31193730),
(8, 3, 1727838000, 31088112),
(8, 3, 1730516400, 31789197),
(8, 4, 1648868400, 22209049),
(8, 4, 1672628400, 837036),
(8, 4, 1682996400, 13539),
(8, 4, 1693623600, 2245365),
(8, 5, 1648868400, 357416029),
(8, 5, 1651460400, 571075690),
(8, 5, 1654138800, 530135915),
(8, 5, 1656730800, 564000973),
(8, 5, 1659409200, 534581062),
(8, 5, 1662087600, 529400951),
(8, 5, 1664679600, 566912391),
(8, 5, 1667358000, 545038191),
(8, 5, 1669950000, 569777638),
(8, 5, 1672628400, 528653880),
(8, 5, 1675306800, 476151859),
(8, 5, 1677726000, 249834802),
(8, 5, 1680404400, 518281212),
(8, 5, 1682996400, 559809197),
(8, 5, 1685674800, 523227805),
(8, 5, 1688266800, 530377520),
(8, 5, 1690945200, 467577911),
(8, 5, 1693623600, 504699468),
(8, 5, 1696215600, 533760404),
(8, 5, 1698894000, 395042684),
(8, 5, 1701486000, 334502428),
(8, 5, 1704164400, 491375169),
(8, 5, 1706842800, 483064262),
(8, 5, 1709348400, 530340755),
(8, 5, 1712026800, 531206086),
(8, 5, 1714618800, 560096864),
(8, 5, 1717297200, 531625555),
(8, 5, 1719889200, 548339842),
(8, 5, 1722567600, 562855809),
(8, 5, 1725246000, 544572947),
(8, 5, 1727838000, 550453336),
(8, 5, 1730516400, 495428417),
(8, 6, 1648868400, 335624622),
(8, 6, 1651460400, 384508872),
(8, 6, 1654138800, 352689480),
(8, 6, 1656730800, 377714106),
(8, 6, 1659409200, 356439798),
(8, 6, 1662087600, 350854218),
(8, 6, 1664679600, 379843992),
(8, 6, 1667358000, 366506118),
(8, 6, 1669950000, 383268996),
(8, 6, 1672628400, 370976400),
(8, 6, 1675306800, 319795938),
(8, 6, 1677726000, 162245754),
(8, 6, 1680404400, 348448122),
(8, 6, 1682996400, 383410170),
(8, 6, 1685674800, 365444244),
(8, 6, 1688266800, 370587888),
(8, 6, 1690945200, 328039272),
(8, 6, 1693623600, 362595970),
(8, 6, 1696215600, 385734212),
(8, 6, 1698894000, 218965048),
(8, 6, 1701486000, 241435670),
(8, 6, 1704164400, 352512964),
(8, 6, 1706842800, 309760620),
(8, 6, 1709348400, 362944636),
(8, 6, 1712026800, 366396844),
(8, 6, 1714618800, 386272056),
(8, 6, 1717297200, 367710184),
(8, 6, 1719889200, 381287618),
(8, 6, 1722567600, 388742386),
(8, 6, 1725246000, 377078676),
(8, 6, 1727838000, 371537632),
(8, 6, 1730516400, 314163436),
(8, 7, 1648868400, 4026738),
(8, 7, 1651460400, 6593548),
(8, 7, 1654138800, 6260252),
(8, 7, 1656730800, 6534348),
(8, 7, 1659409200, 6238052),
(8, 7, 1662087600, 6255220),
(8, 7, 1664679600, 6539232),
(8, 7, 1667358000, 6279048),
(8, 7, 1669950000, 6573864),
(8, 7, 1672628400, 6484028),
(8, 7, 1675306800, 5473188),
(8, 7, 1677726000, 2839528),
(8, 7, 1680404400, 6125424),
(8, 7, 1682996400, 6573568),
(8, 7, 1685674800, 6254480),
(8, 7, 1688266800, 6359116),
(8, 7, 1690945200, 5623852),
(8, 7, 1693623600, 6175300),
(8, 7, 1696215600, 6480772),
(8, 7, 1698894000, 5173636),
(8, 7, 1701486000, 4137192),
(8, 7, 1704164400, 6023156),
(8, 7, 1706842800, 5849700),
(8, 7, 1709348400, 6251959),
(8, 7, 1712026800, 6262324),
(8, 7, 1714618800, 6528280),
(8, 7, 1717297200, 6163608),
(8, 7, 1719889200, 6405736),
(8, 7, 1722567600, 6528132),
(8, 7, 1725246000, 6330996),
(8, 7, 1727838000, 6241012),
(8, 7, 1730516400, 5475852),
(8, 9, 1648868400, 5707771),
(8, 9, 1651460400, 10873),
(8, 9, 1654138800, 138671),
(8, 9, 1656730800, 93257),
(8, 9, 1659409200, 471108),
(8, 9, 1662087600, 173417),
(8, 9, 1664679600, 93028),
(8, 9, 1667358000, 153929),
(8, 9, 1669950000, 36488),
(8, 9, 1672628400, 145690),
(8, 9, 1675306800, 504958),
(8, 9, 1677726000, 763712),
(8, 9, 1680404400, 495550),
(8, 9, 1682996400, 381781),
(8, 9, 1685674800, 421796),
(8, 9, 1688266800, 291411),
(8, 9, 1690945200, 763534),
(8, 9, 1693623600, 370485),
(8, 9, 1696215600, 339766),
(8, 9, 1698894000, 1257119),
(8, 9, 1701486000, 2835633),
(8, 9, 1704164400, 593177),
(8, 9, 1706842800, 425521),
(8, 9, 1709348400, 2701056),
(8, 9, 1712026800, 361883),
(8, 9, 1714618800, 320840),
(8, 9, 1717297200, 576365),
(8, 9, 1719889200, 386336),
(8, 9, 1722567600, 369021),
(8, 9, 1725246000, 312987),
(8, 9, 1727838000, 528690),
(8, 9, 1730516400, 462881),
(9, 1, 1648868400, 14606648),
(9, 1, 1651460400, 79431715),
(9, 1, 1654138800, 13620501),
(9, 1, 1656730800, 40247228),
(9, 1, 1659409200, 87295986),
(9, 1, 1662087600, 85316203),
(9, 1, 1664679600, 92093121),
(9, 1, 1667358000, 88186433),
(9, 1, 1669950000, 92283910),
(9, 1, 1672628400, 91066926),
(9, 1, 1675306800, 83153618),
(9, 1, 1677726000, 77315113),
(9, 1, 1680404400, 77766771),
(9, 1, 1682996400, 89016126),
(9, 1, 1685674800, 87346746),
(9, 1, 1688266800, 82461381),
(9, 1, 1690945200, 36847369),
(9, 1, 1698894000, 23557525),
(9, 1, 1701486000, 59323340),
(9, 1, 1704164400, 91258512),
(9, 1, 1706842800, 85800007),
(9, 1, 1709348400, 92986084),
(9, 1, 1712026800, 88569561),
(9, 1, 1714618800, 94707899),
(9, 1, 1717297200, 91075669),
(9, 1, 1719889200, 93867734),
(9, 1, 1722567600, 90943792),
(9, 1, 1725246000, 90253681),
(9, 1, 1727838000, 93123070),
(9, 1, 1730516400, 77111503),
(9, 2, 1648868400, 28728375),
(9, 2, 1651460400, 102685104),
(9, 2, 1654138800, 17647308),
(9, 2, 1656730800, 55191888),
(9, 2, 1659409200, 124202079),
(9, 2, 1662087600, 134726760),
(9, 2, 1664679600, 120833910),
(9, 2, 1667358000, 113575743),
(9, 2, 1669950000, 120332412),
(9, 2, 1672628400, 78342120),
(9, 2, 1675306800, 68318937),
(9, 2, 1677726000, 122738247),
(9, 2, 1680404400, 109604421),
(9, 2, 1682996400, 114680394),
(9, 2, 1685674800, 70541793),
(9, 2, 1688266800, 54866592),
(9, 2, 1690945200, 47723634),
(9, 2, 1698894000, 20940934),
(9, 2, 1701486000, 82323099),
(9, 2, 1704164400, 116808778),
(9, 2, 1706842800, 118469991),
(9, 2, 1709348400, 133517410),
(9, 2, 1712026800, 123557025),
(9, 2, 1714618800, 125204452),
(9, 2, 1717297200, 112286970),
(9, 2, 1719889200, 115802400),
(9, 2, 1722567600, 116533058),
(9, 2, 1725246000, 116898387),
(9, 2, 1727838000, 119441904),
(9, 2, 1730516400, 118518242),
(9, 3, 1648868400, 9433149),
(9, 3, 1651460400, 27111960),
(9, 3, 1654138800, 4660980),
(9, 3, 1656730800, 14552220),
(9, 3, 1659409200, 32740716),
(9, 3, 1662087600, 35549757),
(9, 3, 1664679600, 31890354),
(9, 3, 1667358000, 29988603),
(9, 3, 1669950000, 31764045),
(9, 3, 1672628400, 20666643),
(9, 3, 1675306800, 18049734),
(9, 3, 1677726000, 32358231),
(9, 3, 1680404400, 28906971),
(9, 3, 1682996400, 30292812),
(9, 3, 1685674800, 18626130),
(9, 3, 1688266800, 14511303),
(9, 3, 1690945200, 12600657),
(9, 3, 1698894000, 5564976),
(9, 3, 1701486000, 21877494),
(9, 3, 1704164400, 31049871),
(9, 3, 1706842800, 31530615),
(9, 3, 1709348400, 35514963),
(9, 3, 1712026800, 32843556),
(9, 3, 1714618800, 33266028),
(9, 3, 1717297200, 29864400),
(9, 3, 1719889200, 30778542),
(9, 3, 1722567600, 31124532),
(9, 3, 1725246000, 31153668),
(9, 3, 1727838000, 31798302),
(9, 3, 1730516400, 31483269),
(9, 4, 1648868400, 22544905),
(9, 4, 1651460400, 13544),
(9, 4, 1672628400, 1894),
(9, 4, 1698894000, 17159947014),
(9, 4, 1701486000, 430890455),
(9, 4, 1704164400, 659983780),
(9, 4, 1706842800, 594884668),
(9, 4, 1709348400, 678748303),
(9, 4, 1712026800, 656813022),
(9, 4, 1714618800, 4142532657),
(9, 4, 1717297200, 56017988162),
(9, 4, 1719889200, 2720627493),
(9, 4, 1722567600, 4618047648),
(9, 4, 1725246000, 663416963),
(9, 4, 1727838000, 678033017),
(9, 4, 1730516400, 397738878),
(9, 5, 1648868400, 97201249),
(9, 5, 1651460400, 485245523),
(9, 5, 1654138800, 83300229),
(9, 5, 1656730800, 245207735),
(9, 5, 1659409200, 533205157),
(9, 5, 1662087600, 517943548),
(9, 5, 1664679600, 571703474),
(9, 5, 1667358000, 558449501),
(9, 5, 1669950000, 586006135),
(9, 5, 1672628400, 532678460),
(9, 5, 1675306800, 486560593),
(9, 5, 1677726000, 467894253),
(9, 5, 1680404400, 477042149),
(9, 5, 1682996400, 562818449),
(9, 5, 1685674800, 509636456),
(9, 5, 1688266800, 464142957),
(9, 5, 1690945200, 230348751),
(9, 5, 1698894000, 128440339),
(9, 5, 1701486000, 341947304),
(9, 5, 1704164400, 525497142),
(9, 5, 1706842800, 482265764),
(9, 5, 1709348400, 531900729),
(9, 5, 1712026800, 503173113),
(9, 5, 1714618800, 536623595),
(9, 5, 1717297200, 517656341),
(9, 5, 1719889200, 529628053),
(9, 5, 1722567600, 529249210),
(9, 5, 1725246000, 515580136),
(9, 5, 1727838000, 531741094),
(9, 5, 1730516400, 455900377),
(9, 6, 1648868400, 69998720),
(9, 6, 1651460400, 331936902),
(9, 6, 1654138800, 56997468),
(9, 6, 1656730800, 164928060),
(9, 6, 1659409200, 357053598),
(9, 6, 1662087600, 341506044),
(9, 6, 1664679600, 382526298),
(9, 6, 1667358000, 366892812),
(9, 6, 1669950000, 386669448),
(9, 6, 1672628400, 241769682),
(9, 6, 1675306800, 219801780),
(9, 6, 1677726000, 290971890),
(9, 6, 1680404400, 298490940),
(9, 6, 1682996400, 370072296),
(9, 6, 1685674800, 228554568),
(9, 6, 1688266800, 176700744),
(9, 6, 1690945200, 154002420),
(9, 6, 1698894000, 94153970),
(9, 6, 1701486000, 345577278),
(9, 6, 1704164400, 527562424),
(9, 6, 1706842800, 474472218),
(9, 6, 1709348400, 541658940),
(9, 6, 1712026800, 515586014),
(9, 6, 1714618800, 551446450),
(9, 6, 1717297200, 504134970),
(9, 6, 1719889200, 520238990),
(9, 6, 1722567600, 518719298),
(9, 6, 1725246000, 524785648),
(9, 6, 1727838000, 530201612),
(9, 6, 1730516400, 448799548),
(9, 7, 1648868400, 1045278),
(9, 7, 1651460400, 5666180),
(9, 7, 1654138800, 971028),
(9, 7, 1656730800, 2871496),
(9, 7, 1659409200, 6229320),
(9, 7, 1662087600, 6090940),
(9, 7, 1664679600, 6569572),
(9, 7, 1667358000, 6290592),
(9, 7, 1669950000, 6583188),
(9, 7, 1672628400, 6509928),
(9, 7, 1675306800, 5944272),
(9, 7, 1677726000, 5521436),
(9, 7, 1680404400, 5551776),
(9, 7, 1682996400, 6349496),
(9, 7, 1685674800, 6243676),
(9, 7, 1688266800, 5898392),
(9, 7, 1690945200, 2628480),
(9, 7, 1698894000, 1626816),
(9, 7, 1701486000, 4090572),
(9, 7, 1704164400, 6290888),
(9, 7, 1706842800, 5917188),
(9, 7, 1709348400, 6411651),
(9, 7, 1712026800, 6105740),
(9, 7, 1714618800, 6529020),
(9, 7, 1717297200, 6277272),
(9, 7, 1719889200, 6471744),
(9, 7, 1722567600, 6256647),
(9, 7, 1725246000, 6218664),
(9, 7, 1727838000, 6415208),
(9, 7, 1730516400, 5316900),
(9, 9, 1648868400, 21704990),
(9, 9, 1651460400, 16966),
(9, 9, 1654138800, 3745),
(9, 9, 1656730800, 3689032),
(9, 9, 1659409200, 487512),
(9, 9, 1662087600, 363478),
(9, 9, 1664679600, 37610),
(9, 9, 1667358000, 116431),
(9, 9, 1669950000, 21051),
(9, 9, 1672628400, 104658),
(9, 9, 1675306800, 51391),
(9, 9, 1677726000, 2950047),
(9, 9, 1680404400, 5299547),
(9, 9, 1682996400, 277470),
(9, 9, 1685674800, 385262),
(9, 9, 1688266800, 180899),
(9, 9, 1690945200, 2372539),
(9, 9, 1698894000, 81654),
(9, 9, 1701486000, 3393877),
(9, 9, 1704164400, 646449),
(9, 9, 1706842800, 634096),
(9, 9, 1709348400, 1603594),
(9, 9, 1712026800, 1067177),
(9, 9, 1714618800, 506626),
(9, 9, 1717297200, 401383),
(9, 9, 1719889200, 535629),
(9, 9, 1722567600, 973222),
(9, 9, 1725246000, 663052),
(9, 9, 1727838000, 827163),
(9, 9, 1730516400, 720787),
(10, 1, 1677726000, 228366),
(10, 1, 1680404400, 21628102),
(10, 1, 1682996400, 33673292),
(10, 1, 1685674800, 24141250),
(10, 1, 1688266800, 33521489),
(10, 1, 1690945200, 14065858),
(10, 1, 1693623600, 8870282),
(10, 2, 1680404400, 33672931),
(10, 2, 1682996400, 73693114),
(10, 2, 1685674800, 30051594),
(10, 2, 1688266800, 47427795),
(10, 2, 1690945200, 24396455),
(10, 2, 1693623600, 12675910),
(10, 3, 1680404400, 10138599),
(10, 3, 1682996400, 23474097),
(10, 3, 1685674800, 7831120),
(10, 3, 1688266800, 12354100),
(10, 3, 1690945200, 9141540),
(10, 3, 1693623600, 5460630),
(10, 4, 1680404400, 20496832),
(10, 4, 1682996400, 777868),
(10, 4, 1690945200, 13963),
(10, 4, 1693623600, 4269091),
(10, 5, 1680404400, 139858501),
(10, 5, 1682996400, 200149297),
(10, 5, 1685674800, 141453653),
(10, 5, 1688266800, 207895280),
(10, 5, 1690945200, 90967163),
(10, 5, 1693623600, 54539170),
(10, 6, 1680404400, 88677864),
(10, 6, 1682996400, 189787070),
(10, 6, 1685674800, 98614120),
(10, 6, 1688266800, 155385890),
(10, 6, 1690945200, 80674514),
(10, 6, 1693623600, 41045272),
(10, 7, 1680404400, 1535895),
(10, 7, 1682996400, 2413140),
(10, 7, 1685674800, 1729972),
(10, 7, 1688266800, 2400856),
(10, 7, 1690945200, 1006252),
(10, 7, 1693623600, 621748),
(10, 9, 1680404400, 4344185),
(10, 9, 1682996400, 5050316),
(10, 9, 1685674800, 5062718),
(10, 9, 1688266800, 3895903),
(10, 9, 1690945200, 987902),
(10, 9, 1693623600, 3109160),
(11, 1, 1682996400, 181),
(12, 1, 1682996400, 1991642),
(12, 1, 1685674800, 22878355),
(12, 1, 1688266800, 70914533),
(12, 1, 1690945200, 88945843),
(12, 1, 1693623600, 85862275),
(12, 1, 1696215600, 76862948),
(12, 1, 1698894000, 78482714),
(12, 1, 1701486000, 57184848),
(12, 1, 1704164400, 91274621),
(12, 1, 1706842800, 83974305),
(12, 1, 1709348400, 82011109),
(12, 1, 1712026800, 90035102),
(12, 1, 1714618800, 85621481),
(12, 1, 1717297200, 50433635),
(12, 1, 1719889200, 72629695),
(12, 1, 1722567600, 86379757),
(12, 1, 1725246000, 59086623),
(12, 1, 1727838000, 69467414),
(12, 1, 1730516400, 32387605),
(12, 2, 1682996400, 1244696),
(12, 2, 1685674800, 401515),
(12, 2, 1688266800, 440931),
(12, 2, 1690945200, 982723),
(12, 2, 1693623600, 737740),
(12, 2, 1696215600, 663904),
(12, 2, 1698894000, 2156052),
(12, 2, 1701486000, 49374),
(12, 2, 1704164400, 790095),
(12, 2, 1706842800, 8207929),
(12, 2, 1709348400, 9849165),
(12, 2, 1712026800, 5487),
(12, 2, 1714618800, 1454055),
(12, 2, 1717297200, 735258),
(12, 2, 1719889200, 548700),
(12, 2, 1722567600, 603570),
(12, 2, 1725246000, 559674),
(12, 2, 1727838000, 257889),
(12, 2, 1730516400, 3198921),
(12, 3, 1682996400, 397356),
(12, 3, 1685674800, 73378),
(12, 3, 1688266800, 40512),
(12, 3, 1690945200, 50638),
(12, 3, 1693623600, 52638),
(12, 3, 1696215600, 55650),
(12, 3, 1698894000, 44520),
(12, 3, 1701486000, 8904),
(12, 3, 1704164400, 66780),
(12, 3, 1706842800, 1175328),
(12, 3, 1709348400, 48972),
(12, 3, 1712026800, 2226),
(12, 3, 1714618800, 253764),
(12, 3, 1717297200, 44520),
(12, 3, 1719889200, 28938),
(12, 3, 1722567600, 51198),
(12, 3, 1725246000, 44520),
(12, 3, 1727838000, 40068),
(12, 3, 1730516400, 35616),
(12, 4, 1682996400, 18725251),
(12, 4, 1685674800, 3894568),
(12, 4, 1688266800, 2485610),
(12, 4, 1690945200, 1563535),
(12, 4, 1693623600, 4143496),
(12, 4, 1696215600, 2448123),
(12, 4, 1698894000, 1521769),
(12, 4, 1704164400, 429590720),
(12, 4, 1706842800, 428998636),
(12, 4, 1709348400, 444035129),
(12, 4, 1712026800, 2250537),
(12, 4, 1714618800, 3107771421),
(12, 4, 1717297200, 17917597459),
(12, 4, 1719889200, 337203028),
(12, 4, 1722567600, 372963664),
(12, 4, 1725246000, 321350971),
(12, 4, 1727838000, 123927669),
(12, 4, 1730516400, 162196338),
(12, 5, 1682996400, 1033102),
(12, 5, 1685674800, 71568),
(12, 6, 1682996400, 6816928),
(12, 6, 1685674800, 43251204),
(12, 6, 1688266800, 74657730),
(12, 6, 1690945200, 189698478),
(12, 6, 1693623600, 133592995),
(12, 6, 1696215600, 117829900),
(12, 6, 1698894000, 103519860),
(12, 6, 1701486000, 6025280),
(12, 6, 1704164400, 257109995),
(12, 6, 1706842800, 258066310),
(12, 6, 1709348400, 262302835),
(12, 6, 1712026800, 505410),
(12, 6, 1714618800, 275760615),
(12, 6, 1717297200, 225784485),
(12, 6, 1719889200, 207366750),
(12, 6, 1722567600, 205414480),
(12, 6, 1725246000, 196936475),
(12, 6, 1727838000, 65861860),
(12, 6, 1730516400, 144294555),
(12, 7, 1682996400, 165759),
(12, 7, 1685674800, 1836590),
(12, 7, 1688266800, 5713348),
(12, 7, 1690945200, 7107541),
(12, 7, 1693623600, 6697781),
(12, 7, 1696215600, 5956899),
(12, 7, 1698894000, 6090446),
(12, 7, 1701486000, 4438674),
(12, 7, 1704164400, 7055673),
(12, 7, 1706842800, 6521861),
(12, 7, 1709348400, 6356433),
(12, 7, 1712026800, 7000645),
(12, 7, 1714618800, 6592303),
(12, 7, 1717297200, 3895921),
(12, 7, 1719889200, 5618104),
(12, 7, 1722567600, 6708003),
(12, 7, 1725246000, 4587645),
(12, 7, 1727838000, 5367776),
(12, 7, 1730516400, 2497325),
(12, 9, 1682996400, 24018),
(12, 9, 1685674800, 140642),
(12, 9, 1688266800, 210765),
(12, 9, 1690945200, 30918),
(12, 9, 1693623600, 26066),
(12, 9, 1696215600, 108127),
(12, 9, 1698894000, 219989),
(12, 9, 1701486000, 2700177),
(12, 9, 1704164400, 480754),
(12, 9, 1706842800, 289268),
(12, 9, 1709348400, 312524),
(12, 9, 1712026800, 227000),
(12, 9, 1714618800, 886976),
(12, 9, 1717297200, 1014145),
(12, 9, 1719889200, 383401),
(12, 9, 1722567600, 128201),
(12, 9, 1725246000, 306942),
(12, 9, 1727838000, 559505),
(12, 9, 1730516400, 3231223),
(12, 11, 1682996400, 38410),
(12, 11, 1685674800, 80442),
(12, 11, 1688266800, 249536),
(12, 11, 1690945200, 33489),
(12, 11, 1693623600, 334345),
(12, 11, 1696215600, 209721),
(12, 11, 1698894000, 221891),
(12, 11, 1704164400, 75842),
(12, 11, 1706842800, 274659),
(12, 11, 1709348400, 174951),
(12, 11, 1712026800, 29924),
(12, 11, 1714618800, 169588),
(12, 11, 1717297200, 105584),
(12, 11, 1722567600, 226784),
(12, 11, 1725246000, 322875),
(12, 11, 1730516400, 11466),
(13, 1, 1685674800, 33521),
(13, 1, 1688266800, 2213),
(13, 1, 1693623600, 18424),
(13, 3, 1685674800, 21014),
(13, 3, 1688266800, 1779),
(13, 3, 1693623600, 8970),
(13, 9, 1685674800, 33104),
(13, 9, 1688266800, 491),
(13, 9, 1693623600, 3895),
(14, 1, 1693623600, 416),
(15, 1, 1693623600, 5251415),
(15, 1, 1696215600, 31101046),
(15, 1, 1698894000, 21102874),
(15, 1, 1701486000, 10758328),
(15, 1, 1704164400, 20370028),
(15, 1, 1706842800, 34181813),
(15, 1, 1709348400, 14932697),
(15, 1, 1712026800, 4229858),
(15, 1, 1714618800, 14123430),
(15, 1, 1717297200, 8828216),
(15, 1, 1719889200, 3247500),
(15, 1, 1722567600, 26915915),
(15, 1, 1725246000, 51029546),
(15, 1, 1727838000, 82616181),
(15, 1, 1730516400, 66186473),
(15, 2, 1693623600, 7875552),
(15, 2, 1696215600, 28773330),
(15, 2, 1698894000, 25693070),
(15, 2, 1701486000, 4296500),
(15, 2, 1704164400, 15513670),
(15, 2, 1706842800, 39646780),
(15, 2, 1709348400, 18739350),
(15, 2, 1712026800, 5281390),
(15, 2, 1714618800, 11944270),
(15, 2, 1717297200, 10873450),
(15, 2, 1719889200, 3959390),
(15, 2, 1722567600, 25931030),
(15, 2, 1725246000, 62913980),
(15, 2, 1727838000, 79604230),
(15, 2, 1730516400, 82241620),
(15, 3, 1693623600, 1974637),
(15, 3, 1696215600, 7168440),
(15, 3, 1698894000, 6394360),
(15, 3, 1701486000, 1072560),
(15, 3, 1704164400, 3865480),
(15, 3, 1706842800, 9908880),
(15, 3, 1709348400, 4657600),
(15, 3, 1712026800, 1310360),
(15, 3, 1714618800, 2971680),
(15, 3, 1717297200, 2702720),
(15, 3, 1719889200, 990560),
(15, 3, 1722567600, 6461600),
(15, 3, 1725246000, 15689880),
(15, 3, 1727838000, 19878440),
(15, 3, 1730516400, 20518040),
(15, 4, 1693623600, 62509426),
(15, 5, 1693623600, 32665537),
(15, 5, 1696215600, 182704314),
(15, 5, 1698894000, 126016541),
(15, 5, 1701486000, 55305593),
(15, 5, 1704164400, 111786188),
(15, 5, 1706842800, 198518589),
(15, 5, 1709348400, 87717585),
(15, 5, 1712026800, 24705668),
(15, 5, 1714618800, 78430272),
(15, 5, 1717297200, 51729211),
(15, 5, 1719889200, 19015448),
(15, 5, 1722567600, 151090289),
(15, 5, 1725246000, 304825978),
(15, 5, 1727838000, 482802861),
(15, 5, 1730516400, 370856382),
(15, 6, 1693623600, 25428720),
(15, 6, 1696215600, 91241397),
(15, 6, 1698894000, 81956745),
(15, 6, 1701486000, 13819572),
(15, 6, 1704164400, 48923433),
(15, 6, 1706842800, 125855964),
(15, 6, 1709348400, 58482567),
(15, 6, 1712026800, 16612128),
(15, 6, 1714618800, 37765143),
(15, 6, 1717297200, 34495227),
(15, 6, 1719889200, 12667941),
(15, 6, 1722567600, 83543967),
(15, 6, 1725246000, 199882566),
(15, 6, 1727838000, 250619967),
(15, 6, 1730516400, 199882566),
(15, 7, 1693623600, 362944),
(15, 7, 1696215600, 2152068),
(15, 7, 1698894000, 1458836),
(15, 7, 1701486000, 746216),
(15, 7, 1704164400, 1411180),
(15, 7, 1706842800, 2363708),
(15, 7, 1709348400, 1032152),
(15, 7, 1712026800, 292448),
(15, 7, 1714618800, 977096),
(15, 7, 1717297200, 610204),
(15, 7, 1719889200, 224516),
(15, 7, 1722567600, 1862580),
(15, 7, 1725246000, 3525656),
(15, 7, 1727838000, 5708064),
(15, 7, 1730516400, 4579268),
(15, 9, 1693623600, 73629),
(15, 9, 1696215600, 4368435),
(15, 9, 1698894000, 4815924),
(15, 9, 1701486000, 4827782),
(15, 9, 1704164400, 5107542),
(15, 9, 1706842800, 3716871),
(15, 9, 1709348400, 6333568),
(15, 9, 1712026800, 4677458),
(15, 9, 1714618800, 5215834),
(15, 9, 1717297200, 2269396),
(15, 9, 1719889200, 1434395),
(15, 9, 1722567600, 4811871),
(15, 9, 1725246000, 4447414),
(15, 9, 1727838000, 574616),
(15, 9, 1730516400, 1688028),
(15, 11, 1693623600, 12817),
(16, 1, 1693623600, 53825),
(16, 2, 1693623600, 127932),
(16, 3, 1693623600, 34215),
(16, 4, 1693623600, 39858378),
(16, 5, 1693623600, 518894),
(16, 6, 1693623600, 289272),
(16, 7, 1693623600, 4277),
(16, 9, 1693623600, 1033);

-- --------------------------------------------------------

--
-- Estrutura para tabela `bandwidthtype`
--

CREATE TABLE `bandwidthtype` (
  `bandwidthTypeId` int(11) NOT NULL,
  `name` varchar(25) NOT NULL
) ENGINE=InnoDB DEFAULT CHARSET=utf8;

--
-- Despejando dados para a tabela `bandwidthtype`
--

INSERT INTO `bandwidthtype` (`bandwidthTypeId`, `name`) VALUES
(1, 'Register'),
(2, 'Required Files'),
(3, 'Schedule'),
(4, 'Get File'),
(5, 'Get Resource'),
(6, 'Media Inventory'),
(7, 'Notify Status'),
(8, 'Submit Stats'),
(9, 'Submit Log'),
(10, 'Blacklist'),
(11, 'Screen Shot');

-- --------------------------------------------------------

--
-- Estrutura para tabela `blacklist`
--

CREATE TABLE `blacklist` (
  `blacklistId` int(11) NOT NULL,
  `mediaId` int(11) NOT NULL,
  `displayId` int(11) NOT NULL,
  `userId` int(11) DEFAULT NULL,
  `reportingDisplayId` int(11) DEFAULT NULL,
  `reason` text,
  `isIgnored` tinyint(4) NOT NULL DEFAULT '0'
) ENGINE=InnoDB DEFAULT CHARSET=utf8;

-- --------------------------------------------------------

--
-- Estrutura para tabela `campaign`
--

CREATE TABLE `campaign` (
  `campaignId` int(11) NOT NULL,
  `campaign` varchar(254) NOT NULL,
  `isLayoutSpecific` tinyint(4) NOT NULL,
  `userId` int(11) NOT NULL
) ENGINE=InnoDB DEFAULT CHARSET=utf8;

--
-- Despejando dados para a tabela `campaign`
--

INSERT INTO `campaign` (`campaignId`, `campaign`, `isLayoutSpecific`, `userId`) VALUES
(1, 'Default Layout', 1, 1),
(12, 'Campeonato Brasileiro', 1, 1),
(30, 'TABELA AÇOUGUE BOVINOS', 1, 1),
(31, 'TABELA - Açougue ÍTENS e OFERTAS - IPIABAS', 1, 1),
(32, 'PROMOÇÕES 01', 1, 12),
(39, 'TABELA AVES', 1, 1),
(40, 'TABELA BOVINOS', 1, 1),
(44, 'TABELA - Açougue ÍTENS e OFERTAS BACKUP', 1, 1),
(45, 'TABELA - Açougue ÍTENS e OFERTAS Template', 1, 1),
(46, 'teste template', 1, 1),
(47, 'TABELA PADARIA BISCOITOS', 1, 1),
(48, 'TABELA PADARIA BOLOS', 1, 1),
(49, 'TABELA PADARIA DOCES', 1, 1),
(50, 'TABELA PADARIA PÃES', 1, 6),
(51, 'TABELA PADARIA SALGADOS', 1, 1),
(52, 'Uol-Celebridades', 1, 1),
(56, 'TABELA - Açougue ÍTENS e OFERTAS - AREAL', 1, 7),
(57, 'TABELA - Açougue ÍTENS e OFERTAS - BOA SORTE', 1, 8),
(58, 'TABELA TESTE', 1, 1),
(60, 'PROMOÇÕES DIÁRIAS', 1, 12),
(61, 'PROMOÇÕES IMAGEM e PREÇO', 1, 1),
(62, 'TABELA - Açougue ÍTENS e OFERTAS - MATADOURO', 1, 1),
(63, 'MATADOURO', 1, 1),
(66, 'TABELA - Açougue ÍTENS e OFERTAS - MATAD', 1, 10);

-- --------------------------------------------------------

--
-- Estrutura para tabela `command`
--

CREATE TABLE `command` (
  `commandId` int(11) NOT NULL,
  `command` varchar(254) NOT NULL,
  `code` varchar(50) NOT NULL,
  `description` varchar(1000) DEFAULT NULL,
  `userId` int(11) NOT NULL
) ENGINE=InnoDB DEFAULT CHARSET=utf8;

-- --------------------------------------------------------

--
-- Estrutura para tabela `dataset`
--

CREATE TABLE `dataset` (
  `dataSetId` int(11) NOT NULL,
  `dataSet` varchar(50) NOT NULL,
  `description` varchar(254) DEFAULT NULL,
  `userId` int(11) NOT NULL,
  `lastDataEdit` int(11) NOT NULL DEFAULT '0',
  `code` varchar(50) DEFAULT NULL,
  `isLookup` tinyint(4) NOT NULL,
  `isRemote` tinyint(4) NOT NULL DEFAULT '0',
  `method` enum('GET','POST') DEFAULT NULL,
  `uri` varchar(250) DEFAULT NULL,
  `postData` text,
  `authentication` varchar(10) DEFAULT NULL,
  `username` varchar(250) DEFAULT NULL,
  `password` varchar(250) DEFAULT NULL,
  `customHeaders` text,
  `refreshRate` int(11) NOT NULL DEFAULT '86400',
  `clearRate` int(11) NOT NULL DEFAULT '0',
  `runsAfter` int(11) DEFAULT NULL,
  `dataRoot` varchar(250) DEFAULT NULL,
  `lastSync` int(11) NOT NULL DEFAULT '0',
  `summarize` varchar(10) DEFAULT NULL,
  `summarizeField` varchar(250) DEFAULT NULL,
  `lastClear` int(11) NOT NULL DEFAULT '0',
  `ignoreFirstRow` tinyint(4) DEFAULT NULL,
  `sourceId` tinyint(4) DEFAULT NULL
) ENGINE=InnoDB DEFAULT CHARSET=utf8;

--
-- Despejando dados para a tabela `dataset`
--

INSERT INTO `dataset` (`dataSetId`, `dataSet`, `description`, `userId`, `lastDataEdit`, `code`, `isLookup`, `isRemote`, `method`, `uri`, `postData`, `authentication`, `username`, `password`, `customHeaders`, `refreshRate`, `clearRate`, `runsAfter`, `dataRoot`, `lastSync`, `summarize`, `summarizeField`, `lastClear`, `ignoreFirstRow`, `sourceId`) VALUES
(4, 'promo_produtos', 'Sistema de fonte de dados para produtos de padaria', 1, 0, NULL, 0, 0, NULL, NULL, NULL, NULL, NULL, NULL, NULL, 86400, 0, NULL, NULL, 0, NULL, NULL, 0, NULL, NULL),
(6, 'TABELA BOVINOS - IPIABAS', NULL, 1, 1732026128, NULL, 0, 0, NULL, NULL, NULL, NULL, NULL, NULL, NULL, 86400, 0, NULL, NULL, 0, NULL, NULL, 0, NULL, NULL),
(7, 'TABELA OFERTAS - IPIABAS', NULL, 1, 1725649305, NULL, 0, 0, NULL, NULL, NULL, NULL, NULL, NULL, NULL, 86400, 0, NULL, NULL, 0, NULL, NULL, 0, NULL, NULL),
(8, 'TABELA Item e Preço', NULL, 1, 1608234413, NULL, 0, 0, NULL, NULL, NULL, NULL, NULL, NULL, NULL, 86400, 0, NULL, NULL, 0, NULL, NULL, 0, NULL, NULL),
(9, 'PROMOCOES 01', 'Produtos Promocionais', 12, 1692969468, 'PROMO 01', 0, 0, NULL, NULL, NULL, NULL, NULL, NULL, NULL, 86400, 0, NULL, NULL, 0, NULL, NULL, 0, NULL, NULL),
(14, 'TABELA JARDIM AVE CENTRO', NULL, 1, 0, NULL, 0, 0, NULL, NULL, NULL, NULL, NULL, NULL, NULL, 86400, 0, NULL, NULL, 0, NULL, NULL, 0, NULL, NULL),
(15, 'TABELA SUINOS - IPIABAS', NULL, 1, 1731602423, NULL, 0, 0, NULL, NULL, NULL, NULL, NULL, NULL, NULL, 86400, 0, NULL, NULL, 0, NULL, NULL, 0, NULL, NULL),
(16, 'TABELA FRANGO - IPIABAS', NULL, 1, 1732026233, NULL, 0, 0, NULL, NULL, NULL, NULL, NULL, NULL, NULL, 86400, 0, NULL, NULL, 0, NULL, NULL, 0, NULL, NULL),
(17, 'TABELA RAÇÕES - IPIABAS', NULL, 1, 1727179921, NULL, 0, 0, NULL, NULL, NULL, NULL, NULL, NULL, NULL, 86400, 0, NULL, NULL, 0, NULL, NULL, 0, NULL, NULL),
(18, 'TABELA PADARIA - IPIABAS', NULL, 1, 1732026263, NULL, 0, 0, NULL, NULL, NULL, NULL, NULL, NULL, NULL, 86400, 0, NULL, NULL, 0, NULL, NULL, 0, NULL, NULL),
(19, 'TABELA PADARIA BISCOITOS', NULL, 1, 0, NULL, 0, 0, NULL, NULL, NULL, NULL, NULL, NULL, NULL, 86400, 0, NULL, NULL, 0, NULL, NULL, 0, NULL, NULL),
(20, 'TABELA PADARIA BOLOS', NULL, 1, 0, NULL, 0, 0, NULL, NULL, NULL, NULL, NULL, NULL, NULL, 86400, 0, NULL, NULL, 0, NULL, NULL, 0, NULL, NULL),
(21, 'TABELA PADARIA DOCES', NULL, 1, 0, NULL, 0, 0, NULL, NULL, NULL, NULL, NULL, NULL, NULL, 86400, 0, NULL, NULL, 0, NULL, NULL, 0, NULL, NULL),
(22, 'TABELA PADARIA PÃES', NULL, 6, 1718823686, NULL, 0, 0, NULL, NULL, NULL, NULL, NULL, NULL, NULL, 86400, 0, NULL, NULL, 0, NULL, NULL, 0, NULL, NULL),
(23, 'TABELA PADARIA SALGADOS', NULL, 1, 0, NULL, 0, 0, NULL, NULL, NULL, NULL, NULL, NULL, NULL, 86400, 0, NULL, NULL, 0, NULL, NULL, 0, NULL, NULL),
(24, 'TABELA OFERTAS - AREAL', NULL, 7, 1729010112, NULL, 0, 0, NULL, NULL, NULL, NULL, NULL, NULL, NULL, 86400, 0, NULL, NULL, 0, NULL, NULL, 0, NULL, NULL),
(25, 'TABELA OFERTAS - BOA SORTE', NULL, 8, 0, NULL, 0, 0, NULL, NULL, NULL, NULL, NULL, NULL, NULL, 86400, 0, NULL, NULL, 0, NULL, NULL, 0, NULL, NULL),
(26, 'TABELA OFERTAS - MATRIZ2', NULL, 1, 0, NULL, 0, 0, NULL, NULL, NULL, NULL, NULL, NULL, NULL, 86400, 0, NULL, NULL, 0, NULL, NULL, 0, NULL, NULL),
(27, 'TABELA BOVINOS - AREAL', NULL, 7, 1731588535, NULL, 0, 0, NULL, NULL, NULL, NULL, NULL, NULL, NULL, 86400, 0, NULL, NULL, 0, NULL, NULL, 0, NULL, NULL),
(28, 'TABELA SUINOS - AREAL', NULL, 7, 1732199905, NULL, 0, 0, NULL, NULL, NULL, NULL, NULL, NULL, NULL, 86400, 0, NULL, NULL, 0, NULL, NULL, 0, NULL, NULL),
(29, 'TABELA FRANGO - AREAL', NULL, 7, 1732199852, NULL, 0, 0, NULL, NULL, NULL, NULL, NULL, NULL, NULL, 86400, 0, NULL, NULL, 0, NULL, NULL, 0, NULL, NULL),
(30, 'TABELA RAÇÕES - AREAL', NULL, 7, 1729011020, NULL, 0, 0, NULL, NULL, NULL, NULL, NULL, NULL, NULL, 86400, 0, NULL, NULL, 0, NULL, NULL, 0, NULL, NULL),
(31, 'TABELA PADARIA - AREAL', NULL, 7, 1729011124, NULL, 0, 0, NULL, NULL, NULL, NULL, NULL, NULL, NULL, 86400, 0, NULL, NULL, 0, NULL, NULL, 0, NULL, NULL),
(32, 'TABELA OFERTAS - BOA SORTE2', NULL, 1, 0, NULL, 0, 0, NULL, NULL, NULL, NULL, NULL, NULL, NULL, 86400, 0, NULL, NULL, 0, NULL, NULL, 0, NULL, NULL),
(33, 'TABELA BOVINOS - BOA SORTE', NULL, 8, 1732197955, NULL, 0, 0, NULL, NULL, NULL, NULL, NULL, NULL, NULL, 86400, 0, NULL, NULL, 0, NULL, NULL, 0, NULL, NULL),
(34, 'TABELA SUINOS - BOA SORTE', NULL, 8, 1732198052, NULL, 0, 0, NULL, NULL, NULL, NULL, NULL, NULL, NULL, 86400, 0, NULL, NULL, 0, NULL, NULL, 0, NULL, NULL),
(35, 'TABELA FRANGO - BOA SORTE', NULL, 8, 1732198079, NULL, 0, 0, NULL, NULL, NULL, NULL, NULL, NULL, NULL, 86400, 0, NULL, NULL, 0, NULL, NULL, 0, NULL, NULL),
(36, 'TABELA RAÇÕES - BOA SORTE', NULL, 8, 1721669125, NULL, 0, 0, NULL, NULL, NULL, NULL, NULL, NULL, NULL, 86400, 0, NULL, NULL, 0, NULL, NULL, 0, NULL, NULL),
(37, 'TABELA FRIOS - BOA SORTE', NULL, 8, 1732198112, NULL, 0, 0, NULL, NULL, NULL, NULL, NULL, NULL, NULL, 86400, 0, NULL, NULL, 0, NULL, NULL, 0, NULL, NULL),
(47, 'PROMOCOES DIÁRIAS', NULL, 12, 1731583697, NULL, 0, 0, NULL, NULL, NULL, NULL, NULL, NULL, NULL, 86400, 0, NULL, NULL, 0, NULL, NULL, 0, NULL, NULL),
(48, 'TABELA BOVINOS - MATADOURO', NULL, 1, 1695830031, NULL, 0, 0, NULL, NULL, NULL, NULL, NULL, NULL, NULL, 86400, 0, NULL, NULL, 0, NULL, NULL, 0, NULL, NULL),
(49, 'TABELA OFERTAS - MATADOURO', NULL, 1, 0, NULL, 0, 0, NULL, NULL, NULL, NULL, NULL, NULL, NULL, 86400, 0, NULL, NULL, 0, NULL, NULL, 0, NULL, NULL),
(50, 'TABELA SUINOS - MATADOURO', NULL, 1, 1695832993, NULL, 0, 0, NULL, NULL, NULL, NULL, NULL, NULL, NULL, 86400, 0, NULL, NULL, 0, NULL, NULL, 0, NULL, NULL),
(51, 'TABELA FRANGO - MATADOURO', NULL, 1, 1695828324, NULL, 0, 0, NULL, NULL, NULL, NULL, NULL, NULL, NULL, 86400, 0, NULL, NULL, 0, NULL, NULL, 0, NULL, NULL),
(52, 'TABELA RAÇÕES - MATADOURO', NULL, 1, 1685630239, NULL, 0, 0, NULL, NULL, NULL, NULL, NULL, NULL, NULL, 86400, 0, NULL, NULL, 0, NULL, NULL, 0, NULL, NULL),
(53, 'TABELA PADARIA - MATADOURO', NULL, 1, 1695128284, NULL, 0, 0, NULL, NULL, NULL, NULL, NULL, NULL, NULL, 86400, 0, NULL, NULL, 0, NULL, NULL, 0, NULL, NULL),
(54, 'TABELA OFERTAS - MATAD', NULL, 1, 1706796144, NULL, 0, 0, NULL, NULL, NULL, NULL, NULL, NULL, NULL, 86400, 0, NULL, NULL, 0, NULL, NULL, 0, NULL, NULL),
(55, 'TABELA BOVINOS - MATAD', NULL, 1, 1731593295, NULL, 0, 0, NULL, NULL, NULL, NULL, NULL, NULL, NULL, 86400, 0, NULL, NULL, 0, NULL, NULL, 0, NULL, NULL),
(56, 'TABELA SUINOS - MATAD', NULL, 10, 1732198475, NULL, 0, 0, NULL, NULL, NULL, NULL, NULL, NULL, NULL, 86400, 0, NULL, NULL, 0, NULL, NULL, 0, NULL, NULL),
(57, 'TABELA FRANGO - MATAD', NULL, 1, 1732198493, NULL, 0, 0, NULL, NULL, NULL, NULL, NULL, NULL, NULL, 86400, 0, NULL, NULL, 0, NULL, NULL, 0, NULL, NULL),
(58, 'TABELA RAÇÕES - MATAD', NULL, 1, 1716995527, NULL, 0, 0, NULL, NULL, NULL, NULL, NULL, NULL, NULL, 86400, 0, NULL, NULL, 0, NULL, NULL, 0, NULL, NULL),
(59, 'TABELA PADARIA - MATAD', NULL, 1, 1732198511, NULL, 0, 0, NULL, NULL, NULL, NULL, NULL, NULL, NULL, 86400, 0, NULL, NULL, 0, NULL, NULL, 0, NULL, NULL);

-- --------------------------------------------------------

--
-- Estrutura para tabela `datasetcolumn`
--

CREATE TABLE `datasetcolumn` (
  `dataSetColumnId` int(11) NOT NULL,
  `dataSetId` int(11) NOT NULL,
  `heading` varchar(50) NOT NULL,
  `dataTypeId` int(11) NOT NULL,
  `dataSetColumnTypeId` int(11) NOT NULL,
  `listContent` varchar(1000) DEFAULT NULL,
  `columnOrder` smallint(6) NOT NULL,
  `formula` varchar(1000) DEFAULT NULL,
  `remoteField` varchar(250) DEFAULT NULL,
  `showFilter` tinyint(4) NOT NULL DEFAULT '1',
  `showSort` tinyint(4) NOT NULL DEFAULT '1'
) ENGINE=InnoDB DEFAULT CHARSET=utf8;

--
-- Despejando dados para a tabela `datasetcolumn`
--

INSERT INTO `datasetcolumn` (`dataSetColumnId`, `dataSetId`, `heading`, `dataTypeId`, `dataSetColumnTypeId`, `listContent`, `columnOrder`, `formula`, `remoteField`, `showFilter`, `showSort`) VALUES
(9, 4, 'Dia', 1, 1, '01,02,03,04,05,06,07,08,09,10,11,12,13,14,15,16,17,18,19,20,21,22,23,24,25,26,27,28,29,30,31', 1, NULL, NULL, 1, 1),
(10, 4, 'Mes', 1, 1, '01,02,03,04,05,06,07,08,09,10,11,12', 2, NULL, NULL, 1, 1),
(11, 4, 'MesDesc', 1, 2, NULL, 3, '(MONTHNAME(CONCAT(DATE_FORMAT(Curdate(),\'%Y\'),\'-\',Mes,\'-\',Dia)))', NULL, 1, 1),
(12, 4, 'DiaSemana', 1, 2, NULL, 4, '(CASE WEEKDAY(CONCAT(DATE_FORMAT(CurDate(), \'%Y\'),\'-\',Mes,\'-\',Dia)) when 0 then \'Segunda-feira\' when 1 then \'Terça-feira\' when 2 then \'Quarta-feira\' when 3 then \'Quinta-feira\' when 4 then \'Sexta-feira\' when 5 then \'Sábado\' when 6 then \'Domingo\' END) ', NULL, 1, 1),
(13, 4, 'Produto', 1, 1, NULL, 5, NULL, NULL, 1, 1),
(14, 4, 'Descricao', 1, 1, NULL, 6, NULL, NULL, 1, 1),
(15, 4, 'Preco', 1, 1, NULL, 7, NULL, NULL, 1, 1),
(16, 4, 'Imagem', 5, 1, NULL, 8, NULL, NULL, 1, 1),
(19, 6, 'Preco', 1, 1, NULL, 2, NULL, NULL, 0, 0),
(20, 6, 'Produto', 1, 1, NULL, 1, NULL, NULL, 0, 0),
(21, 6, 'Imagem', 5, 1, NULL, 3, NULL, NULL, 0, 0),
(22, 7, 'PRODUTO', 1, 1, NULL, 1, NULL, NULL, 0, 0),
(23, 7, 'PRECO', 1, 1, NULL, 2, NULL, NULL, 0, 0),
(24, 7, 'IMAGEM', 5, 1, NULL, 3, NULL, NULL, 0, 0),
(25, 8, 'Item', 1, 1, NULL, 1, NULL, NULL, 0, 0),
(26, 8, 'Preco', 1, 1, NULL, 2, NULL, NULL, 0, 0),
(27, 9, 'PRODUTO', 1, 1, NULL, 1, NULL, NULL, 0, 0),
(28, 9, 'PRECO', 1, 1, NULL, 2, NULL, NULL, 0, 0),
(29, 9, 'IMAGEM', 5, 1, NULL, 3, NULL, NULL, 0, 0),
(30, 9, 'OFERTA', 5, 1, NULL, 4, NULL, NULL, 0, 0),
(43, 14, 'Produto', 1, 1, NULL, 1, NULL, NULL, 0, 0),
(44, 14, 'Preco', 1, 1, NULL, 2, NULL, NULL, 0, 0),
(45, 15, 'Preco', 1, 1, NULL, 2, NULL, NULL, 0, 0),
(46, 15, 'Produto', 1, 1, NULL, 1, NULL, NULL, 0, 0),
(47, 15, 'Imagem', 5, 1, NULL, 3, NULL, NULL, 0, 0),
(48, 16, 'Produto', 1, 1, NULL, 1, NULL, NULL, 0, 0),
(49, 16, 'Preco', 1, 1, NULL, 2, NULL, NULL, 0, 0),
(50, 16, 'Imagem', 5, 1, NULL, 3, NULL, NULL, 0, 0),
(51, 17, 'Produto', 1, 1, NULL, 1, NULL, NULL, 0, 0),
(52, 17, 'Preco', 1, 1, NULL, 2, NULL, NULL, 0, 0),
(53, 17, 'Imagem', 5, 1, NULL, 3, NULL, NULL, 0, 0),
(54, 18, 'Produto', 1, 1, NULL, 1, NULL, NULL, 0, 0),
(55, 18, 'Preco', 1, 1, NULL, 2, NULL, NULL, 0, 0),
(56, 18, 'Imagem', 5, 1, NULL, 3, NULL, NULL, 0, 0),
(57, 19, 'Produto', 1, 1, NULL, 1, NULL, NULL, 0, 0),
(58, 19, 'Preco', 1, 1, NULL, 2, NULL, NULL, 0, 0),
(59, 19, 'Tipo', 1, 1, 'kg, unid', 3, NULL, NULL, 0, 0),
(60, 19, 'Imagem', 5, 1, NULL, 4, NULL, NULL, 0, 0),
(61, 20, 'Produto', 1, 1, NULL, 1, NULL, NULL, 0, 0),
(62, 20, 'Preco', 1, 1, NULL, 2, NULL, NULL, 0, 0),
(63, 20, 'Tipo', 1, 1, 'kg, unid', 3, NULL, NULL, 0, 0),
(64, 20, 'Imagem', 5, 1, NULL, 4, NULL, NULL, 0, 0),
(65, 21, 'Produto', 1, 1, NULL, 1, NULL, NULL, 0, 0),
(66, 21, 'Preco', 1, 1, NULL, 2, NULL, NULL, 0, 0),
(67, 21, 'Tipo', 1, 1, 'kg, unid', 3, NULL, NULL, 0, 0),
(68, 21, 'Imagem', 5, 1, NULL, 4, NULL, NULL, 0, 0),
(69, 22, 'Produto', 1, 1, NULL, 1, NULL, NULL, 0, 0),
(70, 22, 'Preco', 1, 1, NULL, 2, NULL, NULL, 0, 0),
(71, 22, 'Tipo', 1, 1, 'kg, unid', 3, NULL, NULL, 0, 0),
(72, 22, 'Imagem', 5, 1, NULL, 4, NULL, NULL, 0, 0),
(73, 23, 'Produto', 1, 1, NULL, 1, NULL, NULL, 0, 0),
(74, 23, 'Preco', 1, 1, NULL, 2, NULL, NULL, 0, 0),
(75, 23, 'Tipo', 1, 1, 'kg, unid', 3, NULL, NULL, 0, 0),
(76, 23, 'Imagem', 5, 1, NULL, 4, NULL, NULL, 0, 0),
(77, 24, 'PRODUTO', 1, 1, NULL, 1, NULL, NULL, 0, 0),
(78, 24, 'PRECO', 1, 1, NULL, 2, NULL, NULL, 0, 0),
(79, 24, 'IMAGEM', 5, 1, NULL, 3, NULL, NULL, 0, 0),
(80, 25, 'PRODUTO', 1, 1, NULL, 1, NULL, NULL, 0, 0),
(81, 25, 'PRECO', 1, 1, NULL, 2, NULL, NULL, 0, 0),
(82, 25, 'IMAGEM', 5, 1, NULL, 3, NULL, NULL, 0, 0),
(83, 26, 'PRODUTO', 1, 1, NULL, 1, NULL, NULL, 0, 0),
(84, 26, 'PRECO', 1, 1, NULL, 2, NULL, NULL, 0, 0),
(85, 26, 'IMAGEM', 5, 1, NULL, 3, NULL, NULL, 0, 0),
(86, 27, 'Produto', 1, 1, NULL, 1, NULL, NULL, 0, 0),
(87, 27, 'Preco', 1, 1, NULL, 2, NULL, NULL, 0, 0),
(88, 27, 'Imagem', 5, 1, NULL, 3, NULL, NULL, 0, 0),
(89, 28, 'Produto', 1, 1, NULL, 1, NULL, NULL, 0, 0),
(90, 28, 'Preco', 1, 1, NULL, 2, NULL, NULL, 0, 0),
(91, 28, 'Imagem', 5, 1, NULL, 3, NULL, NULL, 0, 0),
(92, 29, 'Produto', 1, 1, NULL, 1, NULL, NULL, 0, 0),
(93, 29, 'Preco', 1, 1, NULL, 2, NULL, NULL, 0, 0),
(94, 29, 'Imagem', 5, 1, NULL, 3, NULL, NULL, 0, 0),
(95, 30, 'Produto', 1, 1, NULL, 1, NULL, NULL, 0, 0),
(96, 30, 'Preco', 1, 1, NULL, 2, NULL, NULL, 0, 0),
(97, 30, 'Imagem', 5, 1, NULL, 3, NULL, NULL, 0, 0),
(98, 31, 'Produto', 1, 1, NULL, 1, NULL, NULL, 0, 0),
(99, 31, 'Preco', 1, 1, NULL, 2, NULL, NULL, 0, 0),
(100, 31, 'Imagem', 5, 1, NULL, 3, NULL, NULL, 0, 0),
(101, 32, 'PRODUTO', 1, 1, NULL, 1, NULL, NULL, 0, 0),
(102, 32, 'PRECO', 1, 1, NULL, 2, NULL, NULL, 0, 0),
(103, 32, 'IMAGEM', 5, 1, NULL, 3, NULL, NULL, 0, 0),
(104, 33, 'Produto', 1, 1, NULL, 1, NULL, NULL, 0, 0),
(105, 33, 'Preco', 1, 1, NULL, 2, NULL, NULL, 0, 0),
(106, 33, 'Imagem', 5, 1, NULL, 3, NULL, NULL, 0, 0),
(107, 34, 'Produto', 1, 1, NULL, 1, NULL, NULL, 0, 0),
(108, 34, 'Preco', 1, 1, NULL, 2, NULL, NULL, 0, 0),
(109, 34, 'Imagem', 5, 1, NULL, 3, NULL, NULL, 0, 0),
(110, 35, 'Produto', 1, 1, NULL, 1, NULL, NULL, 0, 0),
(111, 35, 'Preco', 1, 1, NULL, 2, NULL, NULL, 0, 0),
(112, 35, 'Imagem', 5, 1, NULL, 3, NULL, NULL, 0, 0),
(113, 36, 'Produto', 1, 1, NULL, 1, NULL, NULL, 0, 0),
(114, 36, 'Preco', 1, 1, NULL, 2, NULL, NULL, 0, 0),
(115, 36, 'Imagem', 5, 1, NULL, 3, NULL, NULL, 0, 0),
(116, 37, 'Produto', 1, 1, NULL, 1, NULL, NULL, 0, 0),
(117, 37, 'Preco', 1, 1, NULL, 2, NULL, NULL, 0, 0),
(118, 37, 'Imagem', 5, 1, NULL, 3, NULL, NULL, 0, 0),
(148, 47, 'IMAGEM', 5, 1, NULL, 3, NULL, NULL, 0, 0),
(149, 47, 'OFERTA', 5, 1, NULL, 4, NULL, NULL, 0, 0),
(150, 48, 'Produto', 1, 1, NULL, 1, NULL, NULL, 0, 0),
(151, 48, 'Preco', 1, 1, NULL, 2, NULL, NULL, 0, 0),
(152, 48, 'Imagem', 5, 1, NULL, 3, NULL, NULL, 0, 0),
(153, 49, 'PRODUTO', 1, 1, NULL, 1, NULL, NULL, 0, 0),
(154, 49, 'PRECO', 1, 1, NULL, 2, NULL, NULL, 0, 0),
(155, 49, 'IMAGEM', 5, 1, NULL, 3, NULL, NULL, 0, 0),
(156, 50, 'Produto', 1, 1, NULL, 1, NULL, NULL, 0, 0),
(157, 50, 'Preco', 1, 1, NULL, 2, NULL, NULL, 0, 0),
(158, 50, 'Imagem', 5, 1, NULL, 3, NULL, NULL, 0, 0),
(159, 51, 'Produto', 1, 1, NULL, 1, NULL, NULL, 0, 0),
(160, 51, 'Preco', 1, 1, NULL, 2, NULL, NULL, 0, 0),
(161, 51, 'Imagem', 5, 1, NULL, 3, NULL, NULL, 0, 0),
(162, 52, 'Produto', 1, 1, NULL, 1, NULL, NULL, 0, 0),
(163, 52, 'Preco', 1, 1, NULL, 2, NULL, NULL, 0, 0),
(164, 52, 'Imagem', 5, 1, NULL, 3, NULL, NULL, 0, 0),
(165, 53, 'Produto', 1, 1, NULL, 1, NULL, NULL, 0, 0),
(166, 53, 'Preco', 1, 1, NULL, 2, NULL, NULL, 0, 0),
(167, 53, 'Imagem', 5, 1, NULL, 3, NULL, NULL, 0, 0),
(168, 54, 'PRODUTO', 1, 1, NULL, 1, NULL, NULL, 0, 0),
(169, 54, 'PRECO', 1, 1, NULL, 2, NULL, NULL, 0, 0),
(170, 54, 'IMAGEM', 5, 1, NULL, 3, NULL, NULL, 0, 0),
(171, 55, 'Produto', 1, 1, NULL, 1, NULL, NULL, 0, 0),
(172, 55, 'Preco', 1, 1, NULL, 2, NULL, NULL, 0, 0),
(173, 55, 'Imagem', 5, 1, NULL, 3, NULL, NULL, 0, 0),
(174, 56, 'Produto', 1, 1, NULL, 1, NULL, NULL, 0, 0),
(175, 56, 'Preco', 1, 1, NULL, 2, NULL, NULL, 0, 0),
(176, 56, 'Imagem', 5, 1, NULL, 3, NULL, NULL, 0, 0),
(177, 57, 'Produto', 1, 1, NULL, 1, NULL, NULL, 0, 0),
(178, 57, 'Preco', 1, 1, NULL, 2, NULL, NULL, 0, 0),
(179, 57, 'Imagem', 5, 1, NULL, 3, NULL, NULL, 0, 0),
(180, 58, 'Produto', 1, 1, NULL, 1, NULL, NULL, 0, 0),
(181, 58, 'Preco', 1, 1, NULL, 2, NULL, NULL, 0, 0),
(182, 58, 'Imagem', 5, 1, NULL, 3, NULL, NULL, 0, 0),
(183, 59, 'Produto', 1, 1, NULL, 1, NULL, NULL, 0, 0),
(184, 59, 'Preco', 1, 1, NULL, 2, NULL, NULL, 0, 0),
(185, 59, 'Imagem', 5, 1, NULL, 3, NULL, NULL, 0, 0);

-- --------------------------------------------------------

--
-- Estrutura para tabela `datasetcolumntype`
--

CREATE TABLE `datasetcolumntype` (
  `dataSetColumnTypeId` int(11) NOT NULL,
  `dataSetColumnType` varchar(100) NOT NULL
) ENGINE=InnoDB DEFAULT CHARSET=utf8;

--
-- Despejando dados para a tabela `datasetcolumntype`
--

INSERT INTO `datasetcolumntype` (`dataSetColumnTypeId`, `dataSetColumnType`) VALUES
(1, 'Value'),
(2, 'Formula'),
(3, 'Remote');

-- --------------------------------------------------------

--
-- Estrutura para tabela `datasetrss`
--

CREATE TABLE `datasetrss` (
  `id` int(11) NOT NULL,
  `dataSetId` int(11) NOT NULL,
  `psk` varchar(254) NOT NULL,
  `title` varchar(254) NOT NULL,
  `author` varchar(254) NOT NULL,
  `titleColumnId` int(11) DEFAULT NULL,
  `summaryColumnId` int(11) DEFAULT NULL,
  `contentColumnId` int(11) DEFAULT NULL,
  `publishedDateColumnId` int(11) DEFAULT NULL,
  `sort` text,
  `filter` text
) ENGINE=InnoDB DEFAULT CHARSET=utf8;

--
-- Despejando dados para a tabela `datasetrss`
--

INSERT INTO `datasetrss` (`id`, `dataSetId`, `psk`, `title`, `author`, `titleColumnId`, `summaryColumnId`, `contentColumnId`, `publishedDateColumnId`, `sort`, `filter`) VALUES
(1, 6, '11aaadfd12451527221f27b1', 'BOVINO', 'SERRA AZUL', 20, 19, NULL, NULL, '{\"sort\":null,\"useOrderingClause\":0,\"orderClauses\":[{\"orderClause\":\"Produto\",\"orderClauseDirection\":\"ASC\"}]}', '{\"filter\":null,\"useFilteringClause\":0,\"filterClauses\":[]}');

-- --------------------------------------------------------

--
-- Estrutura para tabela `dataset_4`
--

CREATE TABLE `dataset_4` (
  `id` int(11) NOT NULL,
  `Dia` text,
  `Mes` text,
  `Produto` text,
  `Descricao` text,
  `Preco` text,
  `Imagem` int(11) DEFAULT NULL
) ENGINE=InnoDB DEFAULT CHARSET=utf8;

--
-- Despejando dados para a tabela `dataset_4`
--

INSERT INTO `dataset_4` (`id`, `Dia`, `Mes`, `Produto`, `Descricao`, `Preco`, `Imagem`) VALUES
(1, '01', '09', 'Empada', 'Frango com azeitona', '3,40', 105),
(2, '30', '09', 'Coxinha da asa', 'Presunto e muçarela', '9.80', 117),
(3, '30', '09', 'Panceta', 'Suina', '9.50', 114),
(4, '', '', 'Coxinha', 'Frango - Catupiry', '5,50', 103);

-- --------------------------------------------------------

--
-- Estrutura para tabela `dataset_6`
--

CREATE TABLE `dataset_6` (
  `id` int(11) NOT NULL,
  `Preco` text,
  `Produto` text,
  `Imagem` int(11) DEFAULT NULL
) ENGINE=InnoDB DEFAULT CHARSET=utf8;

--
-- Despejando dados para a tabela `dataset_6`
--

INSERT INTO `dataset_6` (`id`, `Preco`, `Produto`, `Imagem`) VALUES
(19, '52,90', 'Contra-filé corte KG', 0),
(21, '47,90', 'Alcatra Bovina KG', 0),
(23, '35,90', 'Acém Bovino KG', 0),
(24, '44,90', 'Contra-filé Peça Embalada KG', 0),
(25, '44,90', 'Patinho Bovino KG', 0),
(26, '41,90', 'Lagarto Plano KG', 0),
(27, '41,90', 'Lagarto Redondo KG', 0),
(29, '37,90', 'Músculo Bovino 1ª KG', 0),
(30, '42,90', 'Chã Bovino KG', 0),
(31, '29,90', 'Aranha da Alcatra kg', 0),
(32, '12,99', 'Lingua Bovina kg', NULL),
(33, '34,90', 'Cupim Bovino kg', NULL),
(34, '35,99', 'Paleta Bovina kg', NULL),
(35, '37,90', 'Miolo da Paleta kg', NULL);

-- --------------------------------------------------------

--
-- Estrutura para tabela `dataset_7`
--

CREATE TABLE `dataset_7` (
  `id` int(11) NOT NULL,
  `PRODUTO` text,
  `PRECO` text,
  `IMAGEM` int(11) DEFAULT NULL
) ENGINE=InnoDB DEFAULT CHARSET=utf8;

-- --------------------------------------------------------

--
-- Estrutura para tabela `dataset_8`
--

CREATE TABLE `dataset_8` (
  `id` int(11) NOT NULL,
  `Item` text,
  `Preco` text
) ENGINE=InnoDB DEFAULT CHARSET=utf8;

--
-- Despejando dados para a tabela `dataset_8`
--

INSERT INTO `dataset_8` (`id`, `Item`, `Preco`) VALUES
(1, 'Produto 01', '18,90'),
(2, 'Produto 02', '10,00'),
(3, 'Produto03', '14,50');

-- --------------------------------------------------------

--
-- Estrutura para tabela `dataset_9`
--

CREATE TABLE `dataset_9` (
  `id` int(11) NOT NULL,
  `PRODUTO` text,
  `PRECO` text,
  `IMAGEM` int(11) DEFAULT NULL,
  `OFERTA` int(11) DEFAULT NULL
) ENGINE=InnoDB DEFAULT CHARSET=utf8;

-- --------------------------------------------------------

--
-- Estrutura para tabela `dataset_14`
--

CREATE TABLE `dataset_14` (
  `id` int(11) NOT NULL,
  `Produto` text,
  `Preco` text
) ENGINE=InnoDB DEFAULT CHARSET=utf8;

--
-- Despejando dados para a tabela `dataset_14`
--

INSERT INTO `dataset_14` (`id`, `Produto`, `Preco`) VALUES
(1, 'CORAÇÃO KG', '27,38'),
(2, 'COXA E SOBRECOXA KG', '14,75'),
(3, 'COXINHA DA ASA KG', '14,39'),
(4, 'FILÉ DE PEITO SEM OSSO KG', '13,79'),
(5, 'MEIO DA ASA KG', '29,90'),
(6, 'SOBRECOXA KG', '14,98');

-- --------------------------------------------------------

--
-- Estrutura para tabela `dataset_15`
--

CREATE TABLE `dataset_15` (
  `id` int(11) NOT NULL,
  `Preco` text,
  `Produto` text,
  `Imagem` int(11) DEFAULT NULL
) ENGINE=InnoDB DEFAULT CHARSET=utf8;

--
-- Despejando dados para a tabela `dataset_15`
--

INSERT INTO `dataset_15` (`id`, `Preco`, `Produto`, `Imagem`) VALUES
(1, '28,90', 'Bacon', 0),
(3, '22,90', 'Linguiça Calabresa', 0),
(4, '24,90', 'Toucinho de Barriga suino', 0),
(5, '6,99', 'Pé Suino fresco', 0),
(6, '19,90', 'Linguiça de Churrasco kg', 0),
(7, '22,90', 'Pernil Suíno s/ Osso', 0),
(8, '15,90', 'Carré suino', 0),
(9, '18,90', 'Toucinho suino comun', 0),
(10, '34,90', 'Linguiça Pura kg', 0),
(11, '26,90', 'Costelinha Suína kg', 0),
(12, '24,90', 'Lombo Suíno kg ', 0);

-- --------------------------------------------------------

--
-- Estrutura para tabela `dataset_16`
--

CREATE TABLE `dataset_16` (
  `id` int(11) NOT NULL,
  `Produto` text,
  `Preco` text,
  `Imagem` int(11) DEFAULT NULL
) ENGINE=InnoDB DEFAULT CHARSET=utf8;

--
-- Despejando dados para a tabela `dataset_16`
--

INSERT INTO `dataset_16` (`id`, `Produto`, `Preco`, `Imagem`) VALUES
(2, 'Peito de frango', '16,90', 0),
(3, 'Asa de frango', '16,90', 0),
(4, 'Filé de peito de frango', '23,90', 0),
(5, 'Frango fresco', '12,90', 0),
(6, 'Coxinha da Asa ', '15,50', 0),
(8, 'Coxa c/ Sobrecoxa', '12,99', 0);

-- --------------------------------------------------------

--
-- Estrutura para tabela `dataset_17`
--

CREATE TABLE `dataset_17` (
  `id` int(11) NOT NULL,
  `Produto` text,
  `Preco` text,
  `Imagem` int(11) DEFAULT NULL
) ENGINE=InnoDB DEFAULT CHARSET=utf8;

--
-- Despejando dados para a tabela `dataset_17`
--

INSERT INTO `dataset_17` (`id`, `Produto`, `Preco`, `Imagem`) VALUES
(3, 'Ração Cão Adulto Unicão kg', '10,90', 0),
(4, 'Ração Cachorro Filhote kg', '15,90', 0),
(5, 'Ração de Gato Unicat kg', '14,90', 0),
(6, 'Ração Pedigree kg', '17,90', NULL),
(7, 'Ração Whiskas kg', '23,90', NULL);

-- --------------------------------------------------------

--
-- Estrutura para tabela `dataset_18`
--

CREATE TABLE `dataset_18` (
  `id` int(11) NOT NULL,
  `Produto` text,
  `Preco` text,
  `Imagem` int(11) DEFAULT NULL
) ENGINE=InnoDB DEFAULT CHARSET=utf8;

--
-- Despejando dados para a tabela `dataset_18`
--

INSERT INTO `dataset_18` (`id`, `Produto`, `Preco`, `Imagem`) VALUES
(3, 'Queijo Prato kg', '65,90', 0),
(7, 'Queijo Mussarela pedaço kg', '44,90', 0),
(9, 'Queijo Parmesão kg', '79,90', 0),
(10, 'Queijo Mussarela kg', '61,90', 0),
(11, 'Presunto kg', '34,90', 0),
(13, 'Salsichão kg', '14,80', 0),
(14, 'Salsicha kg', '11,90', 0),
(17, 'Presunto Pedaço kg ', '31,90', 0),
(18, 'Mortadela kg', '25,90', NULL);

-- --------------------------------------------------------

--
-- Estrutura para tabela `dataset_19`
--

CREATE TABLE `dataset_19` (
  `id` int(11) NOT NULL,
  `Produto` text,
  `Preco` text,
  `Tipo` text,
  `Imagem` int(11) DEFAULT NULL
) ENGINE=InnoDB DEFAULT CHARSET=utf8;

-- --------------------------------------------------------

--
-- Estrutura para tabela `dataset_20`
--

CREATE TABLE `dataset_20` (
  `id` int(11) NOT NULL,
  `Produto` text,
  `Preco` text,
  `Tipo` text,
  `Imagem` int(11) DEFAULT NULL
) ENGINE=InnoDB DEFAULT CHARSET=utf8;

-- --------------------------------------------------------

--
-- Estrutura para tabela `dataset_21`
--

CREATE TABLE `dataset_21` (
  `id` int(11) NOT NULL,
  `Produto` text,
  `Preco` text,
  `Tipo` text,
  `Imagem` int(11) DEFAULT NULL
) ENGINE=InnoDB DEFAULT CHARSET=utf8;

-- --------------------------------------------------------

--
-- Estrutura para tabela `dataset_22`
--

CREATE TABLE `dataset_22` (
  `id` int(11) NOT NULL,
  `Produto` text,
  `Preco` text,
  `Tipo` text,
  `Imagem` int(11) DEFAULT NULL
) ENGINE=InnoDB DEFAULT CHARSET=utf8;

--
-- Despejando dados para a tabela `dataset_22`
--

INSERT INTO `dataset_22` (`id`, `Produto`, `Preco`, `Tipo`, `Imagem`) VALUES
(1, 'Pão de Sal kg', '16,90', 'kg', 0),
(2, 'Pão Doce e Integral kg ', '24,90', 'kg', 0),
(3, 'Salgado Assado ', '4,95', ' unid', NULL),
(4, 'Pão de Queijo ', '3,50', ' unid', NULL),
(5, 'Pão com Manteiga ', '2,95', ' unid', 0),
(6, 'Pão com Mortadela', '5,95', ' unid', NULL),
(7, 'Pão com Presunto ', '5,95', ' unid', NULL),
(8, 'Pão com Queijo Minas ', '6,95', ' unid', NULL),
(9, 'Pão com Queijo Prato ou Mussarela ', '6,50', ' unid', NULL),
(10, 'Pão com Ovo', '4,95', ' unid', NULL),
(11, 'Misto Quente ', '6,50', ' unid', NULL),
(12, 'Sonho ', '2,95', ' unid', NULL),
(13, 'Torrada ', '19,90', 'kg', 0),
(14, 'Café ', '2,50', ' unid', 0),
(15, 'Café com Leite ', '3,00', ' unid', NULL),
(16, 'Chocolate Quente ', '4,95', ' unid', NULL),
(17, 'Queijo Minas Manoel Borges ', '52,90', 'kg', 0),
(18, 'Queijo Minas Marques Valença', '64,90', 'kg', 0),
(19, 'Queijo Mussarela Granel ', '61,90', 'kg', 0),
(20, 'Queijo Mussarela Pedaço ', '44,90', 'kg', 0),
(21, 'Queijo Prato ', '65,90', 'kg', 0),
(22, 'Presunto Pedaço', '29,90', 'kg', 0),
(23, 'Presunto Granel ', '34,90', 'kg', 0),
(24, 'Mortadela ', '25,90', 'kg', 0);

-- --------------------------------------------------------

--
-- Estrutura para tabela `dataset_23`
--

CREATE TABLE `dataset_23` (
  `id` int(11) NOT NULL,
  `Produto` text,
  `Preco` text,
  `Tipo` text,
  `Imagem` int(11) DEFAULT NULL
) ENGINE=InnoDB DEFAULT CHARSET=utf8;

-- --------------------------------------------------------

--
-- Estrutura para tabela `dataset_24`
--

CREATE TABLE `dataset_24` (
  `id` int(11) NOT NULL,
  `PRODUTO` text,
  `PRECO` text,
  `IMAGEM` int(11) DEFAULT NULL
) ENGINE=InnoDB DEFAULT CHARSET=utf8;

--
-- Despejando dados para a tabela `dataset_24`
--

INSERT INTO `dataset_24` (`id`, `PRODUTO`, `PRECO`, `IMAGEM`) VALUES
(1, 'Toucinho Comum kg', '16,90', 0);

-- --------------------------------------------------------

--
-- Estrutura para tabela `dataset_25`
--

CREATE TABLE `dataset_25` (
  `id` int(11) NOT NULL,
  `PRODUTO` text,
  `PRECO` text,
  `IMAGEM` int(11) DEFAULT NULL
) ENGINE=InnoDB DEFAULT CHARSET=utf8;

-- --------------------------------------------------------

--
-- Estrutura para tabela `dataset_26`
--

CREATE TABLE `dataset_26` (
  `id` int(11) NOT NULL,
  `PRODUTO` text,
  `PRECO` text,
  `IMAGEM` int(11) DEFAULT NULL
) ENGINE=InnoDB DEFAULT CHARSET=utf8;

-- --------------------------------------------------------

--
-- Estrutura para tabela `dataset_27`
--

CREATE TABLE `dataset_27` (
  `id` int(11) NOT NULL,
  `Produto` text,
  `Preco` text,
  `Imagem` int(11) DEFAULT NULL
) ENGINE=InnoDB DEFAULT CHARSET=utf8;

--
-- Despejando dados para a tabela `dataset_27`
--

INSERT INTO `dataset_27` (`id`, `Produto`, `Preco`, `Imagem`) VALUES
(1, 'Chã kg ', '42,90', 0),
(2, 'Contra Filé kg ', '49,90', 0),
(3, 'Contra Filé Peça Embalada kg ', '43,90', 0),
(4, 'Fígado Bovino kg ', '11,90', 0),
(5, 'Lagarto Plano kg', '41,90', 0),
(6, 'Lagarto Redondo kg ', '41,90', 0),
(7, 'Músculo kg', '37,90', 0),
(8, 'Patinho kg', '44,90', 0),
(9, 'Picanha kg ', '59,90', 0),
(10, 'Aranha da Alcatra kg', '26,90', NULL),
(11, 'Acém kg ', '35,90', 0),
(12, 'Língua Bovina kg', '12,99', NULL),
(13, 'Cupim Bovino kg', '34,90', NULL),
(14, 'Paleta Bovina kg ', '35,99', NULL),
(15, 'Miolo da Paleta kg ', '37,90', NULL);

-- --------------------------------------------------------

--
-- Estrutura para tabela `dataset_28`
--

CREATE TABLE `dataset_28` (
  `id` int(11) NOT NULL,
  `Produto` text,
  `Preco` text,
  `Imagem` int(11) DEFAULT NULL
) ENGINE=InnoDB DEFAULT CHARSET=utf8;

--
-- Despejando dados para a tabela `dataset_28`
--

INSERT INTO `dataset_28` (`id`, `Produto`, `Preco`, `Imagem`) VALUES
(1, 'Carré Suino kg ', '15,90', 0),
(2, 'Costelinha Suína kg ', '23,99', 0),
(3, 'Bacon kg', '28,90', NULL),
(4, 'Lombo kg', '22,90', 0),
(5, 'Linguiça de Churrasco kg', '19,90', 0),
(8, 'Pernil kg', '22,90', 0),
(9, 'Pé Suíno kg', '7,99', 0),
(10, 'Toucinho Comum kg', '16,90', 0),
(11, 'Toucinho de Barriga kg ', '23,90', 0),
(12, 'Salsicha kg ', '11,90', 0),
(13, 'Salsichão kg', '15,90', 0);

-- --------------------------------------------------------

--
-- Estrutura para tabela `dataset_29`
--

CREATE TABLE `dataset_29` (
  `id` int(11) NOT NULL,
  `Produto` text,
  `Preco` text,
  `Imagem` int(11) DEFAULT NULL
) ENGINE=InnoDB DEFAULT CHARSET=utf8;

--
-- Despejando dados para a tabela `dataset_29`
--

INSERT INTO `dataset_29` (`id`, `Produto`, `Preco`, `Imagem`) VALUES
(1, 'Asa de Frango kg ', '16,90', 0),
(2, 'Coxa c/ Sobrecoxa kg', '12,99', 0),
(3, 'Coxinha de Asa kg', '15,50', 0),
(4, 'Dorso de Frango kg', '4,99', 0),
(5, 'Filé de Peito kg ', '23,90', 0),
(6, 'Frango Fresco kg', '12,90', NULL),
(7, 'Peito de Frango kg ', '16,90', 0),
(8, 'Sobrecoxa kg', '11,90', 0);

-- --------------------------------------------------------

--
-- Estrutura para tabela `dataset_30`
--

CREATE TABLE `dataset_30` (
  `id` int(11) NOT NULL,
  `Produto` text,
  `Preco` text,
  `Imagem` int(11) DEFAULT NULL
) ENGINE=InnoDB DEFAULT CHARSET=utf8;

--
-- Despejando dados para a tabela `dataset_30`
--

INSERT INTO `dataset_30` (`id`, `Produto`, `Preco`, `Imagem`) VALUES
(1, 'Ração Cachorro Filhote kg', '13,90', NULL),
(2, 'Ração Cachorro Adulto kg', '8,49', 0),
(3, 'Ração de Gato Unicat kg', '13,90', NULL);

-- --------------------------------------------------------

--
-- Estrutura para tabela `dataset_31`
--

CREATE TABLE `dataset_31` (
  `id` int(11) NOT NULL,
  `Produto` text,
  `Preco` text,
  `Imagem` int(11) DEFAULT NULL
) ENGINE=InnoDB DEFAULT CHARSET=utf8;

--
-- Despejando dados para a tabela `dataset_31`
--

INSERT INTO `dataset_31` (`id`, `Produto`, `Preco`, `Imagem`) VALUES
(1, 'Pão de Sal kg ', '14,90', 0),
(3, 'Presunto kg ', '35,90', 0),
(4, 'Presunto Pedaço kg ', '33,90', 0),
(5, 'Mortadela kg', '25,90', 0),
(6, 'Queijo Mussarela kg ', '61,90', 0),
(7, 'Queijo Mussarela Pedaço kg ', '49,90', 0),
(8, 'Queijo Prato kg ', '65,90', 0),
(9, 'Queijo Parmesão kg', '79,90', 0);

-- --------------------------------------------------------

--
-- Estrutura para tabela `dataset_32`
--

CREATE TABLE `dataset_32` (
  `id` int(11) NOT NULL,
  `PRODUTO` text,
  `PRECO` text,
  `IMAGEM` int(11) DEFAULT NULL
) ENGINE=InnoDB DEFAULT CHARSET=utf8;

-- --------------------------------------------------------

--
-- Estrutura para tabela `dataset_33`
--

CREATE TABLE `dataset_33` (
  `id` int(11) NOT NULL,
  `Produto` text,
  `Preco` text,
  `Imagem` int(11) DEFAULT NULL
) ENGINE=InnoDB DEFAULT CHARSET=utf8;

--
-- Despejando dados para a tabela `dataset_33`
--

INSERT INTO `dataset_33` (`id`, `Produto`, `Preco`, `Imagem`) VALUES
(1, 'Acém kg ', '35,90', 0),
(2, 'Chã kg ', '42,90', 0),
(3, 'Contra Filé kg', '49,90', 0),
(4, 'Contra Filé Peça Embalada kg', '44,90', 0),
(5, 'Lagarto Plano kg', '41,90', 0),
(6, 'Lagarto Redondo kg', '41,90', 0),
(7, 'Fígado Bovino kg', '11,90', 0),
(8, 'Músculo kg', '37,90', 0),
(9, 'Patinho kg ', '44,90', 0),
(10, 'Cupim Bovino kg', '34,90', NULL),
(11, 'Língua Bovina kg ', '12,99', NULL),
(12, 'Miolo da Paleta kg', '37,90', NULL),
(13, 'Paleta Bovina kg', '35,99', NULL);

-- --------------------------------------------------------

--
-- Estrutura para tabela `dataset_34`
--

CREATE TABLE `dataset_34` (
  `id` int(11) NOT NULL,
  `Produto` text,
  `Preco` text,
  `Imagem` int(11) DEFAULT NULL
) ENGINE=InnoDB DEFAULT CHARSET=utf8;

--
-- Despejando dados para a tabela `dataset_34`
--

INSERT INTO `dataset_34` (`id`, `Produto`, `Preco`, `Imagem`) VALUES
(1, 'Carré Suíno kg', '17,90', 0),
(2, 'Costelinha Suína kg', '24,90', 0),
(3, 'Lombo kg', '22,90', 0),
(4, 'Pé Suíno kg', '6,99', 0),
(5, 'Pernil kg', '16,90', 0),
(6, 'Toucinho de Barriga kg ', '23,90', 0),
(7, 'Toucinho Comum kg', '16,90', 0),
(8, 'Bacon kg', '28,90', NULL),
(9, 'Linguiça Calabresa kg', '22,90', NULL),
(10, 'Linguiça de Churrasco kg', '19,90', 0),
(11, 'Linguiça Pura kg ', '32,90', 0);

-- --------------------------------------------------------

--
-- Estrutura para tabela `dataset_35`
--

CREATE TABLE `dataset_35` (
  `id` int(11) NOT NULL,
  `Produto` text,
  `Preco` text,
  `Imagem` int(11) DEFAULT NULL
) ENGINE=InnoDB DEFAULT CHARSET=utf8;

--
-- Despejando dados para a tabela `dataset_35`
--

INSERT INTO `dataset_35` (`id`, `Produto`, `Preco`, `Imagem`) VALUES
(1, 'Asa de Frango kg', '16,90', 0),
(2, 'Coxa c/ Sobrecoxa kg', '12,99', 0),
(3, 'Coxinha da Asa kg ', '16,90', 0),
(4, 'Dorso de Frango kg ', '2,99', 0),
(6, 'Filé de Peito kg ', '23,90', 0),
(7, 'Frango Fresco kg ', '12,90', NULL),
(8, 'Peito de Frango kg', '16,90', 0);

-- --------------------------------------------------------

--
-- Estrutura para tabela `dataset_36`
--

CREATE TABLE `dataset_36` (
  `id` int(11) NOT NULL,
  `Produto` text,
  `Preco` text,
  `Imagem` int(11) DEFAULT NULL
) ENGINE=InnoDB DEFAULT CHARSET=utf8;

--
-- Despejando dados para a tabela `dataset_36`
--

INSERT INTO `dataset_36` (`id`, `Produto`, `Preco`, `Imagem`) VALUES
(1, 'Ração Adulto Unicão kg', '9,79', 0),
(2, 'Ração de Gato Unicat kg', '14,90', NULL),
(3, 'Ração Filhote Unicão kg', '14,90', NULL);

-- --------------------------------------------------------

--
-- Estrutura para tabela `dataset_37`
--

CREATE TABLE `dataset_37` (
  `id` int(11) NOT NULL,
  `Produto` text,
  `Preco` text,
  `Imagem` int(11) DEFAULT NULL
) ENGINE=InnoDB DEFAULT CHARSET=utf8;

--
-- Despejando dados para a tabela `dataset_37`
--

INSERT INTO `dataset_37` (`id`, `Produto`, `Preco`, `Imagem`) VALUES
(1, 'Presunto kg', '35,90', 0),
(2, 'Presunto Pedaço kg ', '29,90', 0),
(3, 'Queijo Prato kg ', '65,90', 0),
(4, 'Queijo Parmesão kg', '49,90', 0),
(5, 'Queijo Mussarela kg ', '61,90', 0),
(6, 'Queijo Mussarela Pedaço kg', '44,90', 0),
(7, 'Mortadela kg ', '25,90', 0),
(8, 'Salsicha kg ', '11,90', 0),
(9, 'Salsichão kg', '15,90', 0);

-- --------------------------------------------------------

--
-- Estrutura para tabela `dataset_47`
--

CREATE TABLE `dataset_47` (
  `id` int(11) NOT NULL,
  `IMAGEM` int(11) DEFAULT NULL,
  `OFERTA` int(11) DEFAULT NULL
) ENGINE=InnoDB DEFAULT CHARSET=utf8;

--
-- Despejando dados para a tabela `dataset_47`
--

INSERT INTO `dataset_47` (`id`, `IMAGEM`, `OFERTA`) VALUES
(112, 797, 797),
(113, 799, 799),
(114, 801, 801),
(115, 801, 801),
(116, 803, 803),
(117, 806, 806),
(118, 808, 808),
(119, 810, 810),
(120, 812, 812),
(121, 814, 814),
(122, 816, 816),
(125, 823, 823),
(126, 825, 825),
(127, 828, 828),
(128, 830, 830),
(129, 830, 830),
(130, 833, 833),
(131, 835, 835),
(132, 837, 837),
(133, 840, 840),
(134, 843, 843),
(135, 845, 845),
(136, 847, 847),
(137, 850, 850),
(138, 843, 852),
(139, 854, 854),
(140, 857, 857),
(141, 859, 859),
(142, 861, 861),
(143, 863, 863),
(144, 865, 865),
(145, 868, 868),
(146, 870, 870),
(147, 873, 873),
(148, 875, 875),
(149, 880, 880),
(150, 882, 882),
(151, 885, 885),
(152, 887, 887),
(153, 890, 890),
(154, 893, 893),
(155, 898, 898),
(156, 900, 900),
(157, 902, 902),
(158, 905, 905),
(159, 910, 910),
(160, 914, 914),
(161, 920, 920),
(162, 920, 920),
(163, 922, NULL),
(164, 922, 922),
(165, 924, 924),
(166, 927, 927),
(167, 931, 924),
(168, 931, 931),
(169, 936, 936),
(170, 938, 938),
(171, 940, 940),
(172, 944, 944),
(173, 944, 944),
(174, NULL, NULL),
(175, 947, 947);

-- --------------------------------------------------------

--
-- Estrutura para tabela `dataset_48`
--

CREATE TABLE `dataset_48` (
  `id` int(11) NOT NULL,
  `Produto` text,
  `Preco` text,
  `Imagem` int(11) DEFAULT NULL
) ENGINE=InnoDB DEFAULT CHARSET=utf8;

--
-- Despejando dados para a tabela `dataset_48`
--

INSERT INTO `dataset_48` (`id`, `Produto`, `Preco`, `Imagem`) VALUES
(1, 'Acém kg', '28,90', 0),
(7, 'Alcatra kg ', '39,90', NULL),
(8, 'Chã kg', '36,90', 0),
(9, 'Costela Bovina kg', '27,90', 0),
(10, 'Contra Filé kg ', '46,90', NULL),
(11, 'Contra Filé Peça Embalada kg', '39,90', NULL),
(12, 'Fígado Bovino kg  ', '9,89', 0),
(13, 'Lagarto Plano kg', '34,90', NULL),
(14, 'Lagarto Redondo kg', '36,90', NULL),
(15, 'Músculo kg ', '27,90', 0),
(16, 'Patinho kg', '38,90', NULL),
(17, 'Paleta kg ', '32,90', NULL);

-- --------------------------------------------------------

--
-- Estrutura para tabela `dataset_49`
--

CREATE TABLE `dataset_49` (
  `id` int(11) NOT NULL,
  `PRODUTO` text,
  `PRECO` text,
  `IMAGEM` int(11) DEFAULT NULL
) ENGINE=InnoDB DEFAULT CHARSET=utf8;

-- --------------------------------------------------------

--
-- Estrutura para tabela `dataset_50`
--

CREATE TABLE `dataset_50` (
  `id` int(11) NOT NULL,
  `Produto` text,
  `Preco` text,
  `Imagem` int(11) DEFAULT NULL
) ENGINE=InnoDB DEFAULT CHARSET=utf8;

--
-- Despejando dados para a tabela `dataset_50`
--

INSERT INTO `dataset_50` (`id`, `Produto`, `Preco`, `Imagem`) VALUES
(2, 'Costelinha Suína kg', '100,00', 0),
(3, 'Carré kg', '15,90', NULL),
(4, 'Lombo kg', '21,90', NULL),
(5, 'Pernil kg', '19,90', NULL),
(6, 'Toucinho Comum ', '13,90', NULL),
(7, 'Toucinho de Barriga kg', '23,90', NULL);

-- --------------------------------------------------------

--
-- Estrutura para tabela `dataset_51`
--

CREATE TABLE `dataset_51` (
  `id` int(11) NOT NULL,
  `Produto` text,
  `Preco` text,
  `Imagem` int(11) DEFAULT NULL
) ENGINE=InnoDB DEFAULT CHARSET=utf8;

--
-- Despejando dados para a tabela `dataset_51`
--

INSERT INTO `dataset_51` (`id`, `Produto`, `Preco`, `Imagem`) VALUES
(1, 'Coxa com Sobrecoxa c/ Dorso kg', '11,90', 0),
(2, 'Coxa com Sobrecoxa s/ Dorso kg', '11,90', NULL),
(3, 'Coxinha da Asa kg ', '11,99', NULL),
(4, 'Filé de Peito kg ', '20,00', 0),
(5, 'Frango Fresco kg', '12,90', NULL),
(6, 'Peito de Frango kg', '14,90', 0),
(7, 'Asa kg', '13,89', 0);

-- --------------------------------------------------------

--
-- Estrutura para tabela `dataset_52`
--

CREATE TABLE `dataset_52` (
  `id` int(11) NOT NULL,
  `Produto` text,
  `Preco` text,
  `Imagem` int(11) DEFAULT NULL
) ENGINE=InnoDB DEFAULT CHARSET=utf8;

--
-- Despejando dados para a tabela `dataset_52`
--

INSERT INTO `dataset_52` (`id`, `Produto`, `Preco`, `Imagem`) VALUES
(1, 'Ração Unicão Adulto kg ', '7,95', NULL),
(2, 'Ração Gato Unicat kg', '14,90', NULL),
(3, 'Ração Cachorro Filhote kg ', '14,90', NULL);

-- --------------------------------------------------------

--
-- Estrutura para tabela `dataset_53`
--

CREATE TABLE `dataset_53` (
  `id` int(11) NOT NULL,
  `Produto` text,
  `Preco` text,
  `Imagem` int(11) DEFAULT NULL
) ENGINE=InnoDB DEFAULT CHARSET=utf8;

--
-- Despejando dados para a tabela `dataset_53`
--

INSERT INTO `dataset_53` (`id`, `Produto`, `Preco`, `Imagem`) VALUES
(1, 'Mortadela kg ', '25,90', 0),
(2, 'Presunto kg ', '34,90', NULL),
(3, 'Presunto Pedaço kg', '29,90', 0),
(4, 'Queijo Mussarela kg', '49,90', 0),
(5, 'Queijo Mussarela Pedaço kg', '38,90', NULL),
(6, 'Queijo Prato kg', '57,90', 0),
(7, 'Queijo Parmesão kg', '79,90', NULL),
(8, 'Pão de Sal kg', '16,90', NULL);

-- --------------------------------------------------------

--
-- Estrutura para tabela `dataset_54`
--

CREATE TABLE `dataset_54` (
  `id` int(11) NOT NULL,
  `PRODUTO` text,
  `PRECO` text,
  `IMAGEM` int(11) DEFAULT NULL
) ENGINE=InnoDB DEFAULT CHARSET=utf8;

-- --------------------------------------------------------

--
-- Estrutura para tabela `dataset_55`
--

CREATE TABLE `dataset_55` (
  `id` int(11) NOT NULL,
  `Produto` text,
  `Preco` text,
  `Imagem` int(11) DEFAULT NULL
) ENGINE=InnoDB DEFAULT CHARSET=utf8;

--
-- Despejando dados para a tabela `dataset_55`
--

INSERT INTO `dataset_55` (`id`, `Produto`, `Preco`, `Imagem`) VALUES
(1, 'Contra-filé corte KG', '49,90', 0),
(2, 'Alcatra Bovina KG', '47,90', 0),
(3, 'Acém Bovino KG', '35,90', 0),
(4, 'Contra-filé Peça Embalada KG', '43,90', 0),
(5, 'Patinho Bovino KG', '44,90', 0),
(6, 'Lagarto Plano KG', '41,90', 0),
(7, 'Lagarto Redondo KG', '41,90', 0),
(8, 'Músculo Bovino 1ª KG', '37,90', 0),
(9, 'Chã Bovino KG', '42,90', 0),
(10, 'Picanha kg', '59,90', 0),
(11, 'Aranha da Alcatra kg', '29,98', 0),
(12, 'Figado kg', '11,90', NULL);

-- --------------------------------------------------------

--
-- Estrutura para tabela `dataset_56`
--

CREATE TABLE `dataset_56` (
  `id` int(11) NOT NULL,
  `Produto` text,
  `Preco` text,
  `Imagem` int(11) DEFAULT NULL
) ENGINE=InnoDB DEFAULT CHARSET=utf8;

--
-- Despejando dados para a tabela `dataset_56`
--

INSERT INTO `dataset_56` (`id`, `Produto`, `Preco`, `Imagem`) VALUES
(1, 'Bacon', '28,90', 0),
(2, 'Linguiça Calabresa', '19,90', 0),
(3, 'Toucinho de Barriga suino', '23,90', 0),
(5, 'Linguiça de Churrasco kg', '21,90', 0),
(6, 'Pernil Suíno s/ Osso', '22,90', 0),
(7, 'Carré suino', '15,90', 0),
(8, 'Toucinho suino comun', '16,90', 0),
(9, 'Linguiça Pura kg', '32,90', 0),
(10, 'Costelinha Suína kg', '28,90', 0),
(11, 'Lombo Suíno kg ', '24,90', 0);

-- --------------------------------------------------------

--
-- Estrutura para tabela `dataset_57`
--

CREATE TABLE `dataset_57` (
  `id` int(11) NOT NULL,
  `Produto` text,
  `Preco` text,
  `Imagem` int(11) DEFAULT NULL
) ENGINE=InnoDB DEFAULT CHARSET=utf8;

--
-- Despejando dados para a tabela `dataset_57`
--

INSERT INTO `dataset_57` (`id`, `Produto`, `Preco`, `Imagem`) VALUES
(1, 'Peito de frango', '16,90', 0),
(2, 'Asa de frango', '16,90', 0),
(3, 'Filé de peito de frango', '23,90', 0),
(4, 'Frango fresco', '12,90', 0),
(5, 'Coxinha da Asa ', '15,50', 0),
(6, 'Coxa c/ Sobrecoxa', '12,99', 0),
(7, 'Sobrecoxa kg', '12,90', NULL);

-- --------------------------------------------------------

--
-- Estrutura para tabela `dataset_58`
--

CREATE TABLE `dataset_58` (
  `id` int(11) NOT NULL,
  `Produto` text,
  `Preco` text,
  `Imagem` int(11) DEFAULT NULL
) ENGINE=InnoDB DEFAULT CHARSET=utf8;

--
-- Despejando dados para a tabela `dataset_58`
--

INSERT INTO `dataset_58` (`id`, `Produto`, `Preco`, `Imagem`) VALUES
(1, 'Ração Cão Adulto Unicão kg', '10,90', 0),
(2, 'Ração Cachorro Filhote kg', '14,90', 0),
(3, 'Ração de Gato Unicat kg', '14,90', 0);

-- --------------------------------------------------------

--
-- Estrutura para tabela `dataset_59`
--

CREATE TABLE `dataset_59` (
  `id` int(11) NOT NULL,
  `Produto` text,
  `Preco` text,
  `Imagem` int(11) DEFAULT NULL
) ENGINE=InnoDB DEFAULT CHARSET=utf8;

--
-- Despejando dados para a tabela `dataset_59`
--

INSERT INTO `dataset_59` (`id`, `Produto`, `Preco`, `Imagem`) VALUES
(1, 'Queijo Prato kg', '69,90', 0),
(2, 'Queijo Mussarela pedaço kg', '44,90', 0),
(3, 'Queijo Parmesão kg', '79,90', 0),
(4, 'Queijo Mussarela kg', '69,90', 0),
(5, 'Presunto kg', '38,90', 0),
(6, 'Salsichão kg', '12,90', 0),
(7, 'Salsicha kg', '11,90', 0),
(8, 'Presunto Pedaço kg ', '32,90', 0),
(9, 'Mortadela kg', '28,90', 0);

-- --------------------------------------------------------

--
-- Estrutura para tabela `datatype`
--

CREATE TABLE `datatype` (
  `dataTypeId` int(11) NOT NULL,
  `dataType` varchar(100) NOT NULL
) ENGINE=InnoDB DEFAULT CHARSET=utf8;

--
-- Despejando dados para a tabela `datatype`
--

INSERT INTO `datatype` (`dataTypeId`, `dataType`) VALUES
(1, 'String'),
(2, 'Number'),
(3, 'Date'),
(4, 'External Image'),
(5, 'Library Image'),
(6, 'HTML');

-- --------------------------------------------------------

--
-- Estrutura para tabela `daypart`
--

CREATE TABLE `daypart` (
  `dayPartId` int(11) NOT NULL,
  `name` varchar(50) NOT NULL,
  `description` varchar(50) DEFAULT NULL,
  `isRetired` tinyint(4) NOT NULL DEFAULT '0',
  `userId` int(11) NOT NULL,
  `startTime` varchar(8) NOT NULL DEFAULT '00:00:00',
  `endTime` varchar(8) NOT NULL DEFAULT '00:00:00',
  `exceptions` text,
  `isAlways` tinyint(4) NOT NULL DEFAULT '0',
  `isCustom` tinyint(4) NOT NULL DEFAULT '0'
) ENGINE=InnoDB DEFAULT CHARSET=utf8;

--
-- Despejando dados para a tabela `daypart`
--

INSERT INTO `daypart` (`dayPartId`, `name`, `description`, `isRetired`, `userId`, `startTime`, `endTime`, `exceptions`, `isAlways`, `isCustom`) VALUES
(1, 'Custom', 'User specifies the from/to date', 0, 1, '', '', '', 0, 1),
(2, 'Always', 'Event runs always', 0, 1, '', '', '', 1, 0);

-- --------------------------------------------------------

--
-- Estrutura para tabela `display`
--

CREATE TABLE `display` (
  `displayId` int(11) NOT NULL,
  `display` varchar(50) NOT NULL,
  `auditingUntil` int(11) NOT NULL DEFAULT '0',
  `defaultLayoutId` int(11) NOT NULL,
  `license` varchar(40) DEFAULT NULL,
  `licensed` tinyint(4) NOT NULL DEFAULT '0',
  `loggedIn` tinyint(4) NOT NULL DEFAULT '0',
  `lastaccessed` int(11) DEFAULT NULL,
  `inc_schedule` tinyint(4) NOT NULL DEFAULT '0',
  `email_alert` int(11) DEFAULT '0',
  `alert_timeout` int(11) DEFAULT '0',
  `clientAddress` varchar(50) DEFAULT NULL,
  `mediaInventoryStatus` tinyint(4) NOT NULL DEFAULT '0',
  `macAddress` varchar(254) DEFAULT NULL,
  `lastChanged` int(11) DEFAULT NULL,
  `numberOfMacAddressChanges` int(11) DEFAULT '0',
  `lastWakeOnLanCommandSent` int(11) DEFAULT NULL,
  `wakeOnLan` tinyint(4) NOT NULL DEFAULT '0',
  `wakeOnLanTime` varchar(5) DEFAULT NULL,
  `broadCastAddress` varchar(100) DEFAULT NULL,
  `secureOn` varchar(17) DEFAULT NULL,
  `cidr` varchar(6) DEFAULT NULL,
  `geoLocation` point DEFAULT NULL,
  `client_type` varchar(20) DEFAULT NULL,
  `client_version` varchar(15) DEFAULT NULL,
  `client_code` smallint(6) DEFAULT NULL,
  `displayProfileId` int(11) DEFAULT NULL,
  `screenShotRequested` tinyint(4) NOT NULL DEFAULT '0',
  `storageAvailableSpace` bigint(20) DEFAULT NULL,
  `storageTotalSpace` bigint(20) DEFAULT NULL,
  `xmrChannel` varchar(254) DEFAULT NULL,
  `xmrPubKey` text,
  `lastCommandSuccess` tinyint(4) NOT NULL DEFAULT '2',
  `deviceName` varchar(254) DEFAULT NULL,
  `timeZone` varchar(254) DEFAULT NULL,
  `overrideConfig` text,
  `newCmsAddress` varchar(40) DEFAULT NULL,
  `newCmsKey` varchar(40) DEFAULT NULL,
  `orientation` varchar(10) DEFAULT NULL,
  `resolution` varchar(10) DEFAULT NULL,
  `commercialLicence` tinyint(4) DEFAULT NULL
) ENGINE=InnoDB DEFAULT CHARSET=utf8;

--
-- Despejando dados para a tabela `display`
--

INSERT INTO `display` (`displayId`, `display`, `auditingUntil`, `defaultLayoutId`, `license`, `licensed`, `loggedIn`, `lastaccessed`, `inc_schedule`, `email_alert`, `alert_timeout`, `clientAddress`, `mediaInventoryStatus`, `macAddress`, `lastChanged`, `numberOfMacAddressChanges`, `lastWakeOnLanCommandSent`, `wakeOnLan`, `wakeOnLanTime`, `broadCastAddress`, `secureOn`, `cidr`, `geoLocation`, `client_type`, `client_version`, `client_code`, `displayProfileId`, `screenShotRequested`, `storageAvailableSpace`, `storageTotalSpace`, `xmrChannel`, `xmrPubKey`, `lastCommandSuccess`, `deviceName`, `timeZone`, `overrideConfig`, `newCmsAddress`, `newCmsKey`, `orientation`, `resolution`, `commercialLicence`) VALUES
(5, 'IPIABAS', 0, 41, 'ab2b742c-a832-34aa-83a0-c60f5fafa212', 1, 1, 1732796830, 0, 0, 0, '177.184.78.126', 3, '98:c9:7c:b1:61:a8', 0, 0, 0, 0, NULL, NULL, NULL, NULL, NULL, 'android', '2', 210, NULL, 0, 3634941952, 4851081216, '5bd5f3e2d4d4b56b5e8108c648537dac', '-----BEGIN PUBLIC KEY-----\nMIIBIjANBgkqhkiG9w0BAQEFAAOCAQ8AMIIBCgKCAQEA6QDkOMon0MvRs5X31MWoOBifg7o9LcsL\nDInf47ZDKwP7OE8PjwMedZVPbtQQP/0YJfiaxb3vidF8muxlD1oahL4VGw0X/WGu8Pqd+fTaRDuM\ntXKlwSUV1AdW62j4QTrHSpSiWXDycD7nylxiAb5Haffl1KWPC44nUnMoxfH3o9cBnpmMUkCXRZk/\nmKwjjHC1R0mgYo1QaNkHaWjtsVZSbHL+sceD64rvQ1YBWXTyG7kVhlz+kTQmU1DOMmIa6qORTQfl\nfG/S/OA+byU1qmJZXXc35SWvGVzwoFQWcInRYbeNHAHqjrrZT7HWoIJs50WM/6Rz3T5DfoPlkCQS\nnWzpAwIDAQAB\n-----END PUBLIC KEY-----\n', 0, '', 'America/Recife', '[]', NULL, NULL, 'landscape', '1280x720', NULL),
(7, 'SANTANA - PADARIA', 0, 41, '48077951-dc3c-33bc-921c-db94e169bb02', 1, 1, 1732796818, 0, 0, 0, '177.184.74.96', 3, '58:04:54:94:02:f5', 0, 0, 0, 0, NULL, NULL, NULL, NULL, NULL, 'android', '2', 210, NULL, 0, 2622996480, 4140040192, '69814070a4c249015b35619e6c0e72b3', '-----BEGIN PUBLIC KEY-----\nMIIBIjANBgkqhkiG9w0BAQEFAAOCAQ8AMIIBCgKCAQEAsDM+3LCxrpe/Q/Y+9SXzOxYzrG8N+Ynl\n2q6k4SB41/eYIdtPif2iMuGrRo2bCkI6PQJUy+q4U4XzL83EuyNG3GyF7rgETDr8HNHxblZ3gQnE\ndvl3Hsc3Pl4kDDzM6Ubkoe8y8+ePGx01Qqh3oQsf14JexeAcuJMp9RW6ScV8hEBalWOYqPzPJT0p\nxMj9a6axbG5s50DqFRWic5aYEP15Cjravi5x4IMPbua4ur3WAIz923FdP7a1I9DmLk7yyCL30//c\n1IV3hOsf6G0485ONqxG4+RP1tG609lM3BQXe/mWMqhDgg5HAbY6x4FcHDmhsHCi0h+nrR4p7BkQ6\nPty1KQIDAQAB\n-----END PUBLIC KEY-----\n', 0, NULL, 'UTC', '[]', NULL, NULL, 'landscape', '1920x1080', NULL),
(8, 'AREAL', 0, 41, '981f2a9e-1534-34bd-b90a-d55ee7a232c1', 1, 1, 1732796824, 0, 0, 0, '177.184.74.235', 1, '70:4a:0e:bc:ad:8a', 0, 0, 0, 0, NULL, NULL, NULL, NULL, NULL, 'android', '2', 210, NULL, 0, 2763878400, 4748644352, 'e3ee7a4408bb42fcb30a3c41e9e843ad', '-----BEGIN PUBLIC KEY-----\nMIIBIjANBgkqhkiG9w0BAQEFAAOCAQ8AMIIBCgKCAQEArMGIUDEX7QdxJH0IRwxWe2zY8scMHScV\naYr/HKZd0T3qCcV154jewAkzSirm4N2Xtuyj0cLn4BR+lPUx4c/U1OGazJh/dNuZSN2VvJ9iG5rR\nFrrY+OOkUzotQb7gZE0hjCX2SH88Afnac/cYRwxtV/bEK82ksFBgZX9+wQoL8rxgveaGdZJ1Empx\n4VtpaVm4juvL1NFrQ0onXjlKJlJTfiAa9Qn02/7KuB1jVpJGZzqkIZ1lKu3alNM/G1oSVZhuDuhN\no+JzVQ9jQh6+x6VPFI8vm6dX3/7bBIDCwCiTdJUCipdATEO4I4NNQHpk3sq5yIErUHcNbCk8UhFO\nGzP4bQIDAQAB\n-----END PUBLIC KEY-----\n', 0, NULL, 'America/Sao_Paulo', '[]', NULL, NULL, 'landscape', '1280x720', NULL),
(9, 'BOA SORTE', 0, 41, '1b40c7d3-c051-3ec9-924f-60c15cb0a9a4', 1, 1, 1732796835, 0, 0, 0, '189.84.180.165', 3, 'd4:9c:dd:fb:59:b6', 0, 0, 0, 0, NULL, NULL, NULL, NULL, NULL, 'android', '2', 210, NULL, 0, 2544984064, 4748644352, '356cd320a72c2e21fa38e49a94f227c7', '-----BEGIN PUBLIC KEY-----\nMIIBIjANBgkqhkiG9w0BAQEFAAOCAQ8AMIIBCgKCAQEAm4i3KmpuVejS0GHPJynAknenn+5Wt51/\nNP0ZOgPxI6KXTg6LvL3pYZ6daY5nf8Hi38UZETOyHKy2mY/ajuZzEHNs+Ivg3R4nximAXN4xsn8i\nZw4mPtS4j3nX2oBCcp7dyGgT1k4NgVPSIGgGNGri7rWm/OBpzUZ7SmDU/9vJfRwxjdzg4cg6ToiU\nzHI01oKsjrIkTlJHfsXnGn5BMW4Ny8JTGKXDNHK/dp+wW+8p301kezG+yEXSenEWBeUGR9t1wsfp\nnP0+Wc3dTougEcPJr6Woyhxefh+aYlru3RoCBiJEZ0yrP1g1YarI3Fbm2omng5o+oaCMVNicfCc0\nbAlb7wIDAQAB\n-----END PUBLIC KEY-----\n', 0, NULL, 'America/Sao_Paulo', '[]', NULL, NULL, 'landscape', '1280x720', NULL),
(12, 'PROMO01', 0, 448, 'b975c42c-e9e7-32fc-92be-9302b23e82a7', 1, 1, 1732796821, 0, 0, 0, '177.184.74.96', 2, 'bc:b2:44:eb:33:c0', 0, 0, 0, 0, NULL, NULL, NULL, NULL, NULL, 'android', '2', 210, NULL, 0, 10944286720, 12507394048, 'b36b676f5351e4609fe9d76d5c84f31c', '-----BEGIN PUBLIC KEY-----\nMIIBIjANBgkqhkiG9w0BAQEFAAOCAQ8AMIIBCgKCAQEA2FVldvGQ72kq/7lK8h0e/1XsoVOqMyTl\nyVvI6t22iBsPkT+IXi3U1i/RdOW2KjoUxY0pkcl/VuaBZkd1mePYF3mJ1l+h7i8Q6Jj5y+dyhCAX\n3bpHsQARSZqNwFFXQ2z08+PdCaDn0g/x4r1ISjIsqw3E4jcsJ2XozWC0PsJu1OUFU0lQVQd4N5VE\n3SFrRnL0/RE+y2MHptJkTlckrhNUAKfF6FN+BCMUMwT98K/SrVPxm58uAekXNiY5qZ1K6bVxmZgm\nJWKRiL9bdyVr0XyOZYPdEtGD8x+fhqT8Cdb2oNf9hoFCSpq7xziStiXNXnTljVg0XrY8WLenYphW\nMndsGwIDAQAB\n-----END PUBLIC KEY-----\n', 0, '', 'America/Sao_Paulo', '[]', NULL, NULL, 'landscape', '1280x720', NULL),
(15, 'MATADOURO', 0, 283, 'c48bf20d-4ad2-3f9d-9b17-b94dc4a8f12f', 1, 1, 1732796849, 0, 0, 0, '177.184.74.136', 1, 'e0:cb:56:0e:9a:5e', 0, 0, 0, 0, NULL, NULL, NULL, NULL, NULL, 'android', '2', 210, NULL, 0, 3699904512, 5180227584, '89865b16114af1c36a6c611247a9a801', '-----BEGIN PUBLIC KEY-----\nMIIBIjANBgkqhkiG9w0BAQEFAAOCAQ8AMIIBCgKCAQEA9xkxUBcbaJGa94P46OXB04poOG9/I0eF\nYsB6A+U2M9rkndSLygEf7Zkk44KTcn1uLP/YZGaRhz6NusQuUgiknEYgzbV+Pzz0l7mtBOZ3Kwnl\nZYT7ACbMPuzR/ZSumw2/xgxqZo8RE1DSoP8DhbYTOJ3zb3b1BKRQM6zIYqYdMVZVXcxseeqSQjmo\n7Y6+k+fwnhHysA603JVLb0Zw8s+ZXM7O4vv3AttSdYmxx1FWcY14LXv1h85W8+2EzX89/OLyePHT\njQvDdH+egNetR0IpiO7pJaeQJefYYGmlXNPcqecYcIBp9zKx+Z/GL+ECbblzWSyT+S3UqNhBydVY\nS60nswIDAQAB\n-----END PUBLIC KEY-----\n', 0, NULL, 'America/Recife', '[]', NULL, NULL, 'landscape', '1280x720', NULL),
(16, 'SM-A225M-unknown', 0, 247, '646666b8-b0bc-3dee-848c-0764c5c7f17a', 1, 0, 1695829015, 0, 0, 0, '152.255.122.246', 3, '', 0, 0, 0, 0, NULL, NULL, NULL, NULL, NULL, 'android', '2', 210, NULL, 0, 30190665728, 115785859072, '2cc6428cb4a6c333536d59966be81cac', '-----BEGIN PUBLIC KEY-----\nMIIBIjANBgkqhkiG9w0BAQEFAAOCAQ8AMIIBCgKCAQEAo4dZ6gnH027678rZZbJbzOE0w5gSMFvM\n1HGBnr99TdpNOORtD2a7RyKsrE02CQP29zrEzPWZogvoy3sHaoGkPK8nh70/3wgmXzuOpH0nYI+N\n0ih2NGggRc6uwVRclUhjL/tqy0HepW53rjDgrde0bo8dfHXmFewYXdCtHRvOsgGvYdmBEMysnsQ5\nGILNLfHD3c0ZM44bjpARasoPGoF0+B++btjiZpFTPO/izloW1jmc+u1RDWEm6NVJbhkBvSzR7BpZ\n9/5PvrWivbqyjFOa+V52BCUjcSRy7HQRJoiHamOshZBO/lqDgFs+KjpuE9k+zpIuxxVtgd7UjYdq\nfs/KnwIDAQAB\n-----END PUBLIC KEY-----\n', 0, '', 'America/Sao_Paulo', '[]', NULL, NULL, 'landscape', '1600x720', NULL);

-- --------------------------------------------------------

--
-- Estrutura para tabela `displayevent`
--

CREATE TABLE `displayevent` (
  `displayEventId` int(11) NOT NULL,
  `eventDate` int(11) NOT NULL,
  `displayId` int(11) NOT NULL,
  `start` int(11) NOT NULL,
  `end` int(11) DEFAULT NULL
) ENGINE=InnoDB DEFAULT CHARSET=utf8;

--
-- Despejando dados para a tabela `displayevent`
--

INSERT INTO `displayevent` (`displayEventId`, `eventDate`, `displayId`, `start`, `end`) VALUES
(1, 1608234625, 3, 1608233497, NULL),
(2, 1608236457, 4, 1608236277, NULL),
(3, 1608236457, 2, 1608235115, 1608318761),
(4, 1608576506, 2, 1608318761, NULL),
(5, 1608576506, 5, 1608576393, 1608576698),
(6, 1608576775, 5, 1608576698, 1608576998),
(7, 1609174968, 5, 1609173466, 1609175113),
(8, 1609277493, 5, 1609250979, 1609345606),
(9, 1609789383, 5, 1609357841, 1609795633),
(10, 1609983011, 5, 1609976459, 1610041322),
(11, 1631649488, 6, 1610074718, NULL),
(12, 1649169534, 8, 1649169425, 1649169949),
(13, 1649170163, 8, 1649169949, 1649172010),
(14, 1649172242, 9, 1649171901, 1649172375),
(15, 1649172242, 7, 1649171129, 1649795559),
(16, 1649172284, 8, 1649172214, 1649186845),
(17, 1649172577, 9, 1649172375, 1649178883),
(18, 1650466047, 9, 1650338392, 1650674417),
(19, 1650815315, 8, 1650748390, 1650973875),
(20, 1650815315, 9, 1650684893, 1651746096),
(21, 1650902945, 7, 1650902871, 1650902992),
(22, 1650903242, 7, 1650903172, 1650906472),
(23, 1652883991, 7, 1652883852, 1652884373),
(24, 1654515054, 9, 1654447072, 1656080093),
(25, 1654515054, 7, 1654269647, 1672919932),
(26, 1657080104, 9, 1656080153, 1657835410),
(27, 1671034582, 5, 1670928033, 1671043838),
(28, 1673532040, 8, 1673530262, 1673532124),
(29, 1673532040, 9, 1673530225, 1673532147),
(30, 1673532040, 5, 1673530235, 1673532156),
(31, 1673532040, 7, 1673530232, 1673532153),
(32, 1679591169, 8, 1679575890, 1679649790),
(33, 1679591169, 9, 1679428843, 1679748685),
(34, 1679591169, 7, 1679575879, 1679649118),
(35, 1680533332, 8, 1680519516, 1680591056),
(36, 1680533332, 10, 1680508556, 1680711659),
(37, 1680895658, 10, 1680854912, 1681106285),
(38, 1680895658, 7, 1680857971, 1680975126),
(39, 1681135067, 10, 1681113282, 1681139393),
(40, 1681912329, 10, 1681460056, 1682171332),
(41, 1682601924, 10, 1682496880, 1682706390),
(42, 1683130589, 10, 1682925925, 1683134607),
(43, 1683806844, 10, 1683706442, 1683807485),
(44, 1683911401, 10, 1683879444, 1684190592),
(45, 1684937995, 10, 1684914249, 1685346660),
(46, 1685011999, 12, 1684962899, 1685012321),
(47, 1685014945, 12, 1685014781, 1685015200),
(48, 1685015271, 12, 1685015200, 1685015280),
(49, 1685015351, 12, 1685015280, 1685015445),
(50, 1685064289, 12, 1685051789, 1685658735),
(51, 1685380274, 5, 1685142651, 1685401595),
(52, 1685630459, 10, 1685519346, 1685786690),
(53, 1686527437, 10, 1686298636, 1686572471),
(54, 1686527437, 12, 1685658735, 1687380896),
(55, 1687387297, 10, 1687159628, 1688129909),
(56, 1687538185, 12, 1687537416, 1687538256),
(57, 1687539409, 12, 1687539335, 1687540246),
(58, 1687815925, 5, 1687800328, 1687871283),
(59, 1688562129, 12, 1688562049, 1688562169),
(60, 1689255082, 12, 1689254810, 1689255673),
(61, 1689766333, 12, 1689766266, 1689767419),
(62, 1689785506, 10, 1689753154, 1689811097),
(63, 1690458548, 12, 1690458171, 1690458656),
(64, 1690458932, 12, 1690458864, 1690459471),
(65, 1692890024, 12, 1692889560, 1692890190),
(66, 1693240350, 10, 1692948673, 1693241746),
(67, 1693481842, 12, 1693481775, 1693482196),
(68, 1694610249, 12, 1694610153, 1694610574),
(69, 1694777582, 12, 1694777491, 1694778615),
(70, 1694852671, 13, 1689377115, 1695517824),
(71, 1694852671, 9, 1692305278, 1700591784),
(72, 1694852671, 10, 1694763990, 1695574217),
(73, 1695303264, 12, 1695294119, 1695311481),
(74, 1695329925, 12, 1695329852, 1695329971),
(75, 1695330239, 12, 1695330013, 1695330828),
(76, 1695600402, 13, 1695517881, NULL),
(77, 1695600402, 12, 1695574006, 1695623938),
(78, 1695734995, 10, 1695628074, 1695813178),
(79, 1695820856, 10, 1695817232, NULL),
(80, 1695821175, 12, 1695821107, 1695821248),
(81, 1695821321, 12, 1695821248, 1695821875),
(82, 1695821552, 14, 1695821484, NULL),
(83, 1695821957, 15, 1695821829, 1695822121),
(84, 1695822223, 15, 1695822121, 1695822315),
(85, 1695822873, 15, 1695822798, 1695823082),
(86, 1695823248, 15, 1695823082, 1695823525),
(87, 1695823619, 15, 1695823525, 1695823991),
(88, 1695824062, 15, 1695823991, 1695824071),
(89, 1695824831, 15, 1695824750, 1695824885),
(90, 1695825149, 15, 1695825036, 1695825394),
(91, 1695827247, 16, 1695827166, 1695827262),
(92, 1695827673, 16, 1695827386, 1695828340),
(93, 1695828483, 16, 1695828396, 1695828504),
(94, 1695907941, 16, 1695829015, NULL),
(95, 1696280472, 15, 1695972937, 1696614529),
(96, 1696340624, 12, 1696179456, 1696340892),
(97, 1696340959, 12, 1696340892, 1696341519),
(98, 1698269537, 15, 1698220840, 1698330731),
(99, 1698842668, 12, 1698842587, 1698842747),
(100, 1699011122, 12, 1699011023, 1699011228),
(101, 1699444181, 15, 1698998623, 1699453643),
(102, 1700153474, 12, 1700108921, 1700196264),
(103, 1700222044, 12, 1700218232, 1700225437),
(104, 1700304409, 12, 1700304294, 1700304418),
(105, 1700568636, 12, 1700568474, 1700573905),
(106, 1700681570, 15, 1700639449, 1700773644),
(107, 1703942928, 12, 1703891238, 1703943071),
(108, 1704485797, 15, 1704096594, 1704799426),
(109, 1705057533, 12, 1705057426, 1705057823),
(110, 1705057916, 12, 1705057823, 1705058002),
(111, 1705088595, 15, 1705044354, 1705663067),
(112, 1706146139, 15, 1705908182, 1706198818),
(113, 1706274535, 12, 1706274220, 1706274718),
(114, 1706275035, 12, 1706274856, 1706275115),
(115, 1706287570, 12, 1706287310, 1706288140),
(116, 1706705259, 12, 1706705001, 1706705938),
(117, 1706787445, 12, 1706787367, 1706787476),
(118, 1706787906, 12, 1706787834, 1706788011),
(119, 1706788775, 12, 1706788545, 1706788892),
(120, 1706789140, 12, 1706788892, 1706790170),
(121, 1706796087, 15, 1706513819, 1707158980),
(122, 1707305251, 12, 1707305120, 1707305256),
(123, 1707305251, 12, 1707305120, 1707305256),
(124, 1707307143, 12, 1707306818, 1707307298),
(125, 1707377356, 15, 1707293578, 1707490757),
(126, 1707911961, 12, 1707911770, 1707912560),
(127, 1707911961, 12, 1707911770, 1707912560),
(128, 1707911961, 12, 1707911770, 1707912560),
(129, 1707911961, 12, 1707911770, 1707912560),
(130, 1708002425, 12, 1708002256, 1708002887),
(131, 1708520433, 12, 1708520260, 1708520531),
(132, 1709101213, 8, 1709101118, 1709101238),
(133, 1709101213, 15, 1708675568, 1710091450),
(134, 1709294160, 12, 1709284090, 1709295069),
(135, 1709696391, 7, 1709328881, 1709831466),
(136, 1709932281, 12, 1709895734, 1709982829),
(137, 1710403335, 15, 1710314884, 1710960143),
(138, 1711023569, 12, 1711023460, 1711023728),
(139, 1711168112, 15, 1711092237, 1711265849),
(140, 1711474463, 15, 1711353661, 1711677472),
(141, 1711877056, 15, 1711698961, 1712489877),
(142, 1712164475, 5, 1711969139, 1712249087),
(143, 1712653109, 15, 1712561753, 1713292090),
(144, 1713437426, 15, 1713338780, 1715197006),
(145, 1713929072, 5, 1713916051, 1713957314),
(146, 1715252482, 12, 1715245035, 1715252525),
(147, 1715257835, 12, 1715257746, 1715257871),
(148, 1715257939, 12, 1715257871, 1715258050),
(149, 1715432992, 15, 1715326396, 1715802194),
(150, 1716088611, 15, 1715931683, 1716227126),
(151, 1716463524, 12, 1716463233, 1716463600),
(152, 1716463699, 12, 1716463600, 1716463732),
(153, 1716464024, 12, 1716463732, 1716464560),
(154, 1716464024, 12, 1716463732, 1716464560),
(155, 1716579304, 12, 1716508585, 1716586259),
(156, 1716588172, 15, 1716483232, 1718826833),
(157, 1716811126, 12, 1716811023, 1716811133),
(158, 1716983191, 12, 1716983031, 1716983562),
(159, 1716983933, 12, 1716983782, 1716984008),
(160, 1716984220, 12, 1716984008, 1716985543),
(161, 1716984220, 12, 1716984008, 1716985543),
(162, 1717151599, 5, 1717085294, 1717168240),
(163, 1717174558, 12, 1717174468, 1717174965),
(164, 1717430662, 12, 1717346936, 1717673110),
(165, 1717464231, 5, 1717459872, 1717504597),
(166, 1717673254, 12, 1717673110, 1717673723),
(167, 1718560325, 5, 1718557820, 1718622685),
(168, 1718560325, 12, 1718560079, 1718560505),
(169, 1718735193, 12, 1718735121, 1718735419),
(170, 1719192871, 15, 1718956287, 1719684470),
(171, 1719192871, 12, 1718825677, 1719231223),
(172, 1719231301, 12, 1719231223, 1719231513),
(173, 1719231301, 12, 1719231223, 1719231513),
(174, 1719308655, 8, 1719243101, 1719317637),
(175, 1719414137, 12, 1719413922, 1719414282),
(176, 1719488528, 12, 1719488451, 1719488556),
(177, 1719588078, 12, 1719587789, 1720020010),
(178, 1719835143, 15, 1719821094, 1721130796),
(179, 1719835143, 7, 1719835071, 1719835159),
(180, 1720940039, 8, 1720918800, 1720955676),
(181, 1721246152, 8, 1721242408, 1721276437),
(182, 1721246152, 15, 1721203840, 1723264321),
(183, 1721826622, 8, 1721826439, 1721826859),
(184, 1721826622, 5, 1721826477, 1721826656),
(185, 1721826622, 12, 1721692511, 1721866094),
(186, 1722424017, 12, 1722337157, 1722426518),
(187, 1722426859, 12, 1722426648, 1722427260),
(188, 1723244348, 12, 1723114823, 1723245274),
(189, 1723245593, 12, 1723245405, 1723246045),
(190, 1723490901, 15, 1723448083, 1723643156),
(191, 1723722843, 12, 1723722770, 1723723389),
(192, 1723767856, 12, 1723766909, 1723790438),
(193, 1723847909, 12, 1723847216, 1723848054),
(194, 1723848392, 12, 1723848166, 1723848659),
(195, 1724031759, 15, 1723795808, 1724399412),
(196, 1724711838, 5, 1724698401, 1724714836),
(197, 1724854441, 15, 1724830850, 1725297056),
(198, 1725321097, 12, 1725293897, 1725383350),
(199, 1725775192, 15, 1725610572, 1726570929),
(200, 1726157020, 5, 1726088748, 1726158989),
(201, 1726157020, 12, 1725879575, 1726531513),
(202, 1726517132, 9, 1726517023, 1726517136),
(203, 1726596217, 12, 1726570757, 1726658546),
(204, 1726777425, 12, 1726777244, 1726777741),
(205, 1726831233, 12, 1726789149, 1726831650),
(206, 1726831739, 12, 1726831650, 1726832013),
(207, 1726832096, 12, 1726832013, 1726832644),
(208, 1726832096, 12, 1726832013, 1726832644),
(209, 1726832861, 12, 1726832792, 1726832909),
(210, 1727380822, 12, 1727380637, 1727381001),
(211, 1727467367, 12, 1727467211, 1727467623),
(212, 1727526304, 5, 1727457111, 1727557237),
(213, 1728144847, 5, 1728064555, 1729794219),
(214, 1728144847, 15, 1728139388, 1728299518),
(215, 1729412505, 12, 1729403435, 1729612487),
(216, 1729706800, 8, 1729706697, 1729706818),
(217, 1729706800, 15, 1729706723, 1729706843),
(218, 1729706800, 12, 1729706700, 1729706821),
(219, 1729706800, 7, 1729705791, 1729706807),
(220, 1730420154, 15, 1730419708, 1730420788),
(221, 1730420154, 12, 1730034947, 1730827969),
(222, 1731334299, 15, 1731197597, 1731428669),
(223, 1731334299, 12, 1731322840, 1731542746),
(224, 1731441222, 8, 1731440418, 1731442097),
(225, 1731441222, 15, 1731440205, 1731441398),
(226, 1731483370, 9, 1731483259, 1731483420),
(227, 1732663490, 8, 1732663327, 1732663502),
(228, 1732663490, 5, 1732663423, 1732664565),
(229, 1732663490, 15, 1732661443, 1732664918),
(230, 1732663490, 12, 1732663405, 1732663524),
(231, 1732663490, 7, 1732661345, 1732664477),
(232, 1732663875, 8, 1732663502, 1732664706),
(233, 1732663875, 12, 1732663768, 1732663882);

-- --------------------------------------------------------

--
-- Estrutura para tabela `displaygroup`
--

CREATE TABLE `displaygroup` (
  `displayGroupId` int(11) NOT NULL,
  `displayGroup` varchar(50) NOT NULL,
  `description` varchar(254) DEFAULT NULL,
  `isDisplaySpecific` tinyint(4) NOT NULL DEFAULT '0',
  `isDynamic` tinyint(4) NOT NULL DEFAULT '0',
  `dynamicCriteria` varchar(254) DEFAULT NULL,
  `userId` int(11) NOT NULL,
  `dynamicCriteriaTags` varchar(254) DEFAULT NULL,
  `bandwidthLimit` int(11) NOT NULL DEFAULT '0'
) ENGINE=InnoDB DEFAULT CHARSET=utf8;

--
-- Despejando dados para a tabela `displaygroup`
--

INSERT INTO `displaygroup` (`displayGroupId`, `displayGroup`, `description`, `isDisplaySpecific`, `isDynamic`, `dynamicCriteria`, `userId`, `dynamicCriteriaTags`, `bandwidthLimit`) VALUES
(3, 'GRUPO IPIABAS', NULL, 0, 0, NULL, 4, NULL, 0),
(6, 'IPIABAS', NULL, 1, 0, NULL, 1, NULL, 0),
(8, 'SANTANA - PADARIA', NULL, 1, 0, NULL, 1, NULL, 0),
(9, 'SANTANA - PADARIA', NULL, 0, 0, NULL, 6, NULL, 0),
(10, 'AREAL', NULL, 1, 0, NULL, 1, NULL, 0),
(11, 'BOA SORTE', NULL, 1, 0, NULL, 1, NULL, 0),
(12, 'GRUPO AREAL', NULL, 0, 0, NULL, 7, NULL, 0),
(13, 'GRUPO BOA SORTE', NULL, 0, 0, NULL, 8, NULL, 0),
(16, 'PROMO01', NULL, 1, 0, NULL, 1, NULL, 0),
(17, 'PROMO01', NULL, 0, 0, NULL, 12, NULL, 0),
(18, 'MATADOURO', NULL, 0, 0, NULL, 1, NULL, 0),
(21, 'MATADOURO', NULL, 1, 0, NULL, 1, NULL, 0),
(22, 'SM-A225M-unknown', NULL, 1, 0, NULL, 1, NULL, 0);

-- --------------------------------------------------------

--
-- Estrutura para tabela `displayprofile`
--

CREATE TABLE `displayprofile` (
  `displayProfileId` int(11) NOT NULL,
  `name` varchar(50) NOT NULL,
  `type` varchar(15) NOT NULL,
  `config` text,
  `isDefault` tinyint(4) NOT NULL DEFAULT '0',
  `userId` int(11) NOT NULL
) ENGINE=InnoDB DEFAULT CHARSET=utf8;

--
-- Despejando dados para a tabela `displayprofile`
--

INSERT INTO `displayprofile` (`displayProfileId`, `name`, `type`, `config`, `isDefault`, `userId`) VALUES
(1, 'Windows', 'windows', '[{\"name\":\"sizeX\",\"value\":0},{\"name\":\"sizeY\",\"value\":0},{\"name\":\"offsetX\",\"value\":0},{\"name\":\"offsetY\",\"value\":0},{\"name\":\"collectInterval\",\"value\":60}]', 1, 1),
(2, 'Android', 'android', '[{\"name\":\"blacklistVideo\",\"value\":0},{\"name\":\"collectInterval\",\"value\":60}]', 1, 1),
(3, 'webOS', 'lg', '[]', 1, 1),
(4, 'Tizen', 'sssp', '[]', 1, 1),
(5, 'Linux', 'linux', '[]', 1, 1),
(6, 'Windows 2 TELA FULL', 'windows', '[{\"name\":\"sizeX\",\"value\":1920},{\"name\":\"sizeY\",\"value\":1080},{\"name\":\"offsetX\",\"value\":1920},{\"name\":\"offsetY\",\"value\":0}]', 0, 1),
(7, 'Android CELULAR', 'android', '[{\"name\":\"emailAddress\",\"value\":\"contato@mgatv.com.br\"},{\"name\":\"blacklistVideo\",\"value\":0},{\"name\":\"collectInterval\",\"value\":60},{\"name\":\"startOnBoot\",\"value\":0},{\"name\":\"autoRestart\",\"value\":0},{\"name\":\"actionBarMode\",\"value\":0}]', 0, 1);

-- --------------------------------------------------------

--
-- Estrutura para tabela `group`
--

CREATE TABLE `group` (
  `groupId` int(11) NOT NULL,
  `group` varchar(50) NOT NULL,
  `isUserSpecific` tinyint(4) NOT NULL DEFAULT '0',
  `isEveryone` tinyint(4) NOT NULL DEFAULT '0',
  `libraryQuota` int(11) DEFAULT NULL,
  `isSystemNotification` tinyint(4) NOT NULL DEFAULT '0',
  `isDisplayNotification` tinyint(4) NOT NULL DEFAULT '0'
) ENGINE=InnoDB DEFAULT CHARSET=utf8;

--
-- Despejando dados para a tabela `group`
--

INSERT INTO `group` (`groupId`, `group`, `isUserSpecific`, `isEveryone`, `libraryQuota`, `isSystemNotification`, `isDisplayNotification`) VALUES
(1, 'Users', 0, 0, NULL, 0, 0),
(2, 'Everyone', 0, 1, NULL, 0, 0),
(3, 'admin', 1, 0, 0, 1, 0),
(4, 'System Notifications', 0, 0, NULL, 1, 0),
(5, 'Playlist Dashboard User', 0, 0, NULL, 0, 0),
(8, 'ipiabas', 1, 0, 0, 0, 0),
(10, 'santana', 1, 0, 0, 0, 0),
(11, 'areal', 1, 0, 0, 0, 0),
(12, 'boasorte', 1, 0, 0, 0, 0),
(14, 'matadouro', 1, 0, 0, 0, 0),
(16, 'promo01', 1, 0, 0, 0, 0);

-- --------------------------------------------------------

--
-- Estrutura para tabela `help`
--

CREATE TABLE `help` (
  `helpId` int(11) NOT NULL,
  `topic` varchar(254) NOT NULL,
  `category` varchar(254) NOT NULL DEFAULT 'General',
  `link` varchar(254) NOT NULL
) ENGINE=InnoDB DEFAULT CHARSET=utf8;

--
-- Despejando dados para a tabela `help`
--

INSERT INTO `help` (`helpId`, `topic`, `category`, `link`) VALUES
(1, 'Layout', 'General', 'layouts.html'),
(2, 'Content', 'General', 'media.html'),
(4, 'Schedule', 'General', 'scheduling.html'),
(5, 'Group', 'General', 'users_groups.html'),
(6, 'Admin', 'General', 'cms_settings.html'),
(7, 'Report', 'General', 'troubleshooting.html'),
(8, 'Dashboard', 'General', 'tour.html'),
(9, 'User', 'General', 'users.html'),
(10, 'Display', 'General', 'displays.html'),
(11, 'DisplayGroup', 'General', 'displays_groups.html'),
(12, 'Layout', 'Add', 'layouts.html#Add_Layout'),
(13, 'Layout', 'Background', 'layouts_designer.html#Background'),
(14, 'Content', 'Assign', 'layouts_playlists.html#Assigning_Content'),
(15, 'Layout', 'RegionOptions', 'layouts_regions.html'),
(16, 'Content', 'AddtoLibrary', 'media_library.html'),
(17, 'Display', 'Edit', 'displays.html#Display_Edit'),
(18, 'Display', 'Delete', 'displays.html#Display_Delete'),
(19, 'Displays', 'Groups', 'displays_groups.html#Group_Members'),
(20, 'UserGroup', 'Add', 'users_groups.html#Adding_Group'),
(21, 'User', 'Add', 'users_administration.html#Add_User'),
(22, 'User', 'Delete', 'users_administration.html#Delete_User'),
(23, 'Content', 'Config', 'cms_settings.html#Content'),
(24, 'LayoutMedia', 'Permissions', 'users_permissions.html'),
(25, 'Region', 'Permissions', 'users_permissions.html'),
(26, 'Library', 'Assign', 'layouts_playlists.html#Add_From_Library'),
(27, 'Media', 'Delete', 'media_library.html#Delete'),
(28, 'DisplayGroup', 'Add', 'displays_groups.html#Add_Group'),
(29, 'DisplayGroup', 'Edit', 'displays_groups.html#Edit_Group'),
(30, 'DisplayGroup', 'Delete', 'displays_groups.html#Delete_Group'),
(31, 'DisplayGroup', 'Members', 'displays_groups.html#Group_Members'),
(32, 'DisplayGroup', 'Permissions', 'users_permissions.html'),
(34, 'Schedule', 'ScheduleNow', 'scheduling_now.html'),
(35, 'Layout', 'Delete', 'layouts.html#Delete_Layout'),
(36, 'Layout', 'Copy', 'layouts.html#Copy_Layout'),
(37, 'Schedule', 'Edit', 'scheduling_events.html#Edit'),
(38, 'Schedule', 'Add', 'scheduling_events.html#Add'),
(39, 'Layout', 'Permissions', 'users_permissions.html'),
(40, 'Display', 'MediaInventory', 'displays.html#Media_Inventory'),
(41, 'User', 'ChangePassword', 'users.html#Change_Password'),
(42, 'Schedule', 'Delete', 'scheduling_events.html'),
(43, 'Layout', 'Edit', 'layouts_designer.html#Edit_Layout'),
(44, 'Media', 'Permissions', 'users_permissions.html'),
(45, 'Display', 'DefaultLayout', 'displays.html#DefaultLayout'),
(46, 'UserGroup', 'Edit', 'users_groups.html#Edit_Group'),
(47, 'UserGroup', 'Members', 'users_groups.html#Group_Member'),
(48, 'User', 'PageSecurity', 'users_permissions.html#Page_Security'),
(49, 'User', 'MenuSecurity', 'users_permissions.html#Menu_Security'),
(50, 'UserGroup', 'Delete', 'users_groups.html#Delete_Group'),
(51, 'User', 'Edit', 'users_administration.html#Edit_User'),
(52, 'User', 'Applications', 'users_administration.html#Users_MyApplications'),
(53, 'User', 'SetHomepage', 'users_administration.html#Media_Dashboard'),
(54, 'DataSet', 'General', 'media_datasets.html'),
(55, 'DataSet', 'Add', 'media_datasets.html#Create_Dataset'),
(56, 'DataSet', 'Edit', 'media_datasets.html#Edit_Dataset'),
(57, 'DataSet', 'Delete', 'media_datasets.html#Delete_Dataset'),
(58, 'DataSet', 'AddColumn', 'media_datasets.html#Dataset_Column'),
(59, 'DataSet', 'EditColumn', 'media_datasets.html#Dataset_Column'),
(60, 'DataSet', 'DeleteColumn', 'media_datasets.html#Dataset_Column'),
(61, 'DataSet', 'Data', 'media_datasets.html#Dataset_Row'),
(62, 'DataSet', 'Permissions', 'users_permissions.html'),
(63, 'Fault', 'General', 'troubleshooting.html#Report_Fault'),
(65, 'Stats', 'General', 'displays_metrics.html'),
(66, 'Resolution', 'General', 'layouts_resolutions.html'),
(67, 'Template', 'General', 'layouts_templates.html'),
(68, 'Services', 'Register', '#Registered_Applications'),
(69, 'OAuth', 'General', 'api_oauth.html'),
(70, 'Services', 'Log', 'api_oauth.html#oAuthLog'),
(71, 'Module', 'Edit', 'media_modules.html'),
(72, 'Module', 'General', 'media_modules.html'),
(73, 'Campaign', 'General', 'layouts_campaigns.html'),
(74, 'License', 'General', 'licence_information.html'),
(75, 'DataSet', 'ViewColumns', 'media_datasets.html#Dataset_Column'),
(76, 'Campaign', 'Permissions', 'users_permissions.html'),
(77, 'Transition', 'Edit', 'layouts_transitions.html'),
(78, 'User', 'SetPassword', 'users_administration.html#Set_Password'),
(79, 'DataSet', 'ImportCSV', 'media_datasets.htmlmedia_datasets.html#Import_CSV'),
(80, 'DisplayGroup', 'FileAssociations', 'displays_fileassociations.html'),
(81, 'Statusdashboard', 'General', 'tour_status_dashboard.html'),
(82, 'Displayprofile', 'General', 'displays_settings.html'),
(83, 'DisplayProfile', 'Edit', 'displays_settings.html#edit'),
(84, 'DisplayProfile', 'Delete', 'displays_settings.html#delete');

-- --------------------------------------------------------

--
-- Estrutura para tabela `layout`
--

CREATE TABLE `layout` (
  `layoutId` int(11) NOT NULL,
  `layout` varchar(254) NOT NULL,
  `userId` int(11) NOT NULL,
  `createdDt` datetime NOT NULL,
  `modifiedDt` datetime NOT NULL,
  `description` varchar(254) DEFAULT NULL,
  `retired` tinyint(4) NOT NULL DEFAULT '0',
  `duration` int(11) NOT NULL,
  `backgroundImageId` int(11) DEFAULT NULL,
  `status` tinyint(4) NOT NULL DEFAULT '0',
  `width` decimal(10,0) NOT NULL,
  `height` decimal(10,0) NOT NULL,
  `backgroundColor` varchar(25) DEFAULT NULL,
  `backgroundzIndex` int(11) NOT NULL DEFAULT '1',
  `schemaVersion` tinyint(4) NOT NULL DEFAULT '2',
  `statusMessage` text,
  `parentId` int(11) DEFAULT NULL,
  `publishedStatusId` int(11) NOT NULL DEFAULT '1',
  `enableStat` int(11) DEFAULT NULL,
  `publishedDate` datetime DEFAULT NULL,
  `autoApplyTransitions` tinyint(4) NOT NULL DEFAULT '0'
) ENGINE=InnoDB DEFAULT CHARSET=utf8;

--
-- Despejando dados para a tabela `layout`
--

INSERT INTO `layout` (`layoutId`, `layout`, `userId`, `createdDt`, `modifiedDt`, `description`, `retired`, `duration`, `backgroundImageId`, `status`, `width`, `height`, `backgroundColor`, `backgroundzIndex`, `schemaVersion`, `statusMessage`, `parentId`, `publishedStatusId`, `enableStat`, `publishedDate`, `autoApplyTransitions`) VALUES
(41, 'Default Layout', 1, '2020-12-14 12:34:22', '2022-04-05 11:38:03', '', 0, 15, NULL, 1, 1920, 1080, '#000000', 0, 3, NULL, NULL, 1, 0, NULL, 0),
(76, 'TABELA BOVINOS', 1, '2021-01-06 13:35:37', '2021-09-14 16:58:09', NULL, 0, 20, 262, 1, 1920, 1080, '#000000', 0, 3, NULL, NULL, 1, 0, NULL, 0),
(102, 'TABELA - Açougue ÍTENS e OFERTAS BACKUP', 1, '2021-01-07 12:44:33', '2021-09-14 16:58:08', NULL, 0, 115, 321, 1, 1920, 1080, '#000000', 0, 3, NULL, NULL, 1, 0, NULL, 0),
(111, 'TABELA - Açougue ÍTENS e OFERTAS Template', 1, '2021-01-09 09:12:41', '2021-01-09 09:13:06', NULL, 0, 160, 321, 1, 1920, 1080, '#000000', 0, 3, NULL, NULL, 1, 0, NULL, 0),
(120, 'TABELA PADARIA BOLOS', 1, '2022-04-05 09:52:45', '2022-04-24 12:48:35', '', 0, 30, 352, 1, 1920, 1080, '#000000', 0, 3, NULL, NULL, 1, 0, NULL, 0),
(121, 'TABELA PADARIA DOCES', 1, '2022-04-05 09:52:48', '2022-04-24 12:48:35', '', 0, 30, 352, 1, 1920, 1080, '#000000', 0, 3, NULL, NULL, 1, 0, NULL, 0),
(123, 'TABELA PADARIA SALGADOS', 1, '2022-04-05 09:52:55', '2022-04-24 12:48:35', '', 0, 30, 352, 1, 1920, 1080, '#000000', 0, 3, NULL, NULL, 1, 0, NULL, 0),
(124, 'TABELA PADARIA BISCOITOS', 1, '2022-04-05 09:53:15', '2022-04-05 09:54:09', '', 0, 30, 352, 1, 1920, 1080, '#000000', 0, 3, NULL, NULL, 1, 0, NULL, 0),
(127, 'Uol-Celebridades', 1, '2022-04-05 10:36:18', '2022-04-05 11:38:44', 'UOL - O Conteúdo é dividido em 11 blocos com dez notícias cada, em média. Os horários de atualização são: 6h30 / 8h / 9h30 / 11h / 12h30 / 14h / 15h30 / 17h / 18h30 / 20h / 22h, de segunda a sexta-feira', 0, 10, NULL, 1, 1920, 1080, '#000000', 0, 3, NULL, NULL, 1, 0, NULL, 0),
(129, 'Campeonato Brasileiro', 1, '2022-04-05 10:42:14', '2022-04-24 12:48:35', 'Tabela do campeonato Brasileiro', 0, 5, NULL, 1, 1280, 720, '#000000', 0, 3, NULL, NULL, 1, 0, NULL, 0),
(130, 'TABELA AVES', 1, '2022-04-05 11:11:18', '2022-04-24 12:48:36', NULL, 0, 30, 286, 1, 1920, 1080, '#000000', 0, 3, NULL, NULL, 1, 0, NULL, 0),
(131, 'TABELA AÇOUGUE BOVINOS', 1, '2022-04-05 11:32:07', '2022-04-24 12:48:36', '', 0, 20, 262, 1, 1920, 1080, '#000000', 0, 3, NULL, NULL, 1, 0, NULL, 0),
(147, 'TABELA - Açougue ÍTENS e OFERTAS - BOA SORTE', 8, '2022-05-03 11:25:20', '2022-05-03 11:27:09', NULL, 0, 160, 321, 1, 1920, 1080, '#000000', 0, 3, NULL, NULL, 1, 0, NULL, 0),
(150, 'TABELA PADARIA PÃES', 6, '2022-05-24 13:26:34', '2022-05-24 13:34:17', '', 0, 30, 352, 1, 1920, 1080, '#000000', 0, 3, NULL, NULL, 1, 0, NULL, 0),
(151, 'teste template', 1, '2022-05-24 13:37:33', '2022-06-06 08:30:54', NULL, 0, 160, 321, 1, 1920, 1080, '#000000', 0, 3, NULL, NULL, 1, 0, NULL, 0),
(160, 'TABELA TESTE', 1, '2023-05-14 19:37:49', '2023-09-16 05:24:31', NULL, 0, 10, NULL, 1, 1920, 1080, '#000', 0, 3, NULL, NULL, 1, 0, NULL, 0),
(162, 'TABELA - Açougue ÍTENS e OFERTAS - AREAL', 7, '2023-05-23 20:04:01', '2023-05-25 15:11:04', NULL, 0, 160, 321, 1, 1920, 1080, '#000000', 0, 3, NULL, NULL, 1, 0, NULL, 0),
(177, 'PROMOÇÕES IMAGEM e PREÇO', 1, '2023-05-25 09:32:19', '2023-05-25 15:11:49', NULL, 0, 10, 278, 1, 1920, 1080, '#000000', 0, 3, NULL, NULL, 1, 0, NULL, 0),
(181, 'TABELA - Açougue ÍTENS e OFERTAS - IPIABAS', 1, '2023-05-29 13:49:03', '2023-05-29 14:03:18', NULL, 0, 160, 321, 1, 1920, 1080, '#000000', 0, 3, NULL, NULL, 1, 0, NULL, 0),
(247, 'TABELA - Açougue ÍTENS e OFERTAS - MATADOURO', 1, '2023-08-28 13:32:13', '2023-09-28 10:24:20', NULL, 1, 160, 321, 1, 1920, 1080, '#000000', 0, 3, NULL, NULL, 1, 0, '2023-09-27 13:09:02', 0),
(278, 'MATADOURO', 1, '2023-09-28 10:18:10', '2023-10-25 18:32:18', NULL, 0, 10, NULL, 1, 1920, 1080, '#000', 0, 3, NULL, NULL, 1, 0, NULL, 0),
(283, 'TABELA - Açougue ÍTENS e OFERTAS - MATAD', 10, '2023-09-28 10:31:58', '2023-09-28 10:33:47', '', 0, 160, 321, 1, 1920, 1080, '#000000', 0, 3, NULL, NULL, 1, 0, NULL, 0),
(331, 'PROMOÇÕES 01', 12, '2024-01-25 09:01:59', '2024-01-25 09:02:58', NULL, 0, 10, 278, 1, 1920, 1080, '#000000', 0, 3, NULL, NULL, 1, 0, NULL, 0),
(448, 'PROMOÇÕES DIÁRIAS', 12, '2024-11-05 12:48:51', '2024-11-05 12:49:27', NULL, 0, 10, NULL, 1, 1920, 1080, '#000000', 0, 3, NULL, NULL, 1, 0, NULL, 0);

-- --------------------------------------------------------

--
-- Estrutura para tabela `layouthistory`
--

CREATE TABLE `layouthistory` (
  `layoutHistoryId` int(11) NOT NULL,
  `campaignId` int(11) NOT NULL,
  `layoutId` int(11) NOT NULL,
  `publishedDate` datetime NOT NULL
) ENGINE=InnoDB DEFAULT CHARSET=utf8;

--
-- Despejando dados para a tabela `layouthistory`
--

INSERT INTO `layouthistory` (`layoutHistoryId`, `campaignId`, `layoutId`, `publishedDate`) VALUES
(1, 1, 1, '2020-04-22 10:08:22'),
(12, 12, 15, '2020-04-22 10:14:12'),
(30, 30, 43, '2020-12-17 14:45:19'),
(31, 31, 44, '2020-12-17 14:45:31'),
(32, 32, 45, '2020-12-17 14:47:27'),
(33, 31, 47, '2020-12-17 16:27:47'),
(34, 32, 46, '2020-12-17 16:27:58'),
(35, 31, 48, '2020-12-17 16:33:02'),
(36, 32, 49, '2020-12-17 16:35:40'),
(37, 31, 50, '2020-12-17 16:43:15'),
(38, 31, 51, '2020-12-17 16:47:21'),
(39, 31, 52, '2020-12-17 16:50:10'),
(40, 30, 53, '2020-12-17 18:57:03'),
(49, 30, 59, '2020-12-17 19:15:11'),
(50, 39, 69, '2020-12-18 15:39:52'),
(51, 39, 70, '2020-12-21 15:49:18'),
(52, 31, 68, '2020-12-21 15:49:40'),
(53, 30, 67, '2020-12-21 15:49:46'),
(54, 40, 73, '2021-01-06 10:47:49'),
(56, 40, 75, '2021-01-06 13:35:10'),
(57, 31, 77, '2021-01-06 15:35:13'),
(58, 31, 78, '2021-01-06 15:53:30'),
(59, 31, 79, '2021-01-06 19:39:21'),
(60, 31, 80, '2021-01-06 21:15:35'),
(61, 31, 81, '2021-01-06 21:40:00'),
(62, 31, 82, '2021-01-06 21:52:29'),
(63, 31, 83, '2021-01-06 21:57:58'),
(64, 31, 84, '2021-01-06 22:11:42'),
(65, 31, 85, '2021-01-06 22:14:50'),
(66, 31, 86, '2021-01-06 22:21:07'),
(67, 32, 87, '2021-01-06 22:48:11'),
(68, 32, 88, '2021-01-06 22:59:51'),
(69, 31, 89, '2021-01-06 23:09:23'),
(70, 31, 91, '2021-01-07 08:56:22'),
(71, 31, 92, '2021-01-07 09:17:12'),
(72, 31, 93, '2021-01-07 09:24:45'),
(73, 31, 94, '2021-01-07 09:32:26'),
(75, 31, 97, '2021-01-07 11:10:57'),
(77, 32, 99, '2021-01-07 11:19:42'),
(78, 31, 100, '2021-01-07 12:38:30'),
(79, 31, 101, '2021-01-07 12:41:06'),
(80, 44, 102, '2021-01-07 12:44:33'),
(81, 31, 103, '2021-01-07 12:52:44'),
(82, 31, 104, '2021-01-07 12:55:25'),
(83, 31, 105, '2021-01-07 13:01:28'),
(84, 31, 106, '2021-01-07 13:06:30'),
(85, 32, 107, '2021-01-07 13:11:11'),
(86, 31, 108, '2021-01-07 15:03:26'),
(87, 32, 109, '2021-01-09 09:10:17'),
(88, 31, 110, '2021-01-09 09:11:36'),
(89, 45, 111, '2021-01-09 09:12:41'),
(90, 46, 112, '2021-01-09 09:23:34'),
(92, 31, 116, '2021-01-14 10:04:04'),
(93, 32, 117, '2021-01-14 10:05:59'),
(94, 12, 90, '2021-09-14 16:58:09'),
(95, 31, 118, '2021-09-14 16:58:09'),
(96, 30, 72, '2021-09-14 16:58:09'),
(97, 39, 71, '2021-09-14 16:58:09'),
(98, 40, 76, '2021-09-14 16:58:09'),
(99, 46, 113, '2021-09-14 16:58:09'),
(100, 47, 119, '2022-04-05 09:52:41'),
(101, 48, 120, '2022-04-05 09:52:45'),
(102, 49, 121, '2022-04-05 09:52:48'),
(103, 50, 122, '2022-04-05 09:52:51'),
(104, 51, 123, '2022-04-05 09:52:55'),
(105, 47, 124, '2022-04-05 09:54:09'),
(106, 52, 126, '2022-04-05 10:35:21'),
(107, 31, 125, '2022-04-05 10:38:59'),
(108, 32, 128, '2022-04-05 10:40:06'),
(109, 1, 41, '2022-04-05 11:38:03'),
(110, 52, 127, '2022-04-05 11:38:44'),
(113, 32, 134, '2022-04-20 11:58:04'),
(116, 31, 137, '2022-04-20 12:40:29'),
(117, 31, 138, '2022-04-20 12:41:27'),
(118, 56, 139, '2022-04-20 12:52:59'),
(119, 57, 140, '2022-04-20 12:57:38'),
(120, 12, 129, '2022-04-24 12:48:35'),
(121, 30, 131, '2022-04-24 12:48:35'),
(122, 39, 130, '2022-04-24 12:48:36'),
(123, 46, 141, '2022-04-24 12:48:36'),
(125, 56, 142, '2022-04-25 10:46:06'),
(126, 50, 145, '2022-04-25 11:27:44'),
(127, 50, 146, '2022-04-25 11:37:21'),
(128, 56, 144, '2022-04-26 08:00:36'),
(129, 57, 147, '2022-05-03 11:27:09'),
(130, 50, 148, '2022-05-24 13:20:38'),
(131, 50, 149, '2022-05-24 13:25:46'),
(132, 50, 150, '2022-05-24 13:34:17'),
(133, 46, 151, '2022-06-06 08:30:54'),
(135, 58, 159, '2023-05-14 19:37:49'),
(137, 32, 161, '2023-05-24 11:42:00'),
(138, 32, 167, '2023-05-24 11:50:02'),
(139, 32, 168, '2023-05-24 11:51:34'),
(140, 32, 169, '2023-05-24 11:54:09'),
(141, 32, 170, '2023-05-24 11:59:31'),
(142, 32, 171, '2023-05-24 12:17:54'),
(143, 60, 172, '2023-05-24 13:14:32'),
(144, 60, 173, '2023-05-24 13:40:31'),
(145, 60, 174, '2023-05-25 08:44:11'),
(146, 61, 175, '2023-05-25 09:07:41'),
(147, 61, 176, '2023-05-25 09:31:59'),
(148, 60, 178, '2023-05-25 10:09:05'),
(149, 60, 179, '2023-05-25 10:15:10'),
(150, 60, 180, '2023-05-25 10:16:50'),
(151, 56, 162, '2023-05-25 15:11:04'),
(152, 61, 177, '2023-05-25 15:11:49'),
(153, 31, 156, '2023-05-25 15:12:29'),
(154, 62, 182, '2023-05-29 14:02:52'),
(155, 31, 181, '2023-05-29 14:03:18'),
(156, 62, 183, '2023-05-29 14:14:41'),
(157, 32, 184, '2023-05-29 14:14:52'),
(158, 60, 185, '2023-06-22 15:12:54'),
(159, 60, 186, '2023-06-23 13:55:43'),
(160, 60, 187, '2023-06-23 16:43:06'),
(161, 60, 188, '2023-06-28 08:12:54'),
(162, 60, 189, '2023-06-28 08:15:26'),
(163, 60, 190, '2023-06-29 09:53:51'),
(164, 32, 191, '2023-06-29 10:12:39'),
(165, 60, 192, '2023-06-29 10:12:56'),
(166, 60, 193, '2023-06-29 10:15:46'),
(167, 60, 194, '2023-06-29 10:22:08'),
(168, 60, 196, '2023-06-29 10:28:40'),
(169, 60, 197, '2023-06-30 08:56:47'),
(170, 60, 198, '2023-06-30 08:58:11'),
(171, 60, 199, '2023-06-30 09:00:13'),
(172, 60, 200, '2023-06-30 09:03:27'),
(173, 60, 201, '2023-06-30 09:05:00'),
(174, 60, 202, '2023-06-30 09:07:25'),
(175, 60, 203, '2023-06-30 09:19:48'),
(176, 60, 204, '2023-06-30 10:15:39'),
(177, 60, 205, '2023-07-04 15:32:07'),
(178, 60, 206, '2023-07-05 09:42:00'),
(179, 60, 207, '2023-07-05 09:43:06'),
(180, 60, 208, '2023-07-05 09:47:24'),
(181, 60, 209, '2023-07-05 09:56:10'),
(182, 60, 210, '2023-07-05 10:02:00'),
(183, 60, 211, '2023-07-05 10:11:51'),
(184, 60, 212, '2023-07-10 08:25:25'),
(185, 60, 213, '2023-07-10 08:25:40'),
(186, 60, 214, '2023-07-10 08:27:12'),
(187, 60, 215, '2023-07-12 10:55:23'),
(188, 32, 195, '2023-07-13 09:28:26'),
(189, 60, 216, '2023-07-13 10:31:13'),
(190, 60, 217, '2023-07-18 12:32:52'),
(191, 60, 218, '2023-07-18 12:37:21'),
(192, 60, 219, '2023-07-19 08:24:11'),
(193, 60, 220, '2023-07-19 08:28:43'),
(194, 60, 221, '2023-07-19 08:31:59'),
(195, 60, 222, '2023-07-19 08:35:28'),
(196, 60, 223, '2023-07-19 08:40:18'),
(197, 60, 224, '2023-07-19 08:47:33'),
(198, 60, 225, '2023-07-20 08:57:34'),
(199, 60, 226, '2023-07-20 09:06:29'),
(200, 60, 227, '2023-07-20 09:11:29'),
(201, 60, 228, '2023-07-20 09:14:57'),
(202, 60, 229, '2023-07-20 09:22:16'),
(203, 60, 230, '2023-07-20 09:29:33'),
(204, 60, 231, '2023-07-20 09:30:39'),
(205, 60, 232, '2023-07-20 09:50:18'),
(206, 60, 233, '2023-07-20 10:11:06'),
(207, 60, 234, '2023-07-20 10:13:38'),
(208, 60, 235, '2023-07-20 11:19:09'),
(209, 60, 236, '2023-07-21 08:17:50'),
(210, 60, 237, '2023-07-27 08:38:40'),
(211, 60, 238, '2023-07-27 08:49:01'),
(212, 60, 239, '2023-07-27 08:55:24'),
(213, 60, 240, '2023-07-28 08:17:42'),
(214, 60, 241, '2023-08-24 11:58:07'),
(215, 60, 242, '2023-08-24 12:13:37'),
(216, 60, 243, '2023-08-25 09:32:37'),
(217, 60, 244, '2023-08-25 09:51:06'),
(218, 60, 245, '2023-08-25 09:58:29'),
(219, 32, 246, '2023-08-25 10:10:47'),
(220, 62, 247, '2023-08-28 13:34:09'),
(221, 60, 248, '2023-08-30 08:11:41'),
(222, 60, 249, '2023-08-31 08:33:06'),
(223, 60, 250, '2023-08-31 08:37:15'),
(224, 60, 251, '2023-08-31 08:40:21'),
(225, 60, 252, '2023-08-31 08:44:38'),
(226, 60, 253, '2023-09-01 08:47:04'),
(227, 60, 254, '2023-09-06 09:23:13'),
(228, 60, 255, '2023-09-07 07:22:32'),
(229, 60, 256, '2023-09-13 09:53:22'),
(230, 60, 257, '2023-09-13 09:54:31'),
(231, 60, 258, '2023-09-13 09:56:04'),
(232, 60, 259, '2023-09-13 10:03:57'),
(233, 60, 260, '2023-09-14 09:27:05'),
(234, 60, 261, '2023-09-15 08:27:20'),
(235, 60, 262, '2023-09-15 08:32:56'),
(236, 58, 160, '2023-09-16 05:24:31'),
(237, 60, 263, '2023-09-19 14:37:25'),
(238, 60, 264, '2023-09-21 10:36:18'),
(239, 60, 265, '2023-09-21 17:58:25'),
(240, 60, 266, '2023-09-21 18:05:09'),
(241, 60, 267, '2023-09-21 18:10:00'),
(242, 60, 268, '2023-09-22 08:22:16'),
(243, 60, 269, '2023-09-22 08:23:04'),
(244, 60, 270, '2023-09-22 21:40:37'),
(245, 60, 271, '2023-09-22 21:45:16'),
(246, 60, 272, '2023-09-22 21:46:43'),
(247, 60, 273, '2023-09-27 10:19:51'),
(248, 60, 274, '2023-09-27 10:58:02'),
(249, 60, 276, '2023-09-28 09:43:47'),
(250, 63, 277, '2023-09-28 10:18:10'),
(254, 66, 282, '2023-09-28 10:31:47'),
(255, 66, 283, '2023-09-28 10:33:47'),
(256, 60, 284, '2023-09-29 08:37:41'),
(257, 60, 285, '2023-10-03 10:45:35'),
(258, 60, 286, '2023-10-04 09:33:27'),
(259, 60, 287, '2023-10-05 09:42:54'),
(260, 60, 288, '2023-10-06 08:06:23'),
(261, 60, 289, '2023-10-11 09:33:54'),
(262, 60, 290, '2023-10-12 08:30:49'),
(263, 60, 291, '2023-10-12 08:41:30'),
(264, 60, 292, '2023-10-13 12:23:54'),
(265, 60, 293, '2023-10-18 09:22:40'),
(266, 60, 294, '2023-10-18 09:29:20'),
(267, 60, 295, '2023-10-19 08:48:55'),
(268, 60, 296, '2023-10-20 16:32:52'),
(269, 63, 278, '2023-10-25 18:32:18'),
(270, 60, 297, '2023-11-01 09:37:46'),
(271, 60, 298, '2023-11-01 09:39:00'),
(272, 60, 299, '2023-11-01 09:44:21'),
(273, 60, 300, '2023-11-02 08:12:57'),
(274, 60, 301, '2023-11-02 08:20:38'),
(275, 60, 302, '2023-11-02 08:28:10'),
(276, 60, 303, '2023-11-03 08:25:18'),
(277, 60, 304, '2023-11-03 08:31:51'),
(278, 60, 305, '2023-11-08 10:25:49'),
(279, 60, 306, '2023-11-09 09:24:33'),
(280, 60, 307, '2023-11-09 09:25:07'),
(281, 60, 308, '2023-11-10 08:16:05'),
(282, 60, 309, '2023-11-14 15:47:33'),
(283, 60, 310, '2023-11-16 13:53:43'),
(284, 60, 311, '2023-11-17 08:55:52'),
(285, 60, 312, '2023-11-17 09:04:30'),
(286, 60, 313, '2023-11-17 18:15:21'),
(287, 60, 314, '2023-11-18 07:59:56'),
(288, 60, 315, '2023-11-20 19:58:17'),
(289, 60, 316, '2023-11-20 20:01:10'),
(290, 60, 317, '2023-11-21 08:57:52'),
(291, 60, 318, '2023-11-21 09:10:29'),
(292, 60, 319, '2023-11-21 10:11:29'),
(293, 60, 320, '2023-11-21 10:45:17'),
(294, 60, 321, '2024-01-10 09:16:56'),
(295, 60, 322, '2024-01-10 09:23:49'),
(296, 60, 323, '2024-01-11 09:10:23'),
(297, 60, 324, '2024-01-11 09:12:38'),
(298, 60, 325, '2024-01-12 08:05:24'),
(299, 60, 326, '2024-01-12 08:11:51'),
(300, 60, 327, '2024-01-17 09:06:16'),
(301, 60, 328, '2024-01-18 08:51:59'),
(302, 60, 329, '2024-01-19 09:01:26'),
(303, 60, 330, '2024-01-24 10:34:49'),
(304, 32, 331, '2024-01-25 09:02:58'),
(305, 60, 332, '2024-01-25 09:03:08'),
(306, 60, 333, '2024-01-26 09:05:10'),
(307, 60, 334, '2024-01-26 09:21:48'),
(308, 60, 335, '2024-01-26 09:52:36'),
(309, 60, 336, '2024-01-26 09:57:36'),
(310, 60, 337, '2024-01-26 10:08:46'),
(311, 60, 338, '2024-01-26 10:17:09'),
(312, 60, 339, '2024-01-26 11:25:14'),
(313, 60, 340, '2024-01-26 13:41:18'),
(314, 60, 341, '2024-01-26 14:40:26'),
(315, 60, 342, '2024-01-31 09:42:57'),
(316, 60, 343, '2024-01-31 09:49:08'),
(317, 60, 344, '2024-01-31 10:03:05'),
(318, 60, 345, '2024-02-01 08:43:09'),
(319, 60, 346, '2024-02-01 08:43:46'),
(320, 60, 347, '2024-02-01 08:55:42'),
(321, 60, 348, '2024-02-01 09:05:29'),
(322, 60, 349, '2024-02-01 09:14:13'),
(323, 60, 350, '2024-02-01 09:25:24'),
(324, 60, 351, '2024-02-01 10:56:47'),
(325, 60, 352, '2024-02-02 09:19:52'),
(326, 60, 353, '2024-02-02 09:24:12'),
(327, 60, 354, '2024-02-07 08:23:33'),
(328, 60, 355, '2024-02-07 08:58:53'),
(329, 60, 356, '2024-02-08 08:37:17'),
(330, 60, 357, '2024-02-09 08:59:39'),
(331, 60, 358, '2024-02-14 08:54:57'),
(332, 60, 359, '2024-02-14 09:06:49'),
(333, 60, 360, '2024-02-15 09:53:36'),
(334, 60, 361, '2024-02-15 09:59:35'),
(335, 60, 362, '2024-02-16 09:15:31'),
(336, 60, 363, '2024-02-21 08:16:51'),
(337, 60, 364, '2024-02-21 09:47:58'),
(338, 60, 365, '2024-02-21 09:49:00'),
(339, 60, 366, '2024-02-21 10:00:27'),
(340, 60, 367, '2024-02-22 09:46:49'),
(341, 60, 368, '2024-02-23 09:25:14'),
(342, 60, 369, '2024-02-27 11:51:45'),
(343, 60, 370, '2024-02-29 12:10:07'),
(344, 60, 371, '2024-03-01 09:00:43'),
(345, 60, 372, '2024-03-01 09:10:16'),
(346, 60, 373, '2024-03-06 08:35:37'),
(347, 60, 374, '2024-03-07 08:17:19'),
(348, 60, 375, '2024-03-08 18:12:55'),
(349, 60, 376, '2024-03-13 09:03:00'),
(350, 60, 377, '2024-03-14 09:59:22'),
(351, 60, 378, '2024-03-15 14:27:26'),
(352, 60, 379, '2024-03-20 08:11:57'),
(353, 60, 380, '2024-03-21 08:14:26'),
(354, 60, 381, '2024-03-22 09:48:34'),
(355, 60, 382, '2024-04-11 09:21:27'),
(356, 60, 383, '2024-04-11 10:01:45'),
(357, 60, 384, '2024-05-02 08:00:08'),
(358, 60, 385, '2024-05-08 08:17:55'),
(359, 60, 386, '2024-05-09 09:31:52'),
(360, 60, 387, '2024-05-10 08:10:52'),
(361, 60, 388, '2024-05-15 08:51:29'),
(362, 60, 389, '2024-05-16 07:47:06'),
(363, 60, 390, '2024-05-17 09:45:53'),
(364, 60, 391, '2024-05-22 08:14:30'),
(365, 60, 392, '2024-05-23 08:00:05'),
(366, 60, 393, '2024-05-23 08:10:58'),
(367, 60, 394, '2024-05-23 08:26:13'),
(368, 60, 395, '2024-05-24 16:38:13'),
(369, 60, 396, '2024-05-29 08:44:17'),
(370, 60, 397, '2024-05-29 08:48:07'),
(371, 60, 398, '2024-05-29 08:58:28'),
(372, 60, 399, '2024-05-31 14:01:17'),
(373, 60, 400, '2024-06-06 08:08:17'),
(374, 60, 401, '2024-06-07 13:13:54'),
(375, 60, 402, '2024-06-18 15:25:26'),
(376, 60, 403, '2024-06-18 15:26:10'),
(377, 60, 404, '2024-06-19 08:33:15'),
(378, 60, 405, '2024-06-24 09:09:23'),
(379, 60, 406, '2024-06-26 07:33:14'),
(380, 60, 407, '2024-06-27 08:08:12'),
(381, 60, 408, '2024-06-27 08:43:04'),
(382, 60, 409, '2024-06-28 12:24:50'),
(383, 60, 410, '2024-07-31 08:09:07'),
(384, 60, 411, '2024-07-31 08:10:31'),
(385, 60, 412, '2024-08-01 08:05:23'),
(386, 60, 413, '2024-08-02 10:43:28'),
(387, 60, 414, '2024-08-02 11:05:46'),
(388, 60, 415, '2024-08-09 20:06:41'),
(389, 60, 416, '2024-08-09 20:19:27'),
(390, 60, 417, '2024-08-12 11:12:15'),
(391, 60, 418, '2024-08-12 13:52:34'),
(392, 60, 419, '2024-08-12 14:00:08'),
(393, 60, 420, '2024-08-12 18:54:39'),
(394, 60, 421, '2024-08-14 08:31:45'),
(395, 60, 422, '2024-08-15 08:20:00'),
(396, 60, 423, '2024-08-15 08:38:00'),
(397, 60, 424, '2024-08-15 08:41:07'),
(398, 60, 425, '2024-08-15 08:48:03'),
(399, 60, 426, '2024-08-15 09:02:27'),
(400, 60, 427, '2024-08-15 09:06:37'),
(401, 60, 428, '2024-08-16 18:03:31'),
(402, 60, 429, '2024-08-16 18:04:57'),
(403, 60, 430, '2024-08-16 19:46:22'),
(404, 60, 431, '2024-09-06 09:24:53'),
(405, 60, 432, '2024-09-17 15:06:54'),
(406, 60, 433, '2024-09-18 07:45:53'),
(407, 60, 434, '2024-09-18 17:14:54'),
(408, 60, 435, '2024-09-19 15:55:42'),
(409, 60, 436, '2024-09-19 16:14:32'),
(410, 60, 437, '2024-09-19 16:47:53'),
(411, 60, 438, '2024-09-19 17:27:20'),
(412, 60, 439, '2024-09-20 08:21:27'),
(413, 60, 440, '2024-09-20 08:30:05'),
(414, 60, 441, '2024-09-24 10:07:40'),
(415, 60, 442, '2024-09-25 07:54:38'),
(416, 60, 443, '2024-09-26 08:00:38'),
(417, 60, 444, '2024-09-26 08:47:06'),
(418, 60, 445, '2024-09-26 15:20:49'),
(419, 60, 446, '2024-09-27 16:57:08'),
(420, 60, 447, '2024-09-27 17:04:01'),
(421, 60, 448, '2024-11-05 12:49:27');

-- --------------------------------------------------------

--
-- Estrutura para tabela `lkcampaignlayout`
--

CREATE TABLE `lkcampaignlayout` (
  `lkCampaignLayoutId` int(11) NOT NULL,
  `campaignId` int(11) NOT NULL,
  `layoutId` int(11) NOT NULL,
  `displayOrder` int(11) NOT NULL
) ENGINE=InnoDB DEFAULT CHARSET=utf8;

--
-- Despejando dados para a tabela `lkcampaignlayout`
--

INSERT INTO `lkcampaignlayout` (`lkCampaignLayoutId`, `campaignId`, `layoutId`, `displayOrder`) VALUES
(53, 1, 41, 2),
(202, 12, 129, 1),
(207, 30, 131, 2),
(293, 31, 181, 2),
(583, 32, 331, 2),
(205, 39, 130, 2),
(109, 40, 76, 1),
(159, 44, 102, 1),
(176, 45, 111, 1),
(241, 46, 151, 2),
(194, 47, 124, 2),
(189, 48, 120, 1),
(190, 49, 121, 1),
(239, 50, 150, 2),
(192, 51, 123, 1),
(199, 52, 127, 2),
(258, 56, 162, 2),
(233, 57, 147, 2),
(254, 58, 160, 2),
(796, 60, 448, 1),
(284, 61, 177, 1),
(477, 62, 247, 1),
(483, 63, 278, 2),
(490, 66, 283, 2);

-- --------------------------------------------------------

--
-- Estrutura para tabela `lkcommanddisplayprofile`
--

CREATE TABLE `lkcommanddisplayprofile` (
  `commandId` int(11) NOT NULL,
  `displayProfileId` int(11) NOT NULL,
  `commandString` varchar(1000) NOT NULL,
  `validationString` varchar(1000) DEFAULT NULL
) ENGINE=InnoDB DEFAULT CHARSET=utf8;

-- --------------------------------------------------------

--
-- Estrutura para tabela `lkdgdg`
--

CREATE TABLE `lkdgdg` (
  `parentId` int(11) NOT NULL,
  `childId` int(11) NOT NULL,
  `depth` int(11) NOT NULL
) ENGINE=InnoDB DEFAULT CHARSET=utf8;

--
-- Despejando dados para a tabela `lkdgdg`
--

INSERT INTO `lkdgdg` (`parentId`, `childId`, `depth`) VALUES
(3, 3, 0),
(6, 6, 0),
(8, 8, 0),
(9, 9, 0),
(10, 10, 0),
(11, 11, 0),
(12, 12, 0),
(13, 13, 0),
(16, 16, 0),
(17, 17, 0),
(18, 18, 0),
(21, 21, 0),
(22, 22, 0);

-- --------------------------------------------------------

--
-- Estrutura para tabela `lkdisplaydg`
--

CREATE TABLE `lkdisplaydg` (
  `LkDisplayDGID` int(11) NOT NULL,
  `displayGroupId` int(11) NOT NULL,
  `displayId` int(11) NOT NULL
) ENGINE=InnoDB DEFAULT CHARSET=utf8;

--
-- Despejando dados para a tabela `lkdisplaydg`
--

INSERT INTO `lkdisplaydg` (`LkDisplayDGID`, `displayGroupId`, `displayId`) VALUES
(15, 3, 5),
(11, 6, 5),
(19, 8, 7),
(26, 9, 7),
(27, 10, 8),
(30, 11, 9),
(34, 12, 8),
(36, 13, 9),
(47, 16, 12),
(48, 17, 12),
(55, 21, 15),
(56, 22, 16);

-- --------------------------------------------------------

--
-- Estrutura para tabela `lklayoutdisplaygroup`
--

CREATE TABLE `lklayoutdisplaygroup` (
  `id` int(11) NOT NULL,
  `displayGroupId` int(11) NOT NULL,
  `layoutId` int(11) NOT NULL
) ENGINE=InnoDB DEFAULT CHARSET=utf8;

-- --------------------------------------------------------

--
-- Estrutura para tabela `lkmediadisplaygroup`
--

CREATE TABLE `lkmediadisplaygroup` (
  `id` int(11) NOT NULL,
  `displayGroupId` int(11) NOT NULL,
  `mediaId` int(11) NOT NULL
) ENGINE=InnoDB DEFAULT CHARSET=utf8;

-- --------------------------------------------------------

--
-- Estrutura para tabela `lknotificationdg`
--

CREATE TABLE `lknotificationdg` (
  `lkNotificationDgId` int(11) NOT NULL,
  `notificationId` int(11) NOT NULL,
  `displayGroupId` int(11) NOT NULL
) ENGINE=InnoDB DEFAULT CHARSET=utf8;

-- --------------------------------------------------------

--
-- Estrutura para tabela `lknotificationgroup`
--

CREATE TABLE `lknotificationgroup` (
  `lkNotificationGroupId` int(11) NOT NULL,
  `notificationId` int(11) NOT NULL,
  `groupId` int(11) NOT NULL
) ENGINE=InnoDB DEFAULT CHARSET=utf8;

--
-- Despejando dados para a tabela `lknotificationgroup`
--

INSERT INTO `lknotificationgroup` (`lkNotificationGroupId`, `notificationId`, `groupId`) VALUES
(261, 131, 3),
(262, 131, 4);

-- --------------------------------------------------------

--
-- Estrutura para tabela `lknotificationuser`
--

CREATE TABLE `lknotificationuser` (
  `lkNotificationUserId` int(11) NOT NULL,
  `notificationId` int(11) NOT NULL,
  `userId` int(11) NOT NULL,
  `read` tinyint(4) NOT NULL,
  `readDt` int(11) NOT NULL,
  `emailDt` int(11) NOT NULL
) ENGINE=InnoDB DEFAULT CHARSET=utf8;

--
-- Despejando dados para a tabela `lknotificationuser`
--

INSERT INTO `lknotificationuser` (`lkNotificationUserId`, `notificationId`, `userId`, `read`, `readDt`, `emailDt`) VALUES
(183, 131, 1, 0, 0, 1732663875);

-- --------------------------------------------------------

--
-- Estrutura para tabela `lkplaylistplaylist`
--

CREATE TABLE `lkplaylistplaylist` (
  `parentId` int(11) NOT NULL,
  `childId` int(11) NOT NULL,
  `depth` int(11) NOT NULL
) ENGINE=InnoDB DEFAULT CHARSET=utf8;

--
-- Despejando dados para a tabela `lkplaylistplaylist`
--

INSERT INTO `lkplaylistplaylist` (`parentId`, `childId`, `depth`) VALUES
(106, 106, 0),
(107, 107, 0),
(226, 226, 0),
(227, 227, 0),
(228, 228, 0),
(313, 313, 0),
(314, 314, 0),
(315, 315, 0),
(338, 338, 0),
(339, 339, 0),
(340, 340, 0),
(360, 360, 0),
(361, 361, 0),
(362, 362, 0),
(363, 363, 0),
(364, 364, 0),
(365, 365, 0),
(369, 369, 0),
(370, 370, 0),
(371, 371, 0),
(372, 372, 0),
(373, 373, 0),
(379, 379, 0),
(382, 382, 0),
(383, 383, 0),
(384, 384, 0),
(385, 385, 0),
(386, 386, 0),
(387, 387, 0),
(426, 426, 0),
(427, 427, 0),
(428, 428, 0),
(433, 433, 0),
(434, 434, 0),
(435, 435, 0),
(436, 436, 0),
(437, 437, 0),
(456, 456, 0),
(459, 459, 0),
(460, 460, 0),
(461, 461, 0),
(487, 487, 0),
(488, 488, 0),
(492, 492, 0),
(493, 493, 0),
(494, 494, 0),
(507, 507, 0),
(570, 570, 0),
(571, 571, 0),
(572, 572, 0),
(605, 605, 0),
(618, 618, 0),
(619, 619, 0),
(620, 620, 0),
(668, 668, 0),
(669, 669, 0),
(786, 507, 1),
(786, 786, 0);

-- --------------------------------------------------------

--
-- Estrutura para tabela `lkscheduledisplaygroup`
--

CREATE TABLE `lkscheduledisplaygroup` (
  `eventId` int(11) NOT NULL,
  `displayGroupId` int(11) NOT NULL
) ENGINE=InnoDB DEFAULT CHARSET=utf8;

--
-- Despejando dados para a tabela `lkscheduledisplaygroup`
--

INSERT INTO `lkscheduledisplaygroup` (`eventId`, `displayGroupId`) VALUES
(3, 3),
(5, 9),
(8, 12),
(7, 13),
(12, 16),
(9, 17),
(11, 17),
(10, 18);

-- --------------------------------------------------------

--
-- Estrutura para tabela `lktagcampaign`
--

CREATE TABLE `lktagcampaign` (
  `lkTagCampaignId` int(11) NOT NULL,
  `tagId` int(11) NOT NULL,
  `campaignId` int(11) NOT NULL,
  `value` text
) ENGINE=InnoDB DEFAULT CHARSET=utf8;

-- --------------------------------------------------------

--
-- Estrutura para tabela `lktagdisplaygroup`
--

CREATE TABLE `lktagdisplaygroup` (
  `lkTagDisplayGroupId` int(11) NOT NULL,
  `tagId` int(11) NOT NULL,
  `displayGroupId` int(11) NOT NULL,
  `value` text
) ENGINE=InnoDB DEFAULT CHARSET=utf8;

-- --------------------------------------------------------

--
-- Estrutura para tabela `lktaglayout`
--

CREATE TABLE `lktaglayout` (
  `lkTagLayoutId` int(11) NOT NULL,
  `tagId` int(11) NOT NULL,
  `layoutId` int(11) NOT NULL,
  `value` text
) ENGINE=InnoDB DEFAULT CHARSET=utf8;

--
-- Despejando dados para a tabela `lktaglayout`
--

INSERT INTO `lktaglayout` (`lkTagLayoutId`, `tagId`, `layoutId`, `value`) VALUES
(1, 4, 41, NULL),
(2, 5, 41, NULL),
(13, 5, 129, NULL),
(31, 5, 131, NULL),
(32, 5, 181, NULL),
(33, 5, 331, NULL),
(41, 5, 130, NULL),
(42, 5, 76, NULL),
(43, 6, 76, NULL),
(50, 5, 102, NULL),
(51, 6, 102, NULL),
(52, 5, 111, NULL),
(53, 1, 111, NULL),
(54, 5, 124, NULL),
(55, 5, 120, NULL),
(56, 5, 121, NULL),
(57, 5, 150, NULL),
(58, 5, 123, NULL),
(59, 5, 127, NULL),
(64, 5, 162, NULL),
(65, 5, 147, NULL),
(66, 5, 448, NULL),
(67, 6, 448, NULL),
(68, 5, 177, NULL),
(69, 6, 177, NULL),
(70, 5, 247, NULL),
(71, 6, 247, NULL),
(74, 5, 283, NULL);

-- --------------------------------------------------------

--
-- Estrutura para tabela `lktagmedia`
--

CREATE TABLE `lktagmedia` (
  `lkTagMediaId` int(11) NOT NULL,
  `tagId` int(11) NOT NULL,
  `mediaId` int(11) NOT NULL,
  `value` text
) ENGINE=InnoDB DEFAULT CHARSET=utf8;

--
-- Despejando dados para a tabela `lktagmedia`
--

INSERT INTO `lktagmedia` (`lkTagMediaId`, `tagId`, `mediaId`, `value`) VALUES
(18, 5, 177, NULL),
(19, 5, 178, NULL),
(20, 5, 179, NULL),
(21, 5, 180, NULL),
(22, 5, 181, NULL),
(23, 5, 182, NULL),
(24, 5, 183, NULL),
(57, 5, 216, NULL),
(58, 5, 217, NULL),
(60, 5, 253, NULL),
(61, 5, 254, NULL),
(62, 5, 255, NULL),
(63, 5, 256, NULL),
(64, 5, 257, NULL),
(65, 5, 258, NULL),
(66, 5, 259, NULL),
(67, 5, 260, NULL),
(68, 5, 261, NULL),
(69, 5, 262, NULL),
(70, 5, 263, NULL),
(71, 5, 264, NULL),
(72, 5, 265, NULL),
(73, 5, 266, NULL),
(74, 5, 267, NULL),
(75, 5, 268, NULL),
(76, 5, 269, NULL),
(77, 5, 270, NULL),
(78, 5, 271, NULL),
(80, 5, 273, NULL),
(81, 5, 274, NULL),
(82, 5, 275, NULL),
(83, 5, 276, NULL),
(84, 5, 277, NULL),
(85, 5, 278, NULL),
(86, 5, 283, NULL),
(87, 5, 284, NULL),
(89, 5, 286, NULL),
(90, 5, 351, NULL),
(91, 5, 352, NULL);

-- --------------------------------------------------------

--
-- Estrutura para tabela `lktagplaylist`
--

CREATE TABLE `lktagplaylist` (
  `lkTagPlaylistId` int(11) NOT NULL,
  `tagId` int(11) NOT NULL,
  `playlistId` int(11) NOT NULL,
  `value` text
) ENGINE=InnoDB DEFAULT CHARSET=utf8;

-- --------------------------------------------------------

--
-- Estrutura para tabela `lkusergroup`
--

CREATE TABLE `lkusergroup` (
  `lkUserGroupID` int(11) NOT NULL,
  `groupId` int(11) NOT NULL,
  `userId` int(11) NOT NULL
) ENGINE=InnoDB DEFAULT CHARSET=utf8;

--
-- Despejando dados para a tabela `lkusergroup`
--

INSERT INTO `lkusergroup` (`lkUserGroupID`, `groupId`, `userId`) VALUES
(7, 1, 4),
(13, 1, 6),
(17, 1, 7),
(22, 1, 8),
(34, 1, 10),
(48, 1, 12),
(1, 3, 1),
(6, 8, 4),
(11, 10, 6),
(14, 11, 7),
(18, 12, 8),
(29, 14, 10),
(42, 16, 12);

-- --------------------------------------------------------

--
-- Estrutura para tabela `lkwidgetaudio`
--

CREATE TABLE `lkwidgetaudio` (
  `widgetId` int(11) NOT NULL,
  `mediaId` int(11) NOT NULL,
  `volume` tinyint(4) NOT NULL,
  `loop` tinyint(4) NOT NULL
) ENGINE=InnoDB DEFAULT CHARSET=utf8;

-- --------------------------------------------------------

--
-- Estrutura para tabela `lkwidgetmedia`
--

CREATE TABLE `lkwidgetmedia` (
  `widgetId` int(11) NOT NULL,
  `mediaId` int(11) NOT NULL
) ENGINE=InnoDB DEFAULT CHARSET=utf8;

--
-- Despejando dados para a tabela `lkwidgetmedia`
--

INSERT INTO `lkwidgetmedia` (`widgetId`, `mediaId`) VALUES
(432, 258),
(513, 258),
(720, 258),
(818, 258),
(927, 258),
(432, 264),
(513, 264),
(720, 264),
(818, 264),
(927, 264),
(808, 266),
(1079, 266),
(808, 267),
(1079, 267),
(808, 270),
(1079, 270),
(808, 276),
(1079, 276),
(808, 277),
(1079, 277),
(809, 281),
(1078, 281),
(233, 282),
(603, 282),
(432, 298),
(513, 298),
(720, 298),
(818, 298),
(927, 298),
(432, 299),
(513, 299),
(720, 299),
(818, 299),
(927, 299),
(432, 300),
(513, 300),
(720, 300),
(818, 300),
(927, 300),
(432, 301),
(513, 301),
(720, 301),
(818, 301),
(927, 301),
(432, 305),
(513, 305),
(720, 305),
(818, 305),
(927, 305),
(432, 306),
(513, 306),
(720, 306),
(818, 306),
(927, 306),
(432, 307),
(513, 307),
(720, 307),
(818, 307),
(927, 307),
(432, 311),
(513, 311),
(720, 311),
(818, 311),
(927, 311),
(432, 314),
(513, 314),
(720, 314),
(818, 314),
(927, 314),
(432, 315),
(513, 315),
(720, 315),
(818, 315),
(927, 315),
(432, 316),
(513, 316),
(720, 316),
(818, 316),
(927, 316),
(432, 317),
(513, 317),
(720, 317),
(818, 317),
(927, 317),
(432, 318),
(513, 318),
(720, 318),
(818, 318),
(927, 318),
(432, 319),
(513, 319),
(720, 319),
(818, 319),
(927, 319),
(432, 320),
(513, 320),
(720, 320),
(818, 320),
(927, 320),
(432, 344),
(513, 344),
(720, 344),
(818, 344),
(927, 344),
(818, 346),
(927, 346),
(818, 347),
(927, 347),
(808, 349),
(818, 349),
(927, 349),
(1079, 349),
(818, 350),
(927, 350),
(570, 351),
(573, 351),
(579, 351),
(595, 362),
(598, 373),
(598, 374),
(598, 375),
(598, 376),
(598, 377),
(598, 378),
(598, 379),
(598, 380),
(598, 381),
(598, 383),
(598, 384),
(598, 385),
(598, 386),
(598, 387),
(598, 388),
(598, 389),
(598, 390),
(598, 392),
(598, 393),
(595, 523),
(595, 524),
(595, 525),
(595, 526),
(595, 527),
(595, 528),
(595, 529),
(595, 530),
(595, 531),
(595, 532),
(595, 533),
(595, 534),
(595, 535),
(595, 536),
(595, 537),
(595, 538),
(595, 539),
(595, 540),
(595, 541),
(874, 946);

-- --------------------------------------------------------

--
-- Estrutura para tabela `log`
--

CREATE TABLE `log` (
  `logId` int(11) NOT NULL,
  `runNo` varchar(10) NOT NULL,
  `logDate` datetime NOT NULL,
  `channel` varchar(20) NOT NULL,
  `type` varchar(254) NOT NULL,
  `page` varchar(50) NOT NULL,
  `function` varchar(50) DEFAULT NULL,
  `message` longtext NOT NULL,
  `userId` int(11) NOT NULL DEFAULT '0',
  `displayId` int(11) DEFAULT NULL
) ENGINE=InnoDB DEFAULT CHARSET=utf8;

-- --------------------------------------------------------

--
-- Estrutura para tabela `media`
--

CREATE TABLE `media` (
  `mediaId` int(11) NOT NULL,
  `name` varchar(100) NOT NULL,
  `type` varchar(15) NOT NULL,
  `duration` int(11) NOT NULL,
  `originalFileName` varchar(254) DEFAULT NULL,
  `storedAs` varchar(254) DEFAULT NULL,
  `md5` varchar(32) DEFAULT NULL,
  `fileSize` bigint(20) DEFAULT NULL,
  `userId` int(11) NOT NULL,
  `retired` tinyint(4) NOT NULL DEFAULT '0',
  `isEdited` tinyint(4) NOT NULL DEFAULT '0',
  `editedMediaId` int(11) DEFAULT NULL,
  `moduleSystemFile` tinyint(4) NOT NULL DEFAULT '0',
  `valid` tinyint(4) NOT NULL DEFAULT '1',
  `expires` int(11) DEFAULT NULL,
  `released` tinyint(4) NOT NULL DEFAULT '1',
  `apiRef` varchar(254) DEFAULT NULL,
  `createdDt` datetime NOT NULL,
  `modifiedDt` datetime NOT NULL,
  `enableStat` varchar(255) DEFAULT NULL
) ENGINE=InnoDB DEFAULT CHARSET=utf8;

--
-- Despejando dados para a tabela `media`
--

INSERT INTO `media` (`mediaId`, `name`, `type`, `duration`, `originalFileName`, `storedAs`, `md5`, `fileSize`, `userId`, `retired`, `isEdited`, `editedMediaId`, `moduleSystemFile`, `valid`, `expires`, `released`, `apiRef`, `createdDt`, `modifiedDt`, `enableStat`) VALUES
(1, 'jquery-1.11.1.min.js', 'module', 0, 'jquery-1.11.1.min.js', 'jquery-1.11.1.min.js', '65f2fbdf7115f7ad129bb22b76d0290a', 99519, 1, 0, 0, 0, 1, 1, 0, 1, NULL, '2020-04-22 10:08:22', '2024-11-26 20:24:51', NULL),
(2, 'moment.js', 'module', 0, 'moment.js', 'moment.js', '83948c466062afcd04a1225b2f3c5f52', 163985, 1, 0, 0, 0, 1, 1, 0, 1, NULL, '2020-04-22 10:08:22', '2024-11-26 20:24:51', NULL),
(3, 'xibo-layout-scaler.js', 'module', 0, 'xibo-layout-scaler.js', 'xibo-layout-scaler.js', '016390ab6de46ea6b013218886ecc016', 7428, 1, 0, 0, 0, 1, 1, 0, 1, NULL, '2020-04-22 10:08:22', '2024-11-26 20:24:51', NULL),
(4, 'xibo-text-render.js', 'module', 0, 'xibo-text-render.js', 'xibo-text-render.js', 'c055f08b4f4207428945d6defd992964', 15884, 1, 0, 0, 0, 1, 1, 0, 1, NULL, '2020-04-22 10:08:22', '2024-11-26 20:24:51', NULL),
(5, 'Chart.min.js', 'module', 0, 'Chart.min.js', 'Chart.min.js', 'e72ee314bf8ea3a1f41b9ad592484575', 163372, 1, 0, 0, 0, 1, 1, 0, 1, NULL, '2020-04-22 10:08:22', '2024-11-26 20:24:51', NULL),
(6, 'jquery-cycle-2.1.6.min.js', 'module', 0, 'jquery-cycle-2.1.6.min.js', 'jquery-cycle-2.1.6.min.js', '8b0544ef97ac2db5ef519daa55dc8059', 32610, 1, 0, 0, 0, 1, 1, 0, 1, NULL, '2020-04-22 10:08:22', '2024-11-26 20:24:51', NULL),
(7, 'flipclock.min.js', 'module', 0, 'flipclock.min.js', 'flipclock.min.js', '6bcde3f02fb5a1742456b5f66a3953f2', 24841, 1, 0, 0, 0, 1, 1, 0, 1, NULL, '2020-04-22 10:08:22', '2024-11-26 20:24:51', NULL),
(8, 'xibo-countdown-render.js', 'module', 0, 'xibo-countdown-render.js', 'xibo-countdown-render.js', '83f46f7a77a5b3560d61c6c2e5575711', 10478, 1, 0, 0, 0, 1, 1, 0, 1, NULL, '2020-04-22 10:08:22', '2024-11-26 20:24:51', NULL),
(9, 'jquery.marquee.min.js', 'module', 0, 'jquery.marquee.min.js', 'jquery.marquee.min.js', 'ac459f9affffb31abd70d86a9ff8708c', 5982, 1, 0, 0, 0, 1, 1, 0, 1, NULL, '2020-04-22 10:08:22', '2024-11-26 20:24:51', NULL),
(10, 'xibo-image-render.js', 'module', 0, 'xibo-image-render.js', 'xibo-image-render.js', '7f54e856006fccf3bab412fb67b81e6f', 6722, 1, 0, 0, 0, 1, 1, 0, 1, NULL, '2020-04-22 10:08:22', '2024-11-26 20:24:51', NULL),
(11, 'xibo-dataset-render.js', 'module', 0, 'xibo-dataset-render.js', 'xibo-dataset-render.js', '996d844ff4f4ed24dc4dc29f1566c2c8', 5421, 1, 0, 0, 0, 1, 1, 0, 1, NULL, '2020-04-22 10:08:22', '2024-11-26 20:24:51', NULL),
(12, 'Aileron Heavy Regular', 'font', 0, 'Aileron-Heavy.otf', '12.otf', '621ba5aaf66e52f3def0cf69807104b9', 30060, 1, 0, 0, NULL, 0, 1, 0, 1, NULL, '2020-04-22 10:08:22', '2020-04-22 10:08:22', NULL),
(13, 'Aileron Regular', 'font', 0, 'Aileron-Regular.otf', '13.otf', 'd321fa78bb7190a8ca7e14213ef63203', 27644, 1, 0, 0, NULL, 0, 1, 0, 1, NULL, '2020-04-22 10:08:22', '2020-04-22 10:08:22', NULL),
(14, 'Dancing Script Regular', 'font', 0, 'DancingScript-Regular.ttf', '14.ttf', '86aadd0451f9e7dafa957e1e61dd2ed7', 116580, 1, 0, 0, NULL, 0, 1, 0, 1, NULL, '2020-04-22 10:08:22', '2020-04-22 10:08:22', NULL),
(15, 'Railway Regular', 'font', 0, 'Railway.ttf', '15.ttf', '58963d3a57da7a70ac36d331416746c5', 45884, 1, 0, 0, NULL, 0, 1, 0, 1, NULL, '2020-04-22 10:08:22', '2020-04-22 10:08:22', NULL),
(16, 'Linear Regular', 'font', 0, 'linear-by-braydon-fuller.otf', '16.otf', 'afb33470c582079834acd8b9f979ce1a', 19684, 1, 0, 0, NULL, 0, 1, 0, 1, NULL, '2020-04-22 10:08:22', '2020-04-22 10:08:22', NULL),
(17, 'pdf.js', 'module', 0, 'pdf.js', 'pdf.js', '7129e0a56036bb6f6241b7efe7ce13cd', 337122, 1, 0, 0, 0, 1, 1, 0, 1, NULL, '2020-04-22 10:08:22', '2024-11-26 20:24:51', NULL),
(18, 'pdf.worker.js', 'module', 0, 'pdf.worker.js', 'pdf.worker.js', '268d716cfb1470b72367ae7d8bb6f16c', 1341193, 1, 0, 0, 0, 1, 1, 0, 1, NULL, '2020-04-22 10:08:22', '2024-11-26 20:24:51', NULL),
(19, 'compatibility.js', 'module', 0, 'compatibility.js', 'compatibility.js', 'b8c72b131933982911969c074f95faec', 21860, 1, 0, 0, 0, 1, 1, 0, 1, NULL, '2020-04-22 10:08:23', '2024-11-26 20:24:51', NULL),
(20, 'xibo-webpage-render.js', 'module', 0, 'xibo-webpage-render.js', 'xibo-webpage-render.js', 'e1c32cb6258b432543e3c5a3c885de9c', 8566, 1, 0, 0, 0, 1, 1, 0, 1, NULL, '2020-04-22 10:08:23', '2024-11-26 20:24:51', NULL),
(21, 'bootstrap.min.css', 'module', 0, 'bootstrap.min.css', 'bootstrap.min.css', 'ec3bb52a00e176a7181d454dffaea219', 121200, 1, 0, 0, 0, 1, 1, 0, 1, NULL, '2020-04-22 10:10:46', '2024-11-26 20:24:51', NULL),
(22, 'WeatherIcons-Regular.otf', 'module', 0, 'WeatherIcons-Regular.otf', 'WeatherIcons-Regular.otf', '145ba08b1886ec06ed80385eb768a050', 40668, 1, 0, 0, 0, 1, 1, 0, 1, NULL, '2020-04-22 10:10:46', '2024-11-26 20:24:51', NULL),
(23, 'animate.css', 'module', 0, 'animate.css', 'animate.css', '07f146141537e04ee282a965d8053198', 72259, 1, 0, 0, 0, 1, 1, 0, 1, NULL, '2020-04-22 10:10:46', '2024-11-26 20:24:51', NULL),
(24, 'font-awesome.min.css', 'module', 0, 'font-awesome.min.css', 'font-awesome.min.css', '04425bbdc6243fc6e54bf8984fe50330', 23739, 1, 0, 0, 0, 1, 1, 0, 1, NULL, '2020-04-22 10:10:46', '2024-11-26 20:24:51', NULL),
(25, 'weather-icons.min.css', 'module', 0, 'weather-icons.min.css', 'weather-icons.min.css', '96dff559d6119c163e149280ef1db88c', 26633, 1, 0, 0, 0, 1, 1, 0, 1, NULL, '2020-04-22 10:10:46', '2024-11-26 20:24:51', NULL),
(26, 'weathericons-regular-webfont.eot', 'module', 0, 'weathericons-regular-webfont.eot', 'weathericons-regular-webfont.eot', '8c0f6fd19bfa5763a0860b5930a66e14', 35151, 1, 0, 0, 0, 1, 1, 0, 1, NULL, '2020-04-22 10:10:46', '2024-11-26 20:24:51', NULL),
(27, 'weathericons-regular-webfont.svg', 'module', 0, 'weathericons-regular-webfont.svg', 'weathericons-regular-webfont.svg', 'fe45297f78b1ab6d8ed9b623d2634530', 127706, 1, 0, 0, 0, 1, 1, 0, 1, NULL, '2020-04-22 10:10:46', '2024-11-26 20:24:51', NULL),
(28, 'weathericons-regular-webfont.ttf', 'module', 0, 'weathericons-regular-webfont.ttf', 'weathericons-regular-webfont.ttf', 'cd287dcbb4564b57692cfed0e2e58345', 67016, 1, 0, 0, 0, 1, 1, 0, 1, NULL, '2020-04-22 10:10:46', '2024-11-26 20:24:51', NULL),
(29, 'weathericons-regular-webfont.woff', 'module', 0, 'weathericons-regular-webfont.woff', 'weathericons-regular-webfont.woff', 'c90a4c420dd010a5e95dedb8927a29e7', 40408, 1, 0, 0, 0, 1, 1, 0, 1, NULL, '2020-04-22 10:10:46', '2024-11-26 20:24:51', NULL),
(30, 'weathericons-regular-webfont.woff2', 'module', 0, 'weathericons-regular-webfont.woff2', 'weathericons-regular-webfont.woff2', '1cd48d78f06d33973d9d761d426e69bf', 44720, 1, 0, 0, 0, 1, 1, 0, 1, NULL, '2020-04-22 10:10:46', '2024-11-26 20:24:51', NULL),
(31, 'wi-cloudy.jpg', 'module', 0, 'wi-cloudy.jpg', 'wi-cloudy.jpg', '1766972e4d03a6c1056b503c41e94430', 379804, 1, 0, 0, 0, 1, 1, 0, 1, NULL, '2020-04-22 10:10:46', '2024-11-26 20:24:51', NULL),
(32, 'wi-day-cloudy.jpg', 'module', 0, 'wi-day-cloudy.jpg', 'wi-day-cloudy.jpg', '49b09eb3738e0a16b488297f2b6ede24', 2628732, 1, 0, 0, 0, 1, 1, 0, 1, NULL, '2020-04-22 10:10:46', '2024-11-26 20:24:51', NULL),
(33, 'wi-day-sunny.jpg', 'module', 0, 'wi-day-sunny.jpg', 'wi-day-sunny.jpg', '503ca21fd5014ddefc2cd5159766af32', 1445897, 1, 0, 0, 0, 1, 1, 0, 1, NULL, '2020-04-22 10:10:47', '2024-11-26 20:24:51', NULL),
(34, 'wi-fog.jpg', 'module', 0, 'wi-fog.jpg', 'wi-fog.jpg', '4168dc58a5eb3aa3826d8eae85088804', 597609, 1, 0, 0, 0, 1, 1, 0, 1, NULL, '2020-04-22 10:10:47', '2024-11-26 20:24:51', NULL),
(35, 'wi-hail.jpg', 'module', 0, 'wi-hail.jpg', 'wi-hail.jpg', '8c4e4024b6242eecdb754344fcfa8b6c', 827270, 1, 0, 0, 0, 1, 1, 0, 1, NULL, '2020-04-22 10:10:48', '2024-11-26 20:24:51', NULL),
(36, 'wi-night-clear.jpg', 'module', 0, 'wi-night-clear.jpg', 'wi-night-clear.jpg', 'ebdb8828051637c91109a329b2138f10', 738913, 1, 0, 0, 0, 1, 1, 0, 1, NULL, '2020-04-22 10:10:48', '2024-11-26 20:24:51', NULL),
(37, 'wi-night-partly-cloudy.jpg', 'module', 0, 'wi-night-partly-cloudy.jpg', 'wi-night-partly-cloudy.jpg', 'd50d13f4bedad3dedd108d4baad60494', 220168, 1, 0, 0, 0, 1, 1, 0, 1, NULL, '2020-04-22 10:10:48', '2024-11-26 20:24:51', NULL),
(38, 'wi-rain.jpg', 'module', 0, 'wi-rain.jpg', 'wi-rain.jpg', '637dfc650fff4976910ea46917734925', 655983, 1, 0, 0, 0, 1, 1, 0, 1, NULL, '2020-04-22 10:10:49', '2024-11-26 20:24:51', NULL),
(39, 'wi-snow.jpg', 'module', 0, 'wi-snow.jpg', 'wi-snow.jpg', '6e3def73254a72ff0b4ff45c7bba7501', 782263, 1, 0, 0, 0, 1, 1, 0, 1, NULL, '2020-04-22 10:10:49', '2024-11-26 20:24:51', NULL),
(40, 'wi-windy.jpg', 'module', 0, 'wi-windy.jpg', 'wi-windy.jpg', 'a4951eb27a8aa834469621674d193f30', 339716, 1, 0, 0, 0, 1, 1, 0, 1, NULL, '2020-04-22 10:10:49', '2024-11-26 20:24:51', NULL),
(41, 'ticker_108aefef83e1780ac8c8ec89d78bc27e', 'module', 0, 'imagens-de-drones-mostram-corpos-sendo-enterrados-em-hart-island-em-nova-york-onde-o-departamento-de-correcoes-esta-lidando-com-mais-enterros-em-geral-em-meio-ao-surto-de-doenca-por-coronavirus-1586554698566_v2_1920x1080.jpg', NULL, NULL, NULL, 1, 0, 0, NULL, 0, 0, NULL, 1, NULL, '2020-04-22 10:11:34', '2020-04-22 10:11:34', NULL),
(42, 'ticker_0388843a4b6c4689dc40c88ca5b429cc', 'module', 0, 'voluntarios-vestidos-pocong-na-indonesia-a-figura-representa-as-almas-dos-mortos-que-ficaram-presas-aos-corpos-e-roupas-1586854543203_1920x1080.jpg', NULL, NULL, NULL, 1, 0, 0, NULL, 0, 0, NULL, 1, NULL, '2020-04-22 10:11:34', '2020-04-22 10:11:34', NULL),
(43, 'ticker_81ade20b4791718a60303b384d6cc74b', 'module', 0, 'mulher-amamentando-bebe-1520954419146_v2_1920x1080.jpg', NULL, NULL, NULL, 1, 0, 0, NULL, 0, 0, NULL, 1, NULL, '2020-04-22 10:11:34', '2020-04-22 10:11:34', NULL),
(44, 'ticker_297e3eac21352a3ca0541f59d5361a58', 'module', 0, 'enfermeira-prepara-leito-de-uti-com-capsula-de-protecao-em-hospital-de-campanha-de-manaus-am-nesta-segunda-feira-1586865772826_1920x1080.jpg', NULL, NULL, NULL, 1, 0, 0, NULL, 0, 0, NULL, 1, NULL, '2020-04-22 10:11:34', '2020-04-22 10:11:34', NULL),
(45, 'ticker_b4b6faa44d15b1a45effc5fff3a7ddd2', 'module', 0, 'autismo-crianca-menino-1522447108767_v2_1920x1080.jpg', NULL, NULL, NULL, 1, 0, 0, NULL, 0, 0, NULL, 1, NULL, '2020-04-22 10:11:34', '2020-04-22 10:11:34', NULL),
(61, 'ticker_108aefef83e1780ac8c8ec89d78bc27e', 'module', 0, 'imagens-de-drones-mostram-corpos-sendo-enterrados-em-hart-island-em-nova-york-onde-o-departamento-de-correcoes-esta-lidando-com-mais-enterros-em-geral-em-meio-ao-surto-de-doenca-por-coronavirus-1586554698566_v2_1920x1080.jpg', NULL, NULL, NULL, 1, 0, 0, NULL, 0, 0, NULL, 1, NULL, '2020-04-22 10:11:45', '2020-04-22 10:11:45', NULL),
(62, 'ticker_0388843a4b6c4689dc40c88ca5b429cc', 'module', 0, 'voluntarios-vestidos-pocong-na-indonesia-a-figura-representa-as-almas-dos-mortos-que-ficaram-presas-aos-corpos-e-roupas-1586854543203_1920x1080.jpg', NULL, NULL, NULL, 1, 0, 0, NULL, 0, 0, NULL, 1, NULL, '2020-04-22 10:11:45', '2020-04-22 10:11:45', NULL),
(63, 'ticker_81ade20b4791718a60303b384d6cc74b', 'module', 0, 'mulher-amamentando-bebe-1520954419146_v2_1920x1080.jpg', NULL, NULL, NULL, 1, 0, 0, NULL, 0, 0, NULL, 1, NULL, '2020-04-22 10:11:45', '2020-04-22 10:11:45', NULL),
(64, 'ticker_297e3eac21352a3ca0541f59d5361a58', 'module', 0, 'enfermeira-prepara-leito-de-uti-com-capsula-de-protecao-em-hospital-de-campanha-de-manaus-am-nesta-segunda-feira-1586865772826_1920x1080.jpg', NULL, NULL, NULL, 1, 0, 0, NULL, 0, 0, NULL, 1, NULL, '2020-04-22 10:11:45', '2020-04-22 10:11:45', NULL),
(65, 'ticker_b4b6faa44d15b1a45effc5fff3a7ddd2', 'module', 0, 'autismo-crianca-menino-1522447108767_v2_1920x1080.jpg', NULL, NULL, NULL, 1, 0, 0, NULL, 0, 0, NULL, 1, NULL, '2020-04-22 10:11:45', '2020-04-22 10:11:45', NULL),
(81, 'ticker_108aefef83e1780ac8c8ec89d78bc27e', 'module', 0, 'imagens-de-drones-mostram-corpos-sendo-enterrados-em-hart-island-em-nova-york-onde-o-departamento-de-correcoes-esta-lidando-com-mais-enterros-em-geral-em-meio-ao-surto-de-doenca-por-coronavirus-1586554698566_v2_1920x1080.jpg', NULL, NULL, NULL, 1, 0, 0, NULL, 0, 0, NULL, 1, NULL, '2020-04-22 10:12:06', '2020-04-22 10:12:06', NULL),
(82, 'ticker_0388843a4b6c4689dc40c88ca5b429cc', 'module', 0, 'voluntarios-vestidos-pocong-na-indonesia-a-figura-representa-as-almas-dos-mortos-que-ficaram-presas-aos-corpos-e-roupas-1586854543203_1920x1080.jpg', NULL, NULL, NULL, 1, 0, 0, NULL, 0, 0, NULL, 1, NULL, '2020-04-22 10:12:06', '2020-04-22 10:12:06', NULL),
(83, 'ticker_81ade20b4791718a60303b384d6cc74b', 'module', 0, 'mulher-amamentando-bebe-1520954419146_v2_1920x1080.jpg', NULL, NULL, NULL, 1, 0, 0, NULL, 0, 0, NULL, 1, NULL, '2020-04-22 10:12:06', '2020-04-22 10:12:06', NULL),
(84, 'ticker_297e3eac21352a3ca0541f59d5361a58', 'module', 0, 'enfermeira-prepara-leito-de-uti-com-capsula-de-protecao-em-hospital-de-campanha-de-manaus-am-nesta-segunda-feira-1586865772826_1920x1080.jpg', NULL, NULL, NULL, 1, 0, 0, NULL, 0, 0, NULL, 1, NULL, '2020-04-22 10:12:06', '2020-04-22 10:12:06', NULL),
(85, 'ticker_b4b6faa44d15b1a45effc5fff3a7ddd2', 'module', 0, 'autismo-crianca-menino-1522447108767_v2_1920x1080.jpg', NULL, NULL, NULL, 1, 0, 0, NULL, 0, 0, NULL, 1, NULL, '2020-04-22 10:12:06', '2020-04-22 10:12:06', NULL),
(86, 'ticker_0268253583917e479c65e74ab1ffcd50', 'module', 0, 'amaranto-1481138362845_v2_1920x1080.jpg', NULL, NULL, NULL, 1, 0, 0, NULL, 0, 0, NULL, 1, NULL, '2020-04-22 10:12:06', '2020-04-22 10:12:06', NULL),
(87, 'ticker_56839c026c8ac7fee8af183025f8a715', 'module', 0, 'mulher-usando-uma-mascara-facial-assina-seu-autografo-no-lendario-john-lennon-wall-em-praga-republica-tcheca-1586213726970_v2_1920x1080.jpg', NULL, NULL, NULL, 1, 0, 0, NULL, 0, 0, NULL, 1, NULL, '2020-04-22 10:12:06', '2020-04-22 10:12:06', NULL),
(88, 'ticker_fd7c0470ed3229e8818e7c9272bafabc', 'module', 0, 'foto-conceitual-do-medicamento-hidroxicloroquina-que-esta-sendo-usado-no-combate-a-covid-19-cloroquina-contra-o-coronavirus-1586703804119_v2_1920x1080.jpg', NULL, NULL, NULL, 1, 0, 0, NULL, 0, 0, NULL, 1, NULL, '2020-04-22 10:12:06', '2020-04-22 10:12:06', NULL),
(89, 'ticker_b94bd69a989a2fd4e15ae0afdfc7473a', 'module', 0, 'medico-cardiologista-dr-roberto-kalil-filho-1586855950281_1920x1080.jpg', NULL, NULL, NULL, 1, 0, 0, NULL, 0, 0, NULL, 1, NULL, '2020-04-22 10:12:06', '2020-04-22 10:12:06', NULL),
(90, 'ticker_1cea7400e2d504cca6dfb1e55e89ca54', 'module', 0, 'bola-com-mascara-futebol-e-coronavirus-1585174024159_v2_1920x1080.jpg', NULL, NULL, NULL, 1, 0, 0, NULL, 0, 0, NULL, 1, NULL, '2020-04-22 10:12:06', '2020-04-22 10:12:06', NULL),
(91, 'ticker_56d6c18798e44c4a273c2ce7da8d4970', 'module', 0, 'residencias-ficam-sem-agua-no-chile-apos-fortes-chuvas-no-sabado-25-1488156500718_1920x1080.jpg', NULL, NULL, NULL, 1, 0, 0, NULL, 0, 0, NULL, 1, NULL, '2020-04-22 10:12:06', '2020-04-22 10:12:06', NULL),
(92, 'ticker_c010f574f606e9f16017d7e764edc5f7', 'module', 0, 'covid-19-aeroporto-de-toquio-oferece-camas-de-papelao-para-quem-aguarda-teste-1586781672022_1920x1080.jpg', NULL, NULL, NULL, 1, 0, 0, NULL, 0, 0, NULL, 1, NULL, '2020-04-22 10:12:06', '2020-04-22 10:12:06', NULL),
(93, 'ticker_e438d6dcff7798ddcc7ca1b1bcf5f6d9', 'module', 0, 'empresas-de-vigilancia-sao-obrigadas-pela-justica-a-disponibilizar-mascaras-a-funcionarios-1586380756759_v2_1920x1080.jpg', NULL, NULL, NULL, 1, 0, 0, NULL, 0, 0, NULL, 1, NULL, '2020-04-22 10:12:06', '2020-04-22 10:12:06', NULL),
(95, 'ticker_b1b777189e5475b92c9c8912622462a8', 'module', 0, 'alcool-gel-1580381803861_1920x1080.jpg', NULL, NULL, NULL, 1, 0, 0, NULL, 0, 0, NULL, 1, NULL, '2020-04-22 10:12:06', '2020-04-22 10:12:06', NULL),
(96, 'ticker_60a8657662922799999485ed0afeeca7', 'module', 0, 'arredores-da-catedral-de-milao-sem-visitantes-no-comeco-de-marco-de-2020-em-meio-ao-surto-do-coronavirus-na-italia-1583789397070_v2_1920x1080.jpg', NULL, NULL, NULL, 1, 0, 0, NULL, 0, 0, NULL, 1, NULL, '2020-04-22 10:12:06', '2020-04-22 10:12:06', NULL),
(177, 'Ligue01.png', 'image', 10, 'Ligue01.png', '177.png', 'b7daa14dec6d5c96a1862cbe98af3ad2', 168477, 1, 0, 0, NULL, 0, 1, 0, 1, NULL, '2020-04-22 10:17:50', '2020-04-22 10:17:50', 'Inherit'),
(178, 'Ligue02.png', 'image', 10, 'Ligue02.png', '178.png', '60e64bc4579397495974b4a09e2c1b3d', 176639, 1, 0, 0, NULL, 0, 1, 0, 1, NULL, '2020-04-22 10:17:50', '2020-04-22 10:17:50', 'Inherit'),
(179, 'Medicos_Lateral.png', 'image', 10, 'Medicos_Lateral.png', '179.png', 'ccb6ebf15617b97fdcefb77c1c6d89e7', 48109, 1, 0, 0, NULL, 0, 1, 0, 1, NULL, '2020-04-22 10:17:50', '2020-04-22 10:17:50', 'Inherit'),
(180, 'Missao lateral.png', 'image', 10, 'Missao lateral.png', '180.png', '3fcab912a3b79085b7ee2d3c2740f2e0', 57103, 1, 0, 0, NULL, 0, 1, 0, 1, NULL, '2020-04-22 10:17:50', '2020-04-22 10:17:50', 'Inherit'),
(181, 'somos uma rede.png', 'image', 10, 'somos uma rede.png', '181.png', '180bbdb120d6096823d042c325471876', 45900, 1, 0, 0, NULL, 0, 1, 0, 1, NULL, '2020-04-22 10:17:50', '2020-04-22 10:17:50', 'Inherit'),
(182, 'Trofeu Lateral.png', 'image', 10, 'Trofeu Lateral.png', '182.png', '0efd4acc89246639728910455fdb6d7e', 214685, 1, 0, 0, NULL, 0, 1, 0, 1, NULL, '2020-04-22 10:17:50', '2020-04-22 10:17:50', 'Inherit'),
(183, 'verdwe.jpeg', 'image', 10, 'verdwe.jpeg', '183.jpeg', 'cc8a8c58219b10ebdfc70b1dabdf6008', 466, 1, 0, 0, NULL, 0, 1, 0, 1, NULL, '2020-04-22 10:17:50', '2020-04-22 10:17:50', 'Inherit'),
(216, 'black.jpg', 'image', 10, 'black.jpg', '216.jpg', '26ecb616d4b3d578f097251d37c3e1bf', 20062, 1, 0, 0, NULL, 0, 1, 0, 1, NULL, '2020-04-22 10:18:16', '2020-04-22 10:18:16', 'Inherit'),
(217, 'inbox.png', 'image', 10, 'inbox.png', '217.png', '1c8c94003d1e1de2e62ae46bf414551a', 16403, 1, 0, 0, NULL, 0, 1, 0, 1, NULL, '2020-04-22 10:18:16', '2020-04-22 10:18:16', 'Inherit'),
(253, 'Coxinha da asa.png', 'image', 10, 'Coxinha da asa.png', '253.png', 'a90f1ef4c839fd64793432f90fff8e3e', 58103, 1, 0, 0, NULL, 0, 1, 0, 1, NULL, '2020-12-17 14:44:28', '2020-12-17 14:44:28', 'Inherit'),
(254, 'coxinha_crop2.png', 'image', 10, 'coxinha_crop2.png', '254.png', 'df5c36fb9dfeb4c0b97f210956625f40', 371502, 1, 0, 0, NULL, 0, 1, 0, 1, NULL, '2020-12-17 14:44:28', '2020-12-17 14:44:28', 'Inherit'),
(255, 'empada_crop.png', 'image', 10, 'empada_crop.png', '255.png', '969b9b8d31eee36485ed5b8f61208daf', 536460, 1, 0, 0, NULL, 0, 1, 0, 1, NULL, '2020-12-17 14:44:28', '2020-12-17 14:44:28', 'Inherit'),
(256, 'hamburguer_crop3.png', 'image', 10, 'hamburguer_crop3.png', '256.png', '8db53fe04beab82842e52077efebaa3d', 716948, 1, 0, 0, NULL, 0, 1, 0, 1, NULL, '2020-12-17 14:44:28', '2020-12-17 14:44:28', 'Inherit'),
(257, 'LOGO SHIMODA.png', 'image', 10, 'LOGO SHIMODA.png', '257.png', '32c813723602c153a1dc313f051a744e', 87054, 1, 0, 0, NULL, 0, 1, 0, 1, NULL, '2020-12-17 14:44:28', '2020-12-17 14:44:28', 'Inherit'),
(258, 'mistoquente_crop.png', 'image', 10, 'mistoquente_crop.png', '258.png', 'de12a3d08e89911e74e2ba975da72f2f', 570812, 1, 0, 0, NULL, 0, 1, 0, 1, NULL, '2020-12-17 14:44:28', '2020-12-17 14:44:28', 'Inherit'),
(259, 'panceta barriga_montagem.png', 'image', 10, 'panceta barriga_montagem.png', '259.png', 'cd6d278d220571f884c8bcaa841ad1e1', 73189, 1, 0, 0, NULL, 0, 1, 0, 1, NULL, '2020-12-17 14:44:28', '2020-12-17 14:44:28', 'Inherit'),
(260, 'losa.jpg', 'image', 10, 'losa.jpg', '260.jpg', '8a381ab30c8a8b07ed905fcee02b0a96', 553314, 1, 0, 0, NULL, 0, 1, 0, 1, NULL, '2020-12-17 14:44:28', '2020-12-17 14:44:28', 'Inherit'),
(261, 'Bramillogo.png', 'image', 10, 'Sem título-1.png', '261.png', '54fdae310fe2b54bce28583544663fbc', 38015, 1, 0, 1, 282, 0, 1, 0, 1, NULL, '2020-12-17 14:45:18', '2020-12-17 16:53:34', 'Inherit'),
(262, 'acougue01.jpg', 'image', 10, 'acougue01.jpg', '262.jpg', 'f6874be0b444770f5ed173891ce8d561', 104680, 1, 0, 0, NULL, 0, 1, 0, 1, NULL, '2020-12-17 14:45:18', '2020-12-17 14:45:18', 'Inherit'),
(263, 'Logomarca.png', 'image', 10, 'Logomarca.png', '263.png', '4ba74a14443df28030f14b04293315d0', 170871, 1, 0, 1, 280, 0, 1, 0, 1, NULL, '2020-12-17 14:45:31', '2020-12-17 16:32:42', 'Inherit'),
(264, 'Manteiga_1024x1024pxManteiga_200g.png', 'image', 10, 'Manteiga_1024x1024pxManteiga_200g.png', '264.png', '0664eb21e13d4e72e39e4f58b62fba22', 935437, 1, 0, 0, NULL, 0, 1, 0, 1, NULL, '2020-12-17 14:45:31', '2020-12-17 14:45:31', 'Inherit'),
(265, 'Tabelado 06.jpg', 'image', 10, 'Tabela - Ofertas.jpg', '265.jpg', 'a2e45ed76f0ba3554ff6f84f7ddb8db7', 594192, 1, 0, 1, 321, 0, 1, 0, 0, NULL, '2020-12-17 14:45:31', '2021-01-06 23:08:55', 'Inherit'),
(266, '002 OFERTA.png', 'image', 10, '002 OFERTA.png', '266.png', '630c7ca6c559861f8dd8a5a104a38973', 46284, 1, 0, 0, NULL, 0, 1, 0, 1, NULL, '2020-12-17 14:47:26', '2020-12-17 14:47:26', 'Inherit'),
(267, 'baden baden chocolate.png', 'image', 10, 'baden baden chocolate.png', '267.png', '9cc63cb26fc3d45b0f113cdef9c8b2bd', 227054, 1, 0, 0, NULL, 0, 1, 0, 1, NULL, '2020-12-17 14:47:26', '2020-12-17 14:47:26', 'Inherit'),
(268, 'baden baden IPA.png', 'image', 10, 'baden baden IPA.png', '268.png', 'b56f28788902dbb74f66c525c7733504', 226736, 1, 0, 0, NULL, 0, 1, 0, 1, NULL, '2020-12-17 14:47:26', '2020-12-17 14:47:26', 'Inherit'),
(269, 'Cerveja-Baden-Baden-Witbier-600ml.png', 'image', 10, 'Cerveja-Baden-Baden-Witbier-600ml.png', '269.png', 'dc8227071f1509c7ad219d2a78bab222', 271412, 1, 0, 0, NULL, 0, 1, 0, 1, NULL, '2020-12-17 14:47:26', '2020-12-17 14:47:26', 'Inherit'),
(270, 'Cerveja-Cacildis-355ml.png', 'image', 10, 'Cerveja-Cacildis-355ml.png', '270.png', '145badd25c61bb25f9ff6502a4abb8b2', 159652, 1, 0, 0, NULL, 0, 1, 0, 1, NULL, '2020-12-17 14:47:26', '2020-12-17 14:47:26', 'Inherit'),
(271, 'Mega da Virada 2020.mp4', 'video', 60, 'Mega da Virada 2020.mp4', '271.mp4', '02a42b5465c3e29e77153fd42e2fa5fd', 35717855, 1, 0, 0, NULL, 0, 1, 0, 1, NULL, '2020-12-17 14:47:26', '2020-12-17 14:47:26', 'Inherit'),
(273, 'PRINCESA 2020 3 42 50.mp4', 'video', 30, 'PRINCESA 2020 3 42 50.mp4', '273.mp4', 'cf4a40884404349f37f9220100e68b1c', 8782803, 1, 0, 0, NULL, 0, 1, 0, 1, NULL, '2020-12-17 14:47:26', '2020-12-17 14:47:26', 'Inherit'),
(274, 'SUPERCOMPRAS LOGO', 'image', 10, 'COMPRAS LOGO HORIZONTAL.png', '274.png', '1bf96b164b03de27d75ca319bed07e2e', 327577, 1, 0, 1, 281, 0, 1, 0, 0, NULL, '2020-12-17 14:47:26', '2020-12-17 16:34:42', 'Inherit'),
(275, 'Victor & Leo - Borboletas (Ao Vivo).mp4', 'video', 365, 'Victor & Leo - Borboletas (Ao Vivo).mp4', '275.mp4', '0bed1b4f95464717ed2e7a3d6b3a9eff', 173137672, 1, 0, 0, NULL, 0, 1, 0, 1, NULL, '2020-12-17 14:47:27', '2020-12-17 14:47:27', 'Inherit'),
(276, 'Vinho-Brasileiro-Pergola-Tinto-Suave-1l.png', 'image', 10, 'Vinho-Brasileiro-Pergola-Tinto-Suave-1l.png', '276.png', 'e66c3a8f34176279ecca20ad72dcede1', 90398, 1, 0, 0, NULL, 0, 1, 0, 1, NULL, '2020-12-17 14:47:27', '2020-12-17 14:47:27', 'Inherit'),
(277, 'whisky red label 1l.png', 'image', 10, 'whisky red label 1l.png', '277.png', '22093e1b791ff3d23df9501b860e3abd', 195446, 1, 0, 0, NULL, 0, 1, 0, 1, NULL, '2020-12-17 14:47:27', '2020-12-17 14:47:27', 'Inherit'),
(278, 'tags de preço 05large.jpg', 'image', 10, 'tags de preço 05large.jpg', '278.jpg', '084af77ee52f35659824bcb60698ad21', 418444, 1, 0, 0, NULL, 0, 1, 0, 1, NULL, '2020-12-17 14:47:27', '2020-12-17 14:47:27', 'Inherit'),
(280, 'Logomarca.png', 'image', 10, 'Untitled-1.png', '280.png', '3a0f4924eeebf153c5ae84d5e4b89ecc', 187028, 1, 0, 0, NULL, 0, 1, 0, 1, NULL, '2020-12-17 16:32:42', '2020-12-17 16:32:42', 'Inherit'),
(281, 'SUPERCOMPRAS LOGO', 'image', 10, 'Untitled-1.png', '281.png', '3a0f4924eeebf153c5ae84d5e4b89ecc', 187028, 1, 0, 0, NULL, 0, 1, 0, 1, NULL, '2020-12-17 16:34:42', '2020-12-17 16:34:42', 'Inherit'),
(282, 'Bramillogo.png', 'image', 10, 'Untitled-4.png', '282.png', '3a0f4924eeebf153c5ae84d5e4b89ecc', 187028, 1, 0, 0, NULL, 0, 1, 0, 1, NULL, '2020-12-17 16:53:34', '2020-12-17 16:53:34', 'Inherit'),
(283, 'import_TABELA AÇOUGUE BOVINOS MASTER_5fdbd73679a7a', 'image', 10, 'Untitled-4.png', '283.png', '3a0f4924eeebf153c5ae84d5e4b89ecc', 187028, 1, 0, 0, NULL, 0, 1, 0, 1, NULL, '2020-12-17 19:09:58', '2020-12-17 19:09:58', 'Inherit'),
(284, 'import_TABELA AÇOUGUE BOVINOS MASTER_5fdbd7367c71a', 'image', 10, 'acougue01.jpg', '284.jpg', 'f6874be0b444770f5ed173891ce8d561', 104680, 1, 0, 0, NULL, 0, 1, 0, 1, NULL, '2020-12-17 19:09:58', '2020-12-17 19:09:58', 'Inherit'),
(286, 'JARDIM-AVES.png', 'image', 10, 'JARDIM-AVES.png', '286.png', 'd2e81693bc6f26d17d5b46f896ef9d76', 311232, 1, 0, 0, NULL, 0, 1, 0, 1, NULL, '2020-12-18 15:39:51', '2020-12-18 15:39:51', 'Inherit'),
(287, 'Copy of Bramillogo.png on 2021-01-06 10:48:09', 'image', 10, '282.png', '287.png', '3a0f4924eeebf153c5ae84d5e4b89ecc', 187028, 1, 0, 0, NULL, 0, 1, 0, 1, NULL, '2021-01-06 10:48:09', '2021-01-06 10:48:09', 'Inherit'),
(288, 'Copy of acougue01.jpg on 2021-01-06 10:48:09', 'image', 10, '262.jpg', '288.jpg', 'f6874be0b444770f5ed173891ce8d561', 104680, 1, 0, 0, NULL, 0, 1, 0, 1, NULL, '2021-01-06 10:48:09', '2021-01-06 10:48:09', 'Inherit'),
(298, 'nescau2.png', 'image', 10, 'nescau2.png', '298.png', 'f82d30a130bfb763ae5ba05ca94e462e', 252945, 1, 0, 0, NULL, 0, 1, 0, 1, NULL, '2021-01-06 20:20:38', '2021-01-06 20:20:38', 'Inherit'),
(299, 'cerveja SKOL-350ML.png', 'image', 10, 'cerveja SKOL-350ML.png', '299.png', '03952272f17d7e966b0cb838b210318b', 453999, 1, 0, 0, NULL, 0, 1, 0, 1, NULL, '2021-01-06 20:21:08', '2021-01-06 20:21:08', 'Inherit'),
(300, 'Cerveja antartica vidro 300ml.png', 'image', 10, 'Cerveja antartica vidro 300ml.png', '300.png', '311713d5f0d5190a4eb819f03fb774f4', 73682, 1, 0, 0, NULL, 0, 1, 0, 1, NULL, '2021-01-06 20:21:29', '2021-01-06 20:21:29', 'Inherit'),
(301, 'arroz polidinho.png', 'image', 10, 'arroz polidinho01.png', '301.png', '672d15de8688da186f44ef36225dc64c', 939062, 1, 0, 0, NULL, 0, 1, 0, 1, NULL, '2021-01-06 20:22:01', '2021-01-06 20:22:01', 'Inherit'),
(305, 'Cerveja-Itaipava-473ml-Lata.png', 'image', 10, 'Cerveja-Itaipava-473ml-Lata.png', '305.png', '4288cec7372a16b3b6e431dd7e8a68e6', 108553, 1, 0, 0, NULL, 0, 1, 0, 1, NULL, '2021-01-06 21:10:12', '2021-01-06 21:10:12', 'Inherit'),
(306, 'Cerveja Bohemia longneck.png', 'image', 10, 'Cerveja Bohemia longneck.png', '306.png', '6dbeb0c45df82f5e61903ea14e28b808', 110806, 1, 0, 0, NULL, 0, 1, 0, 1, NULL, '2021-01-06 21:10:12', '2021-01-06 21:10:12', 'Inherit'),
(307, 'Cerveja brhma latao 473ml.png', 'image', 10, 'Cerveja brhma latao 473ml.png', '307.png', '19a43e4799b874353cb7bcfc1358cd86', 173246, 1, 0, 0, NULL, 0, 1, 0, 1, NULL, '2021-01-06 21:10:12', '2021-01-06 21:10:12', 'Inherit'),
(311, 'Refrig coca cola 2l.png', 'image', 10, 'Refrig coca cola 2l.png', '311.png', '65c45a23c2817c2577065dae934067ac', 329522, 1, 0, 0, NULL, 0, 1, 0, 1, NULL, '2021-01-06 21:10:17', '2021-01-06 21:10:17', 'Inherit'),
(313, 'arroz polidinho01.png', 'image', 10, 'arroz polidinho01.png', '313.png', '672d15de8688da186f44ef36225dc64c', 939062, 1, 0, 0, NULL, 0, 1, 0, 1, NULL, '2021-01-06 21:48:50', '2021-01-06 21:48:50', 'Inherit'),
(314, 'bombom-garoto_1_x200-1.png', 'image', 10, 'bombom-garoto_1_x200-1.png', '314.png', '000b965a5ddcb7460cb73d32581ae07f', 82274, 1, 0, 0, NULL, 0, 1, 0, 1, NULL, '2021-01-06 21:49:43', '2021-01-06 21:49:43', 'Inherit'),
(315, 'Contra file.png', 'image', 10, 'Contra file.png', '315.png', '1cb93e6872e8168186d659181a6ec27c', 181882, 1, 0, 0, NULL, 0, 1, 0, 1, NULL, '2021-01-06 21:50:10', '2021-01-06 21:50:10', 'Inherit'),
(316, 'Cerveja-Imperio-Puro-Malte-473ml-Lata.png', 'image', 10, 'Cerveja-Imperio-Puro-Malte-473ml-Lata.png', '316.png', '582a55d40235f3ea5f74012950dcc6d3', 309626, 1, 0, 0, NULL, 0, 1, 0, 1, NULL, '2021-01-06 21:50:36', '2021-01-06 21:50:36', 'Inherit'),
(317, 'Cerveja-LoKal-473ml-Lata.png', 'image', 10, 'Cerveja-LoKal-473ml-Lata.png', '317.png', '30d2f958713c50e82ce3ad4b89a0f5c4', 163708, 1, 0, 0, NULL, 0, 1, 0, 1, NULL, '2021-01-06 21:51:00', '2021-01-06 21:51:00', 'Inherit'),
(318, 'cerveja stella-artois_550ml.png', 'image', 10, 'cerveja stella-artois_550ml.png', '318.png', '7e9adea1d0a19714d1975da440d47ca2', 185954, 1, 0, 0, NULL, 0, 1, 0, 1, NULL, '2021-01-06 21:55:59', '2021-01-06 21:55:59', 'Inherit'),
(319, 'mac.sta.amalia_500g_sem.espaguete_8.png', 'image', 10, 'mac.sta.amalia_500g_sem.espaguete_8.png', '319.png', '0de6ed4f59b562a5f27bfed7cbb2a387', 178830, 1, 0, 0, NULL, 0, 1, 0, 1, NULL, '2021-01-06 21:56:36', '2021-01-06 21:56:36', 'Inherit'),
(320, 'Sabao em po omo 800gr.png', 'image', 10, 'Omo-Lavagem-Perfeita.png', '320.png', '9823aa41d8b66318aa4f9e0c3901afff', 528393, 1, 0, 0, NULL, 0, 1, 0, 1, NULL, '2021-01-06 22:20:01', '2021-01-06 22:20:01', 'Inherit'),
(321, 'Tabelado 06.jpg', 'image', 10, 'bgtabela 01.jpg', '321.jpg', 'b575d0f2986047680879130ee5b22db3', 823522, 1, 0, 0, NULL, 0, 1, 0, 1, NULL, '2021-01-06 23:08:55', '2021-01-06 23:08:55', 'Inherit'),
(344, 'Margarina-Qualy-Com-Sal-500g.png', 'image', 10, 'Margarina-Qualy-Com-Sal-500g.png', '344.png', '69a056f9aea859ac3261b564a47cc6f0', 390568, 1, 0, 0, NULL, 0, 1, 0, 1, NULL, '2021-01-07 11:18:13', '2021-01-07 11:18:13', 'Inherit'),
(346, 'Italac_imagens_1024x1024px_export_0005s_0001_3D-LEITE-CONDENSADO-395.png', 'image', 10, 'Italac_imagens_1024x1024px_export_0005s_0001_3D-LEITE-CONDENSADO-395.png', '346.png', '8e7830f05f0a2435d4fe7e6d12d0426d', 738395, 1, 0, 0, NULL, 0, 1, 0, 1, NULL, '2021-01-27 22:30:41', '2021-01-27 22:30:41', 'Inherit'),
(347, 'Leite Ibituruna 1l.png', 'image', 10, 'Leite Ibituruna 1l.png', '347.png', '2ddd79dc2af76535a38ee850a1a63bd4', 192734, 1, 0, 0, NULL, 0, 1, 0, 1, NULL, '2021-01-27 22:34:00', '2021-01-27 22:34:00', 'Inherit'),
(349, 'Leite Condensado Moça Semi_405g.png', 'image', 10, 'Leite Condensado Moça Semi_405g.png', '349.png', '1471e62107979390b779b39168285313', 236215, 1, 0, 0, NULL, 0, 1, 0, 1, NULL, '2021-01-27 22:41:35', '2021-01-27 22:41:35', 'Inherit'),
(350, 'Refrigerantes mil.png', 'image', 10, 'Refrigerantes mil3.png', '350.png', 'e23a8440d1b37463b2c1da2c371019a5', 253989, 1, 0, 0, NULL, 0, 1, 0, 1, NULL, '2021-01-27 22:45:37', '2021-01-27 22:45:37', 'Inherit'),
(351, 'logo2.png', 'image', 10, 'logo2.png', '351.png', '42a9304b5fbb51ee5d26eacefd548bfc', 267585, 1, 0, 0, NULL, 0, 1, 0, 1, NULL, '2022-04-05 09:52:41', '2022-04-05 09:52:41', 'Inherit'),
(352, 'Paes salg fundo3.jpg', 'image', 10, 'Paes salg fundo3.jpg', '352.jpg', '68b1beb9d4c2587ec59b0e1416c8d003', 238870, 1, 0, 0, NULL, 0, 1, 0, 1, NULL, '2022-04-05 09:52:41', '2022-04-05 09:52:41', 'Inherit'),
(362, 'ticker_d5350044749f712213899fed85b9a35a', 'module', 0, 'rodrigo-mussi-e-viih-tube-se-beijaram-no-festival-lollapalooza-2022-1648814141678_v2_1920x1080.jpg', 'ticker_d5350044749f712213899fed85b9a35a', 'cdf6a86ee70f7603f3e253ceb3497eaa', 110044, 1, 0, 0, 0, 0, 1, 1650917092, 1, NULL, '2022-04-05 10:36:17', '2022-04-25 13:04:52', NULL),
(373, 'ticker_e1cbff01c9493b5e73dd3540c0b7db63', 'module', 0, 'background.jpg', 'ticker_e1cbff01c9493b5e73dd3540c0b7db63', 'f9d118c0cbfa545dd76f3f723a76f2a7', 356069, 1, 0, 0, 0, 0, 1, 1681228713, 1, NULL, '2022-04-05 10:42:13', '2023-04-10 12:58:33', NULL),
(374, 'ticker_0b67fae46a6922e1d973c206202a6da7', 'module', 0, 'simb_15.png', 'ticker_0b67fae46a6922e1d973c206202a6da7', 'eb7f232530a1c4af62f905348dc523ec', 2637, 1, 0, 0, 0, 0, 1, 1681228713, 1, NULL, '2022-04-05 10:42:13', '2023-04-10 12:58:33', NULL),
(375, 'ticker_c8d80f6a56ca1af8f974e74c1d3307cd', 'module', 0, 'simb_22.png', 'ticker_c8d80f6a56ca1af8f974e74c1d3307cd', '8a32a6eafeca7a43e6c8a9319b1d014d', 3403, 1, 0, 0, 0, 0, 1, 1681228713, 1, NULL, '2022-04-05 10:42:13', '2023-04-10 12:58:33', NULL),
(376, 'ticker_1fccd8976b98dae3265aa3bd0e5fe1c7', 'module', 0, 'simb_29.png', 'ticker_1fccd8976b98dae3265aa3bd0e5fe1c7', '29d07fa97398e64465588031d860559c', 6230, 1, 0, 0, 0, 0, 1, 1681228713, 1, NULL, '2022-04-05 10:42:13', '2023-04-10 12:58:33', NULL),
(377, 'ticker_dfe684a953998136ccc5759c3e3575cf', 'module', 0, 'simb_6.png', 'ticker_dfe684a953998136ccc5759c3e3575cf', '44c53f806ef0f645d8407ef40810f1f9', 5109, 1, 0, 0, 0, 0, 1, 1681228713, 1, NULL, '2022-04-05 10:42:13', '2023-04-10 12:58:33', NULL),
(378, 'ticker_d6bf4f7a2828fd74eee07aceb3055d6f', 'module', 0, 'simb_8.jpe', 'ticker_d6bf4f7a2828fd74eee07aceb3055d6f', '7e0f3fdb861ecf06c02ee9693ac92ca0', 2360, 1, 0, 0, 0, 0, 1, 1681228713, 1, NULL, '2022-04-05 10:42:13', '2023-04-10 12:58:33', NULL),
(379, 'ticker_17d6dc9b41318d7bf50c52eaeb05ed1a', 'module', 0, 'simb_23.png', 'ticker_17d6dc9b41318d7bf50c52eaeb05ed1a', '76b0206e5be1fc9328a1a8b60e634059', 2519, 1, 0, 0, 0, 0, 1, 1681228713, 1, NULL, '2022-04-05 10:42:13', '2023-04-10 12:58:33', NULL),
(380, 'ticker_b2d6aee1c364fc2e86405fbe5220ff42', 'module', 0, 'simb_11.png', 'ticker_b2d6aee1c364fc2e86405fbe5220ff42', '0311f540e67859ef66972e59431221a3', 4629, 1, 0, 0, 0, 0, 1, 1681228713, 1, NULL, '2022-04-05 10:42:13', '2023-04-10 12:58:33', NULL),
(381, 'ticker_e31ca829da7eef93d609619d55b448b4', 'module', 0, 'simb_18.png', 'ticker_e31ca829da7eef93d609619d55b448b4', 'cb3219b7315e0e84dc49f70c80eccfa7', 5217, 1, 0, 0, 0, 0, 1, 1681228713, 1, NULL, '2022-04-05 10:42:13', '2023-04-10 12:58:33', NULL),
(383, 'ticker_91a4badcda46343e9c2bfff7e96fca0e', 'module', 0, 'simb_17.png', 'ticker_91a4badcda46343e9c2bfff7e96fca0e', 'b33673c77105ae737a57b9ba424a3f50', 4631, 1, 0, 0, 0, 0, 1, 1681228713, 1, NULL, '2022-04-05 10:42:13', '2023-04-10 12:58:33', NULL),
(384, 'ticker_8cf97af1cc76007fd57688e73b643648', 'module', 0, 'simb_9.png', 'ticker_8cf97af1cc76007fd57688e73b643648', 'e022012bdfff3005901596e329ef36c4', 6400, 1, 0, 0, 0, 0, 1, 1681228713, 1, NULL, '2022-04-05 10:42:13', '2023-04-10 12:58:33', NULL),
(385, 'ticker_8675702fba11ef578c4292055c367256', 'module', 0, 'simb_7.png', 'ticker_8675702fba11ef578c4292055c367256', 'bc67978e745587cdc2954b0e01f488e8', 3351, 1, 0, 0, 0, 0, 1, 1681228713, 1, NULL, '2022-04-05 10:42:13', '2023-04-10 12:58:33', NULL),
(386, 'ticker_d6d233ac94bdb132634087d04fa39102', 'module', 0, 'simb_24.png', 'ticker_d6d233ac94bdb132634087d04fa39102', '043902a96e0b554bf8de62c2a4ed573c', 4078, 1, 0, 0, 0, 0, 1, 1681228713, 1, NULL, '2022-04-05 10:42:13', '2023-04-10 12:58:33', NULL),
(387, 'ticker_cd902db3e1b69e3daefb2f55e39b12b9', 'module', 0, 'simb_16.png', 'ticker_cd902db3e1b69e3daefb2f55e39b12b9', '4cbbaec2956c47f3e4ee51750c179c40', 4610, 1, 0, 0, 0, 0, 1, 1681228713, 1, NULL, '2022-04-05 10:42:13', '2023-04-10 12:58:33', NULL),
(388, 'ticker_764b16074093b0c12f8bfe40a6b77039', 'module', 0, 'simb_10.png', 'ticker_764b16074093b0c12f8bfe40a6b77039', 'f3913bde9bbf1d109e34b30035678e03', 3673, 1, 0, 0, 0, 0, 1, 1681228713, 1, NULL, '2022-04-05 10:42:13', '2023-04-10 12:58:33', NULL),
(389, 'ticker_d2b051032b0edea1885f7f264730ec9e', 'module', 0, 'simb_43.png', 'ticker_d2b051032b0edea1885f7f264730ec9e', '8a560db63c1877d32a48b425e2c95cef', 3690, 1, 0, 0, 0, 0, 1, 1681228713, 1, NULL, '2022-04-05 10:42:13', '2023-04-10 12:58:33', NULL),
(390, 'ticker_7eeec831e4c6394c8222a3d067b48557', 'module', 0, 'simb_14.png', 'ticker_7eeec831e4c6394c8222a3d067b48557', '9d236109ee12545788504cb98d7b0146', 5170, 1, 0, 0, 0, 0, 1, 1681228713, 1, NULL, '2022-04-05 10:42:13', '2023-04-10 12:58:33', NULL),
(392, 'ticker_a75dc383d5febb8bc7a1d2d4d7df48ea', 'module', 0, 'simb_27.jpe', 'ticker_a75dc383d5febb8bc7a1d2d4d7df48ea', '2175a824eaa2c4bf0b3ce9f96304c618', 1769, 1, 0, 0, 0, 0, 1, 1681228713, 1, NULL, '2022-04-05 10:42:13', '2023-04-10 12:58:33', NULL),
(393, 'ticker_3a0e41e7ad4b2f618be0052075a850f0', 'module', 0, 'simb_39.png', 'ticker_3a0e41e7ad4b2f618be0052075a850f0', 'cab4ff8c387409a7ab80b7620884f7c5', 2702, 1, 0, 0, 0, 0, 1, 1681228713, 1, NULL, '2022-04-05 10:42:13', '2023-04-10 12:58:33', NULL),
(523, 'ticker_ca36d4d4d2a8108b22833aa0550cf6b9', 'module', 0, 'tata-werneck-presta-homenagem-a-paulo-gustavo-no-premio-multishow-1639042756118_v2_1920x1080.jpg', 'ticker_ca36d4d4d2a8108b22833aa0550cf6b9', '7ed939422eea3ab05a17e89aff246d2d', 128435, 1, 0, 0, 0, 0, 1, 1650917092, 1, NULL, '2022-04-23 19:14:15', '2022-04-25 13:04:52', NULL),
(524, 'ticker_d0995b54ed90596efd2c298ef0a6f354', 'module', 0, 'anitta-no-coachella-1650470240455_v2_1920x1080.jpg', 'ticker_d0995b54ed90596efd2c298ef0a6f354', 'a127da64929dffeddbc9fb0a039c9a9e', 236674, 1, 0, 0, 0, 0, 1, 1650917092, 1, NULL, '2022-04-23 19:14:15', '2022-04-25 13:04:52', NULL),
(525, 'ticker_8f091f56f733897452a0aad865cf8331', 'module', 0, 'fiuk-e-a-namorada-thaisa-carvalho-curtem-o-desfile-em-sp-1650757998431_v2_1920x1080.jpg', 'ticker_8f091f56f733897452a0aad865cf8331', '5aabbf81df41c47d6e4348d7220a3724', 187468, 1, 0, 0, 0, 0, 1, 1650917092, 1, NULL, '2022-04-23 22:16:25', '2022-04-25 13:04:52', NULL),
(526, 'ticker_e12393036a2e7e053800a1678baeee4d', 'module', 0, 'bbb-22-eslovenia-e-o-quinta-participante-anunciada-1642412362659_v2_1920x1080.jpg', 'ticker_e12393036a2e7e053800a1678baeee4d', 'e9808f6ea85683bcb39d6967d70cd329', 161420, 1, 0, 0, 0, 0, 1, 1650917092, 1, NULL, '2022-04-24 12:48:36', '2022-04-25 13:04:52', NULL),
(527, 'ticker_31d6d76cb637cf1f8704228ba60f4f65', 'module', 0, 'michelle-obama-abraca-barack-obama-apos-o-discurso-de-despedida-ao-lado-da-filha-malia-1484609754067_1920x1080.jpg', 'ticker_31d6d76cb637cf1f8704228ba60f4f65', '711f0cbf11b58979a9dfc590b3d8f601', 373774, 1, 0, 0, 0, 0, 1, 1650917092, 1, NULL, '2022-04-24 12:48:36', '2022-04-25 13:04:52', NULL),
(528, 'ticker_6fe4d8b7c846084b89d09bff61770511', 'module', 0, 'jove-jesuita-barbosa-e-recebido-por-jose-leoncio-marcos-palmeira-no-pantanal-1650161065920_v2_1920x1080.jpg', 'ticker_6fe4d8b7c846084b89d09bff61770511', '63f05636f73c15a48068a488d8a0b4b7', 197209, 1, 0, 0, 0, 0, 1, 1650917092, 1, NULL, '2022-04-24 12:48:36', '2022-04-25 13:04:52', NULL),
(529, 'ticker_e8eacd28caeed11881246103df6a6dea', 'module', 0, 'rita-cadillac--foto-ricardo-bagao--divulgacao-1618854309804_v2_1920x1080.jpg', 'ticker_e8eacd28caeed11881246103df6a6dea', '9c5acffab46e369d423a84fbb6767ce3', 160565, 1, 0, 0, 0, 0, 1, 1650917092, 1, NULL, '2022-04-24 12:48:36', '2022-04-25 13:04:52', NULL),
(530, 'ticker_a83f81e65b9ee0c07c99d68a608f0ba8', 'module', 0, '23abr2022---sabrina-sato-desfila-pela-vila-isabel-1650788932077_v2_1920x1080.jpg', 'ticker_a83f81e65b9ee0c07c99d68a608f0ba8', '4650a0c00f91d7fa82f21ab2bc3ae25d', 311453, 1, 0, 0, 0, 0, 1, 1650917092, 1, NULL, '2022-04-24 12:48:36', '2022-04-25 13:04:52', NULL),
(531, 'ticker_db05abe2b258b72fad48be53abb4f63f', 'module', 0, 'camilla-de-lucas-faz-desabafo-apos-receber-ameaca-de-morte-reproducao-instagram-1622198319682_v2_1920x1080.jpg', 'ticker_db05abe2b258b72fad48be53abb4f63f', 'b58600b3ae6d62fece219ef4f96b44f4', 160065, 1, 0, 0, 0, 0, 1, 1650917092, 1, NULL, '2022-04-24 16:30:47', '2022-04-25 13:04:52', NULL),
(532, 'ticker_04869bf1a08387f40b76ecf64e440ede', 'module', 0, '23abr2022---academicos-da-grande-rio-e-a-penultima-escola-do-grupo-especial-a-desfilar-na-sapucai-1650785424608_v2_1920x1080.jpg', 'ticker_04869bf1a08387f40b76ecf64e440ede', 'adb15aadae90ba009a9b8764654553c0', 292851, 1, 0, 0, 0, 0, 1, 1650917092, 1, NULL, '2022-04-24 16:30:47', '2022-04-25 13:04:52', NULL),
(533, 'ticker_23f3e7286c34af895afcf60a57c42b04', 'module', 0, 'wesley-safadao-canta-em-no-limite-1623077660348_v2_1920x1080.jpg', 'ticker_23f3e7286c34af895afcf60a57c42b04', '1081b6131169cae28b9b7fb598c9f3d4', 119716, 1, 0, 0, 0, 0, 1, 1650917092, 1, NULL, '2022-04-24 22:35:08', '2022-04-25 13:04:52', NULL),
(534, 'ticker_0cf6de0a4d2f841d50a45aded9591c35', 'module', 0, 'no-otalab-mc-loma-conta-que-foi-procurara-para-fazer-realities-na-tv-1630030752757_v2_1920x1080.jpg', 'ticker_0cf6de0a4d2f841d50a45aded9591c35', 'f4feaae6ad96ee425448518069d61dd5', 91942, 1, 0, 0, 0, 0, 1, 1650917092, 1, NULL, '2022-04-24 22:35:08', '2022-04-25 13:04:52', NULL),
(535, 'ticker_51f6ad3530fa371963f1992347653145', 'module', 0, 'lazaro-ramos-e-tais-araujo-vao-juntos-a-premiacao-da-revista-gq-1512129337244_v2_1920x1080.jpg', 'ticker_51f6ad3530fa371963f1992347653145', '71fba7463eaaaa683ee490ec2920bf15', 187316, 1, 0, 0, 0, 0, 1, 1650917092, 1, NULL, '2022-04-24 22:35:08', '2022-04-25 13:04:52', NULL),
(536, 'ticker_462014a4224b6ee4c9fd08192909de77', 'module', 0, 'sextou-2901-ludmilla-1611842531869_v2_1920x1080.jpg', 'ticker_462014a4224b6ee4c9fd08192909de77', '9a81e73299e4a4e4d9018e3a50f44bed', 211797, 1, 0, 0, 0, 0, 1, 1650917092, 1, NULL, '2022-04-25 10:43:48', '2022-04-25 13:04:52', NULL),
(537, 'ticker_8523c36dc6f56f59c83491ba9bf23c89', 'module', 0, 'iza-e-a-convidada-de-zeca-camargo-no-splash-entrevista-desta-semana-1637777184664_v2_1920x1080.jpg', 'ticker_8523c36dc6f56f59c83491ba9bf23c89', 'a3b05188c45cedbcf5e98724596e5bf3', 89672, 1, 0, 0, NULL, 0, 1, 1650917092, 1, NULL, '2022-04-25 13:04:52', '2022-04-25 13:04:52', NULL),
(538, 'ticker_6885889c6eb7f8955456f3ebc45bdaa1', 'module', 0, 'gabriel-medina-e-a-mae-simone-medina-1623272365109_v2_1920x1080.png', 'ticker_6885889c6eb7f8955456f3ebc45bdaa1', '8c1ab7550b893882b4fd5bd1718beef3', 823741, 1, 0, 0, NULL, 0, 1, 1650917092, 1, NULL, '2022-04-25 13:04:52', '2022-04-25 13:04:52', NULL),
(539, 'ticker_eab264e3708d11a1b6508b2dcd4a8b7a', 'module', 0, 'pantanal-almir-sater-sera-o-chalaneiro-eugenio-no-remake-1645807596064_v2_1920x1080.jpg', 'ticker_eab264e3708d11a1b6508b2dcd4a8b7a', '4723caee349cfb0b67d1ebd364a218d0', 174365, 1, 0, 0, NULL, 0, 1, 1650917092, 1, NULL, '2022-04-25 13:04:52', '2022-04-25 13:04:52', NULL),
(540, 'ticker_3d0ae524ac78348187d3c6666554a61f', 'module', 0, '23abr2022---sabrina-sato-desfila-pela-vila-isabel-1650788946612_v2_1920x1080.jpg', 'ticker_3d0ae524ac78348187d3c6666554a61f', '96f3f44e11ae6e71a1ae9c02fe1811da', 328259, 1, 0, 0, NULL, 0, 1, 1650917092, 1, NULL, '2022-04-25 13:04:52', '2022-04-25 13:04:52', NULL),
(541, 'ticker_ce70b4c4c7f3be76a89e10ac9b8d56d8', 'module', 0, 'nivea-maria-como-mocinha-em-sol-nascente-1481904012266_v2_1920x1080.jpg', 'ticker_ce70b4c4c7f3be76a89e10ac9b8d56d8', '9bd7501191d5221a12fc1f572902c5e2', 262216, 1, 0, 0, NULL, 0, 1, 1650917092, 1, NULL, '2022-04-25 13:04:52', '2022-04-25 13:04:52', NULL),
(542, 'ticker_599e87222e9ff92908755727a0e5ede5', 'module', 0, 'simb_56.png', NULL, NULL, NULL, 1, 0, 0, NULL, 0, 0, NULL, 1, NULL, '2023-04-10 12:58:33', '2023-04-10 12:58:33', NULL),
(543, 'ticker_b358fde884bb6775993d723e3b014dbb', 'module', 0, 'simb_88.png', NULL, NULL, NULL, 1, 0, 0, NULL, 0, 0, NULL, 1, NULL, '2023-04-10 12:58:33', '2023-04-10 12:58:33', NULL),
(557, 'itaupava.jpg', 'image', 10, 'itaupava.jpg', '557.jpg', 'eb7700d81250ea75f41175de6ca1becb', 319141, 12, 0, 1, 572, 0, 1, 0, 1, NULL, '2023-06-23 13:55:33', '2023-06-30 09:06:56', 'Inherit'),
(572, 'itaupava.jpg', 'image', 10, '557.jpg', '572.jpg', '5ae665956d9998ddfcff99e9a651a70a', 4998, 12, 0, 1, 604, 0, 1, 0, 1, NULL, '2023-06-30 09:06:56', '2023-07-20 09:29:10', 'Inherit'),
(604, 'legume', 'image', 10, 'Legumes2007.jpeg', '604.jpeg', 'f054454d20508fd9e7f6843f13e425d0', 321119, 12, 0, 1, 623, 0, 1, 0, 1, NULL, '2023-07-20 09:29:10', '2023-08-25 09:29:31', 'Inherit'),
(623, 'itaipava.', 'image', 10, '7a381b88-e72e-424a-9954-7959cb9271fc.jpg', '623.jpg', 'b71074a14487fede91579d8520a790cf', 318458, 12, 0, 1, 624, 0, 1, 0, 1, NULL, '2023-08-25 09:29:31', '2023-08-25 09:31:30', 'Inherit'),
(624, 'itaipava.', 'image', 10, '24d2da96-7a0e-4002-99b6-846d8607708c.jpg', '624.jpg', '50f3b547f57ffdce7603b258e3f4cb9d', 274738, 12, 0, 1, 625, 0, 1, 0, 1, NULL, '2023-08-25 09:31:30', '2023-08-25 09:31:48', 'Inherit'),
(625, 'itaipava.', 'image', 10, '64a94397-a7c7-481f-b169-230ff0107e5a.jpg', '625.jpg', '2eb86fe41306c2986088c939413ea648', 289624, 12, 0, 1, 626, 0, 1, 0, 1, NULL, '2023-08-25 09:31:48', '2023-08-25 09:32:03', 'Inherit'),
(626, 'itaipava.', 'image', 10, 'c7f8d279-3e25-4b42-a8b1-0f1d2087f33b.jpg', '626.jpg', 'db1c469a64150a586efc9d1d2a0fc257', 297936, 12, 0, 1, 811, 0, 1, 0, 1, NULL, '2023-08-25 09:32:03', '2024-03-08 18:12:38', 'Inherit'),
(662, 'fonts.css', 'module', 0, 'fonts.css', 'fonts.css', '0197e1d038b3a969ba26404f9092422b', 382, 1, 0, 0, NULL, 1, 1, 0, 1, NULL, '2023-09-27 11:00:01', '2023-09-27 11:00:01', NULL),
(665, 'Copy of Tabelado 06.jpg on 2023-09-28 10:22:36', 'image', 10, '321.jpg', '665.jpg', 'b575d0f2986047680879130ee5b22db3', 823522, 1, 0, 0, NULL, 0, 1, 0, 1, NULL, '2023-09-28 10:22:36', '2023-09-28 10:22:36', 'Inherit'),
(771, 'WhatsApp Image 2024-01-26 at 13.32.51.jpeg', 'image', 10, 'WhatsApp Image 2024-01-26 at 13.32.51.jpeg', '771.jpeg', '5e4f2cca2d73fad40b2ca2b6813ee75b', 132910, 6, 0, 0, NULL, 0, 1, 0, 1, NULL, '2024-02-02 09:08:02', '2024-02-02 09:08:02', 'Inherit'),
(797, 'vagas.jpeg', 'image', 10, 'vagas.jpeg', '797.jpeg', 'af4ea3b0a5ee9299ea7b3c6df3f7c24d', 93932, 12, 0, 0, NULL, 0, 1, 0, 1, NULL, '2024-02-23 09:24:05', '2024-02-23 09:24:05', 'Inherit'),
(799, 'WhatsApp Image 2024-02-27 at 11.47.58.jpeg', 'image', 10, 'WhatsApp Image 2024-02-27 at 11.47.58.jpeg', '799.jpeg', '29dc75a3eaf92963e083047fef178226', 122213, 12, 0, 0, NULL, 0, 1, 0, 1, NULL, '2024-02-27 11:50:32', '2024-02-27 11:50:32', 'Inherit'),
(801, 'WhatsApp Image 2024-02-29 at 12.03.43.jpeg', 'image', 10, 'WhatsApp Image 2024-02-29 at 12.03.43.jpeg', '801.jpeg', '7baa0670322a141609c8da7ebc731e19', 135482, 12, 0, 0, NULL, 0, 1, 0, 1, NULL, '2024-02-29 12:08:12', '2024-02-29 12:08:12', 'Inherit'),
(803, 'WhatsApp Image 2024-03-01 at 08.39.58.jpeg', 'image', 10, 'WhatsApp Image 2024-03-01 at 08.39.58.jpeg', '803.jpeg', '4fd5d5ca9036d243a454d6589f0e7d9a', 144848, 12, 0, 0, NULL, 0, 1, 0, 1, NULL, '2024-03-01 08:57:26', '2024-03-01 08:57:26', 'Inherit'),
(806, 'WhatsApp Image 2024-03-06 at 08.31.58.jpeg', 'image', 10, 'WhatsApp Image 2024-03-06 at 08.31.58.jpeg', '806.jpeg', '6319998556274838118f057ae8358427', 238245, 12, 0, 0, NULL, 0, 1, 0, 1, NULL, '2024-03-06 08:34:04', '2024-03-06 08:34:04', 'Inherit'),
(808, 'WhatsApp Image 2024-03-07 at 08.13.42.jpeg', 'image', 10, 'WhatsApp Image 2024-03-07 at 08.13.42.jpeg', '808.jpeg', '529f7890183e6dde95f0688e67341961', 205188, 12, 0, 0, NULL, 0, 1, 0, 1, NULL, '2024-03-07 08:14:36', '2024-03-07 08:14:36', 'Inherit'),
(810, 'WhatsApp Image 2024-03-08 at 18.10.58.jpeg', 'image', 10, 'WhatsApp Image 2024-03-08 at 18.10.58.jpeg', '810.jpeg', '7d225a83fd9989da6b7c2905b1ccc167', 117848, 12, 0, 0, NULL, 0, 1, 0, 1, NULL, '2024-03-08 18:11:53', '2024-03-08 18:11:53', 'Inherit'),
(811, 'itaipava.', 'image', 10, 'WhatsApp Image 2024-03-08 at 18.10.58.jpeg', '811.jpeg', '7d225a83fd9989da6b7c2905b1ccc167', 117848, 12, 0, 1, 946, 0, 1, 0, 1, NULL, '2024-03-08 18:12:38', '2024-09-27 17:03:36', 'Inherit'),
(812, 'WhatsApp Image 2024-03-13 at 09.01.12.jpeg', 'image', 10, 'WhatsApp Image 2024-03-13 at 09.01.12.jpeg', '812.jpeg', '0b1b4a2b807f26f463ae466f70af7af1', 246489, 12, 0, 0, NULL, 0, 1, 0, 1, NULL, '2024-03-13 09:01:41', '2024-03-13 09:01:41', 'Inherit'),
(814, 'WhatsApp Image 2024-03-14 at 09.52.36.jpeg', 'image', 10, 'WhatsApp Image 2024-03-14 at 09.52.36.jpeg', '814.jpeg', '56c763b6a72ee7ffa01d71ab94f5df9b', 152826, 12, 0, 0, NULL, 0, 1, 0, 1, NULL, '2024-03-14 09:55:48', '2024-03-14 09:55:48', 'Inherit'),
(816, 'WhatsApp Image 2024-03-15 at 10.34.10.jpeg', 'image', 10, 'WhatsApp Image 2024-03-15 at 10.34.10.jpeg', '816.jpeg', '29dc75a3eaf92963e083047fef178226', 122213, 12, 0, 0, NULL, 0, 1, 0, 1, NULL, '2024-03-15 14:25:41', '2024-03-15 14:25:41', 'Inherit'),
(818, 'WhatsApp Image 2024-03-20 at 08.06.04.jpeg', 'image', 10, 'WhatsApp Image 2024-03-20 at 08.06.04.jpeg', '818.jpeg', '9e3ea18b66e81fd8e1dcab7bc477b0ad', 179629, 12, 0, 0, NULL, 0, 1, 0, 1, NULL, '2024-03-20 08:10:38', '2024-03-20 08:10:38', 'Inherit'),
(820, 'legume.jpeg', 'image', 10, 'legume.jpeg', '820.jpeg', '9dc63d06b34998f82b741d26d8da153b', 148594, 12, 0, 0, NULL, 0, 1, 0, 1, NULL, '2024-03-21 08:13:31', '2024-03-21 08:13:31', 'Inherit'),
(823, 'promoçao sabao.jpeg', 'image', 10, 'promoçao sabao.jpeg', '823.jpeg', '29dc75a3eaf92963e083047fef178226', 122213, 12, 0, 0, NULL, 0, 1, 0, 1, NULL, '2024-03-22 09:47:28', '2024-03-22 09:47:28', 'Inherit'),
(825, 'WhatsApp Image 2024-04-11 at 09.08.01 (1).jpeg', 'image', 10, 'WhatsApp Image 2024-04-11 at 09.08.01 (1).jpeg', '825.jpeg', '1c4cfee3a57c33b843ff2976b9964fc8', 216392, 12, 0, 0, NULL, 0, 1, 0, 1, NULL, '2024-04-11 09:19:32', '2024-04-11 09:19:32', 'Inherit'),
(828, 'WhatsApp Image 2024-05-02 at 07.57.35.jpeg', 'image', 10, 'WhatsApp Image 2024-05-02 at 07.57.35.jpeg', '828.jpeg', 'e8e7797d315ed7953c1e308275e7fec3', 203395, 12, 0, 0, NULL, 0, 1, 0, 1, NULL, '2024-05-02 07:58:31', '2024-05-02 07:58:31', 'Inherit'),
(830, 'WhatsApp Image 2024-05-08 at 08.11.21.jpeg', 'image', 10, 'WhatsApp Image 2024-05-08 at 08.11.21.jpeg', '830.jpeg', '50a876f306760f1e839e9498dd0b0cf0', 269727, 12, 0, 0, NULL, 0, 1, 0, 1, NULL, '2024-05-08 08:14:50', '2024-05-08 08:14:50', 'Inherit'),
(833, 'WhatsApp Image 2024-05-09 at 09.29.36.jpeg', 'image', 10, 'WhatsApp Image 2024-05-09 at 09.29.36.jpeg', '833.jpeg', '904ac7592de142771ac3aad486135283', 336606, 12, 0, 0, NULL, 0, 1, 0, 1, NULL, '2024-05-09 09:29:54', '2024-05-09 09:29:54', 'Inherit'),
(835, 'WhatsApp Image 2024-05-10 at 08.08.12.jpeg', 'image', 10, 'WhatsApp Image 2024-05-10 at 08.08.12.jpeg', '835.jpeg', '904a8d5b84df46ff2878a2af0f0d87c9', 217076, 12, 0, 0, NULL, 0, 1, 0, 1, NULL, '2024-05-10 08:08:37', '2024-05-10 08:08:37', 'Inherit'),
(837, 'WhatsApp Image 2024-05-15 at 08.48.22.jpeg', 'image', 10, 'WhatsApp Image 2024-05-15 at 08.48.22.jpeg', '837.jpeg', 'b168bf0da55ede1d8fc5bad1443ff8cd', 247628, 12, 0, 0, NULL, 0, 1, 0, 1, NULL, '2024-05-15 08:50:02', '2024-05-15 08:50:02', 'Inherit'),
(840, 'WhatsApp Image 2024-05-16 at 07.43.28.jpeg', 'image', 10, 'WhatsApp Image 2024-05-16 at 07.43.28.jpeg', '840.jpeg', 'd3b828d7141222d5874ab500ccf3e261', 203311, 12, 0, 0, NULL, 0, 1, 0, 1, NULL, '2024-05-16 07:45:13', '2024-05-16 07:45:13', 'Inherit'),
(843, 'WhatsApp Image 2024-05-17 at 09.42.21.jpeg', 'image', 10, 'WhatsApp Image 2024-05-17 at 09.42.21.jpeg', '843.jpeg', 'cdcbd0bc0f4cef8fbe8e86a2f49e6950', 149233, 12, 0, 0, NULL, 0, 1, 0, 1, NULL, '2024-05-17 09:43:26', '2024-05-17 09:43:26', 'Inherit'),
(845, 'WhatsApp Image 2024-05-22 at 08.00.51.jpeg', 'image', 10, 'WhatsApp Image 2024-05-22 at 08.00.51.jpeg', '845.jpeg', '2214acbd11ce835d8ba02d3b3b2f5f5b', 233037, 12, 0, 0, NULL, 0, 1, 0, 1, NULL, '2024-05-22 08:12:02', '2024-05-22 08:12:02', 'Inherit'),
(850, 'WhatsApp Image 2024-05-23 at 07.55.09.jpeg', 'image', 10, 'WhatsApp Image 2024-05-23 at 07.55.09.jpeg', '850.jpeg', '4f9803099db097f85d44e4ea613a32d9', 214645, 12, 0, 0, NULL, 0, 1, 0, 1, NULL, '2024-05-23 08:23:43', '2024-05-23 08:23:43', 'Inherit');
INSERT INTO `media` (`mediaId`, `name`, `type`, `duration`, `originalFileName`, `storedAs`, `md5`, `fileSize`, `userId`, `retired`, `isEdited`, `editedMediaId`, `moduleSystemFile`, `valid`, `expires`, `released`, `apiRef`, `createdDt`, `modifiedDt`, `enableStat`) VALUES
(852, 'WhatsApp Image 2024-05-17 at 09.42.21 (1).jpeg', 'image', 10, 'WhatsApp Image 2024-05-17 at 09.42.21 (1).jpeg', '852.jpeg', 'cdcbd0bc0f4cef8fbe8e86a2f49e6950', 149233, 12, 0, 0, NULL, 0, 1, 0, 1, NULL, '2024-05-24 16:35:44', '2024-05-24 16:35:44', 'Inherit'),
(857, 'WhatsApp Image 2024-05-29 at 08.42.18.jpeg', 'image', 10, 'WhatsApp Image 2024-05-29 at 08.42.18.jpeg', '857.jpeg', 'fb260387e4c9a11feaefb6d0a0f7c590', 221996, 12, 0, 0, NULL, 0, 1, 0, 1, NULL, '2024-05-29 08:56:37', '2024-05-29 08:56:37', 'Inherit'),
(859, 'WhatsApp Image 2024-05-17 at 09.42.21 (2).jpeg', 'image', 10, 'WhatsApp Image 2024-05-17 at 09.42.21 (2).jpeg', '859.jpeg', 'cdcbd0bc0f4cef8fbe8e86a2f49e6950', 149233, 12, 0, 0, NULL, 0, 1, 0, 1, NULL, '2024-05-31 13:57:34', '2024-05-31 13:57:34', 'Inherit'),
(861, 'WhatsApp Image 2024-06-06 at 08.06.21.jpeg', 'image', 10, 'WhatsApp Image 2024-06-06 at 08.06.21.jpeg', '861.jpeg', 'eba7949d7e894ca01cf059388bb109f9', 211059, 12, 0, 0, NULL, 0, 1, 0, 1, NULL, '2024-06-06 08:07:08', '2024-06-06 08:07:08', 'Inherit'),
(863, 'WhatsApp Image 2024-05-17 at 09.42.21 (3).jpeg', 'image', 10, 'WhatsApp Image 2024-05-17 at 09.42.21 (3).jpeg', '863.jpeg', 'cdcbd0bc0f4cef8fbe8e86a2f49e6950', 149233, 12, 0, 0, NULL, 0, 1, 0, 1, NULL, '2024-06-07 13:04:25', '2024-06-07 13:04:25', 'Inherit'),
(865, 'WhatsApp Image 2024-06-18 at 15.23.16.jpeg', 'image', 10, 'WhatsApp Image 2024-06-18 at 15.23.16.jpeg', '865.jpeg', 'c4d7cd53a93552962147c66154677e54', 111098, 12, 0, 0, NULL, 0, 1, 0, 1, NULL, '2024-06-18 15:24:01', '2024-06-18 15:24:01', 'Inherit'),
(868, 'WhatsApp Image 2024-06-19 at 08.20.55.jpeg', 'image', 10, 'WhatsApp Image 2024-06-19 at 08.20.55.jpeg', '868.jpeg', '4eb3a47cba4d54c3847aab50dda07db3', 231763, 12, 0, 0, NULL, 0, 1, 0, 1, NULL, '2024-06-19 08:21:38', '2024-06-19 08:21:38', 'Inherit'),
(870, 'WhatsApp Image 2024-06-18 at 15.23.16 (1).jpeg', 'image', 10, 'WhatsApp Image 2024-06-18 at 15.23.16 (1).jpeg', '870.jpeg', 'c4d7cd53a93552962147c66154677e54', 111098, 12, 0, 0, NULL, 0, 1, 0, 1, NULL, '2024-06-24 09:07:24', '2024-06-24 09:07:24', 'Inherit'),
(873, 'WhatsApp Image 2024-06-26 at 07.30.54.jpeg', 'image', 10, 'WhatsApp Image 2024-06-26 at 07.30.54.jpeg', '873.jpeg', 'fb5b38ae80a2391c5c64527938ad95e9', 236349, 12, 0, 0, NULL, 0, 1, 0, 1, NULL, '2024-06-26 07:32:17', '2024-06-26 07:32:17', 'Inherit'),
(875, 'WhatsApp Image 2024-06-27 at 08.05.49.jpeg', 'image', 10, 'WhatsApp Image 2024-06-27 at 08.05.49.jpeg', '875.jpeg', '565cc86109bb149f3bd9fcdf3e5ebf95', 185998, 12, 0, 0, NULL, 0, 1, 0, 1, NULL, '2024-06-27 08:06:59', '2024-06-27 08:06:59', 'Inherit'),
(880, 'WhatsApp Image 2024-06-28 at 12.20.23.jpeg', 'image', 10, 'WhatsApp Image 2024-06-28 at 12.20.23.jpeg', '880.jpeg', '73fa41a768830e7fd593636458df97ed', 172344, 12, 0, 0, NULL, 0, 1, 0, 1, NULL, '2024-06-28 12:22:00', '2024-06-28 12:22:00', 'Inherit'),
(882, 'WhatsApp Image 2024-07-31 at 08.03.09.jpeg', 'image', 10, 'WhatsApp Image 2024-07-31 at 08.03.09.jpeg', '882.jpeg', '45c47d7d7a02e38c808b44764907f272', 264538, 12, 0, 0, NULL, 0, 1, 0, 1, NULL, '2024-07-31 08:07:27', '2024-07-31 08:07:27', 'Inherit'),
(885, 'WhatsApp Image 2024-08-01 at 08.04.06.jpeg', 'image', 10, 'WhatsApp Image 2024-08-01 at 08.04.06.jpeg', '885.jpeg', 'bc074b0d4c0a023073db8cb9f64e4bea', 233899, 12, 0, 0, NULL, 0, 1, 0, 1, NULL, '2024-08-01 08:04:23', '2024-08-01 08:04:23', 'Inherit'),
(887, 'WhatsApp Image 2024-08-02 at 10.36.18.jpeg', 'image', 10, 'WhatsApp Image 2024-08-02 at 10.36.18.jpeg', '887.jpeg', 'c4d7cd53a93552962147c66154677e54', 111098, 12, 0, 0, NULL, 0, 1, 0, 1, NULL, '2024-08-02 10:40:01', '2024-08-02 10:40:01', 'Inherit'),
(890, 'WhatsApp Image 2024-08-09 at 20.01.24.jpeg', 'image', 10, 'WhatsApp Image 2024-08-09 at 20.01.24.jpeg', '890.jpeg', '372ab26953ffa2ae133608a92cff1376', 190236, 12, 0, 0, NULL, 0, 1, 0, 1, NULL, '2024-08-09 20:02:48', '2024-08-09 20:02:48', 'Inherit'),
(898, 'WhatsApp Image 2024-08-12 at 10.24.12.jpeg', 'image', 10, 'WhatsApp Image 2024-08-12 at 10.24.12.jpeg', '898.jpeg', 'c4d7cd53a93552962147c66154677e54', 111098, 12, 0, 0, NULL, 0, 1, 0, 1, NULL, '2024-08-12 18:52:24', '2024-08-12 18:52:24', 'Inherit'),
(900, 'WhatsApp Image 2024-08-14 at 07.57.13.jpeg', 'image', 10, 'WhatsApp Image 2024-08-14 at 07.57.13.jpeg', '900.jpeg', '6e96a8d3e6bbff9e8d72d5ac0e4fd66b', 189337, 12, 0, 0, NULL, 0, 1, 0, 1, NULL, '2024-08-14 07:57:46', '2024-08-14 07:57:46', 'Inherit'),
(905, 'WhatsApp Image 2024-08-15 at 08.13.23.jpeg', 'image', 10, 'WhatsApp Image 2024-08-15 at 08.13.23.jpeg', '905.jpeg', 'c5027af713902b84f9ebb90b58ac450f', 197617, 12, 0, 0, NULL, 0, 1, 0, 1, NULL, '2024-08-15 08:39:48', '2024-08-15 08:39:48', 'Inherit'),
(914, 'WhatsApp Image 2024-08-16 at 18.01.45.jpeg', 'image', 10, 'WhatsApp Image 2024-08-16 at 18.01.45.jpeg', '914.jpeg', 'c4d7cd53a93552962147c66154677e54', 111098, 12, 0, 0, NULL, 0, 1, 0, 1, NULL, '2024-08-16 19:43:55', '2024-08-16 19:43:55', 'Inherit'),
(918, 'WhatsApp Image 2024-09-05 at 15.19.23.jpeg', 'image', 10, 'WhatsApp Image 2024-09-05 at 15.19.23.jpeg', '918.jpeg', '63066683ea847122320f5c18b1d584af', 170513, 12, 0, 0, NULL, 0, 1, 0, 1, NULL, '2024-09-06 09:19:23', '2024-09-06 09:19:23', 'Inherit'),
(919, 'WhatsApp Image 2024-09-06 at 09.20.48.jpeg', 'image', 10, 'WhatsApp Image 2024-09-06 at 09.20.48.jpeg', '919.jpeg', 'cab1e21bc815473e7515f7d52fc67dd0', 156110, 12, 0, 0, NULL, 0, 1, 0, 1, NULL, '2024-09-06 09:21:36', '2024-09-06 09:21:36', 'Inherit'),
(920, 'WhatsApp Image 2024-09-06 at 09.22.21.jpeg', 'image', 10, 'WhatsApp Image 2024-09-06 at 09.22.21.jpeg', '920.jpeg', '9d344114bd1fdd0c883f36e491ef0fee', 151555, 12, 0, 0, NULL, 0, 1, 0, 1, NULL, '2024-09-06 09:22:46', '2024-09-06 09:22:46', 'Inherit'),
(922, 'WhatsApp Image 2024-08-16 at 18.01.45 (1).jpeg', 'image', 10, 'WhatsApp Image 2024-08-16 at 18.01.45 (1).jpeg', '922.jpeg', 'c4d7cd53a93552962147c66154677e54', 111098, 12, 0, 0, NULL, 0, 1, 0, 1, NULL, '2024-09-17 15:04:15', '2024-09-17 15:04:15', 'Inherit'),
(924, 'WhatsApp Image 2024-09-18 at 07.42.38.jpeg', 'image', 10, 'WhatsApp Image 2024-09-18 at 07.42.38.jpeg', '924.jpeg', 'e8c8424d8f6ae641d039f8493b540918', 208728, 12, 0, 0, NULL, 0, 1, 0, 1, NULL, '2024-09-18 07:44:03', '2024-09-18 07:44:03', 'Inherit'),
(931, 'WhatsApp Image 2024-09-18 at 15.41.37.jpeg', 'image', 10, 'WhatsApp Image 2024-09-18 at 15.41.37.jpeg', '931.jpeg', '04bff424a81da3a314d3e8e259762a8e', 155264, 12, 0, 0, NULL, 0, 1, 0, 1, NULL, '2024-09-19 16:46:16', '2024-09-19 16:46:16', 'Inherit'),
(936, 'WhatsApp Image 2024-09-24 at 10.05.13.jpeg', 'image', 10, 'WhatsApp Image 2024-09-24 at 10.05.13.jpeg', '936.jpeg', '812cfbfe9a6e74942971983e73fb70b3', 234939, 12, 0, 0, NULL, 0, 1, 0, 1, NULL, '2024-09-24 10:05:45', '2024-09-24 10:05:45', 'Inherit'),
(938, 'WhatsApp Image 2024-09-25 at 07.52.56.jpeg', 'image', 10, 'WhatsApp Image 2024-09-25 at 07.52.56.jpeg', '938.jpeg', '3eeb796c95c87403e1da101d12be0ca5', 194060, 12, 0, 0, NULL, 0, 1, 0, 1, NULL, '2024-09-25 07:53:26', '2024-09-25 07:53:26', 'Inherit'),
(940, 'WhatsApp Image 2024-09-26 at 07.58.03.jpeg', 'image', 10, 'WhatsApp Image 2024-09-26 at 07.58.03.jpeg', '940.jpeg', '415feb862f46754447367aa3959eb69a', 220104, 12, 0, 0, NULL, 0, 1, 0, 1, NULL, '2024-09-26 07:58:45', '2024-09-26 07:58:45', 'Inherit'),
(944, 'WhatsApp Image 2024-09-27 at 16.55.38.jpeg', 'image', 10, 'WhatsApp Image 2024-09-27 at 16.55.38.jpeg', '944.jpeg', '8cffdf0d656ba285a25966f0da7f8c74', 111206, 12, 0, 0, NULL, 0, 1, 0, 1, NULL, '2024-09-27 16:55:50', '2024-09-27 16:55:50', 'Inherit'),
(946, 'itaipava.', 'image', 10, 'WhatsApp Image 2024-09-27 at 16.55.38.jpeg', '946.jpeg', '8cffdf0d656ba285a25966f0da7f8c74', 111206, 12, 0, 0, NULL, 0, 1, 0, 1, NULL, '2024-09-27 17:03:36', '2024-09-27 17:03:36', 'Inherit'),
(947, 'WhatsApp Image 2024-11-14 at 08.22.07.jpeg', 'image', 10, 'WhatsApp Image 2024-11-14 at 08.22.07.jpeg', '947.jpeg', '14fe8a1ba1cb6922e78a0e3c93042233', 168526, 12, 0, 0, NULL, 0, 1, 0, 1, NULL, '2024-11-14 08:27:51', '2024-11-14 08:27:51', 'Inherit');

-- --------------------------------------------------------

--
-- Estrutura para tabela `module`
--

